000
CXUS56 KLOX 011155
CF6SMX
PRELIMINARY LOCAL CLIMATOLOGICAL DATA (WS FORM: F-6)
STATION: SANTA MARIA AIRPORT CA
MONTH: OCTOBER
YEAR: 2023
LATITUDE: 34 54 N
LONGITUDE: 120 27 W
TEMPERATURE IN F: :PCPN: SNOW: WIND :SUNSHINE: SKY :PK WND
================================================================================
1 2 3 4 5 6A 6B 7 8 9 10 11 12 13 14 15 16 17 18
12Z AVG MX 2MIN
DY MAX MIN AVG DEP HDD CDD WTR SNW DPTH SPD SPD DIR MIN PSBL S-S WX SPD DR
================================================================================
1 70 49 60 -4 5 0 T M M 5.2 18 300 M M 6 1 20 300
2 69 50 60 -4 5 0 0.00 M M 5.9 21 310 M M 2 1 24 320
3 80 49 65 1 0 0 0.00 M M 4.9 20 300 M M 0 18 24 300
4 82 48 65 2 0 0 0.00 M M 3.6 12 320 M M 0 1 15 330
5 96 52 74 11 0 9 0.00 M M 4.5 17 310 M M 0 20 310
6 101 56 79 16 0 14 0.00 M M 4.2 14 320 M M 0 8 18 310
7 89 57 73 10 0 8 0.00 M M 3.8 13 320 M M 0 18 17 250
8 75 55 65 2 0 0 0.00 M M 4.1 14 320 M M 6 12 18 310
9 69 54 62 -1 3 0 0.00 M M 5.3 16 280 M M 7 1 19 280
10 70 53 62 -1 3 0 T M M 9.1 28 290 M M 4 18 34 300
11 73 50 62 -1 3 0 0.00 M M 11.9 31 290 M M 2 18 35 290
12 82 49 66 3 0 1 0.00 M M 8.0 25 300 M M 0 30 300
13 79 46 63 0 2 0 0.00 M M 4.8 21 310 M M 0 128 24 320
14 76 50 63 1 2 0 0.00 M M 3.7 15 290 M M 4 12 17 290
15 78 47 63 1 2 0 0.00 M M 3.6 14 310 M M 1 12 19 310
16 72 51 62 0 3 0 0.00 M M 4.2 16 290 M M 4 128 20 280
17 82 49 66 4 0 1 T M M 7.3 22 300 M M 1 12 26 310
18 79 47 63 1 2 0 0.00 M M 2.6 10 310 M M 1 128 14 290
19 74 52 63 1 2 0 0.00 M M 3.5 9 290 M M 5 128 12 300
20 70 53 62 0 3 0 0.00 M M 3.3 13 310 M M 5 128 16 280
21 70 49 60 -2 5 0 0.00 M M 6.7 23 290 M M 3 12 28 300
22 73 47 60 -2 5 0 T M M 7.6 22 280 M M 6 1 27 290
23 72 55 64 2 1 0 0.00 M M 8.5 24 290 M M 5 18 28 290
24 69 54 62 1 3 0 0.00 M M 5.3 16 300 M M 8 128 20 290
25 68 50 59 -2 6 0 0.00 M M 5.1 12 290 M M 7 1 M M
26 71 45 58 -3 7 0 0.00 M M 7.4 26 300 M M 0 18 32 300
27 69 40 55 -6 10 0 0.00 M M 7.5 25 300 M M 0 31 290
28 65 42 54 -7 11 0 0.00 M M 8.3 24 300 M M 0 29 300
29 76 39 58 -3 7 0 0.00 M M 5.4 15 330 M M 0 8 19 330
30 78 35 57 -3 8 0 0.00 M M 4.6 14 320 M M 0 16 320
31 81 38 60 0 5 0 0.00 M M 4.6 12 290 M M 0 23 290
================================================================================
SM 2358 1511 103 33 T M 174.5 M 77
================================================================================
AV 76.1 48.7 5.6 FASTST M M 2 MAX(MPH)
MISC ----> 31 290 35 290
================================================================================
NOTES:
# LAST OF SEVERAL OCCURRENCES
COLUMN 17 PEAK WIND IN M.P.H.
PRELIMINARY LOCAL CLIMATOLOGICAL DATA (WS FORM: F-6) , PAGE 2
STATION: SANTA MARIA AIRPORT CA
MONTH: OCTOBER
YEAR: 2023
LATITUDE: 34 54 N
LONGITUDE: 120 27 W
[TEMPERATURE DATA] [PRECIPITATION DATA] SYMBOLS USED IN COLUMN 16
AVERAGE MONTHLY: 62.4 TOTAL FOR MONTH: T 1 = FOG OR MIST
DPTR FM NORMAL: 0.2 DPTR FM NORMAL: -0.54 2 = FOG REDUCING VISIBILITY
HIGHEST: 101 ON 6 GRTST 24HR T ON 30- 1 TO 1/4 MILE OR LESS
LOWEST: 35 ON 30 3 = THUNDER
SNOW, ICE PELLETS, HAIL 4 = ICE PELLETS
TOTAL MONTH: M 5 = HAIL
GRTST 24HR M ON M 6 = FREEZING RAIN OR DRIZZLE
GRTST DEPTH: M ON M 7 = DUSTSTORM OR SANDSTORM:
VSBY 1/2 MILE OR LESS
8 = SMOKE OR HAZE
[NO. OF DAYS WITH] [WEATHER - DAYS WITH] 9 = BLOWING SNOW
X = TORNADO
MAX 32 OR BELOW: 0 0.01 INCH OR MORE: 0
MAX 90 OR ABOVE: 2 0.10 INCH OR MORE: 0
MIN 32 OR BELOW: 0 0.50 INCH OR MORE: 0
MIN 0 OR BELOW: 0 1.00 INCH OR MORE: 0
[HDD (BASE 65) ]
TOTAL THIS MO. 103 CLEAR (SCALE 0-3) 19
DPTR FM NORMAL -18 PTCLDY (SCALE 4-7) 12
TOTAL FM JUL 1 252 CLOUDY (SCALE 8-10) 0
DPTR FM NORMAL -29
[CDD (BASE 65) ]
TOTAL THIS MO. 33
DPTR FM NORMAL -1 [PRESSURE DATA]
TOTAL FM JAN 1 112 HIGHEST SLP 30.16 ON 30
DPTR FM NORMAL -47 LOWEST SLP 29.73 ON 11
[REMARKS]
#FINAL-10-23#