000
CXAK56 PAFC 011033
CF6SNP
PRELIMINARY LOCAL CLIMATOLOGICAL DATA (WS FORM: F-6)
STATION: SAINT PAUL ISLAND
MONTH: JANUARY
YEAR: 2023
LATITUDE: 57 9 N
LONGITUDE: 170 13 W
TEMPERATURE IN F: :PCPN: SNOW: WIND :SUNSHINE: SKY :PK WND
================================================================================
1 2 3 4 5 6A 6B 7 8 9 10 11 12 13 14 15 16 17 18
12Z AVG MX 2MIN
DY MAX MIN AVG DEP HDD CDD WTR SNW DPTH SPD SPD DIR MIN PSBL S-S WX SPD DR
================================================================================
1 30 25 28 2 37 0 T M M 24.7 32 340 M M 10 1 39 350
2 25 24 25 -1 40 0 0.03 M M 18.1 29 350 M M 10 1 37 330
3 24 18 21 -5 44 0 0.03 M M 8.5 16 10 M M 10 1 19 360
4 26 17 22 -4 43 0 T M M 5.9 12 10 M M 10 1 13 20
5 34 7 21 -5 44 0 0.01 M M 9.8 20 140 M M 3 1 22 140
6 36 32 34 8 31 0 0.03 M M 23.8 36 130 M M 8 18 45 130
7 38 35 37 11 28 0 0.06 M M 20.9 32 90 M M 8 18 40 130
8 36 32 34 8 31 0 T M M 21.9 30 110 M M 9 1 37 100
9 33 25 29 3 36 0 T M M 18.3 25 30 M M 9 32 40
10 26 21 24 -1 41 0 0.03 M M 14.2 23 10 M M 10 1 28 360
11 28 19 24 -1 41 0 T M M 7.0 20 150 M M 10 24 150
12 36 28 32 7 33 0 0.02 M M 21.0 31 90 M M 9 18 37 90
13 37 34 36 11 29 0 0.11 M M 21.4 36 90 M M 10 1 45 100
14 37 32 35 10 30 0 0.03 M M 9.1 18 110 M M 9 1 21 110
15 37 33 35 10 30 0 0.05 M M 11.0 18 110 M M 10 1 22 110
16 34 26 30 5 35 0 0.01 M M 13.6 25 310 M M 10 1 29 290
17 28 19 24 -1 41 0 0.03 M M 15.0 25 310 M M 10 1 33 310
18 20 15 18 -7 47 0 0.08 M M 16.3 24 10 M M 10 1 29 20
19 16 12 14 -11 51 0 0.03 M M 14.6 21 20 M M 10 26 360
20 22 12 17 -8 48 0 T M M 19.5 33 80 M M 7 8 41 90
21 28 22 25 0 40 0 T M M 36.3 49 50 M M 5 61 50
22 29 25 27 2 38 0 0.03 M M 34.2 53 50 M M 9 1 62 50
23 28 19 24 -1 41 0 0.02 M M 31.8 41 40 M M 10 1 47 40
24 19 13 16 -9 49 0 0.02 M M 33.1 41 40 M M 10 1 52 30
25 23 10 17 -8 48 0 0.01 M M 15.8 36 10 M M 10 19 45 20
26 38 23 31 6 34 0 0.18 M M 20.5 38 170 M M 10 1 46 180
27 37 34 36 11 29 0 0.03 M M 14.2 22 140 M M 10 12 26 150
28 37 34 36 11 29 0 0.06 M M 13.6 21 90 M M 10 12 26 90
29 37 33 35 10 30 0 0.18 M M 12.6 25 270 M M 10 1 30 270
30 38 24 31 6 34 0 0.06 M M 12.9 25 180 M M 5 1 30 180
31 35 26 31 6 34 0 0.01 M M 11.9 30 150 M M 3 18 37 150
================================================================================
SM 952 729 1166 0 1.15 M 551.5 M 274
================================================================================
AV 30.7 23.5 17.8 FASTST M M 9 MAX(MPH)
MISC ----> 53 50 62 50
================================================================================
NOTES:
# LAST OF SEVERAL OCCURRENCES
COLUMN 17 PEAK WIND IN M.P.H.
PRELIMINARY LOCAL CLIMATOLOGICAL DATA (WS FORM: F-6) , PAGE 2
STATION: SAINT PAUL ISLAND
MONTH: JANUARY
YEAR: 2023
LATITUDE: 57 9 N
LONGITUDE: 170 13 W
[TEMPERATURE DATA] [PRECIPITATION DATA] SYMBOLS USED IN COLUMN 16
AVERAGE MONTHLY: 27.1 TOTAL FOR MONTH: 1.15 1 = FOG OR MIST
DPTR FM NORMAL: 1.8 DPTR FM NORMAL: -0.46 2 = FOG REDUCING VISIBILITY
HIGHEST: 38 ON 30,26 GRTST 24HR 1.09 ON 14-14 TO 1/4 MILE OR LESS
LOWEST: 7 ON 5 3 = THUNDER
SNOW, ICE PELLETS, HAIL 4 = ICE PELLETS
TOTAL MONTH: M 5 = HAIL
GRTST 24HR M ON M 6 = FREEZING RAIN OR DRIZZLE
GRTST DEPTH: M ON M 7 = DUSTSTORM OR SANDSTORM:
VSBY 1/2 MILE OR LESS
8 = SMOKE OR HAZE
[NO. OF DAYS WITH] [WEATHER - DAYS WITH] 9 = BLOWING SNOW
X = TORNADO
MAX 32 OR BELOW: 15 0.01 INCH OR MORE: 24
MAX 90 OR ABOVE: 0 0.10 INCH OR MORE: 3
MIN 32 OR BELOW: 25 0.50 INCH OR MORE: 0
MIN 0 OR BELOW: 0 1.00 INCH OR MORE: 0
[HDD (BASE 65) ]
TOTAL THIS MO. 1166 CLEAR (SCALE 0-3) 2
DPTR FM NORMAL -65 PTCLDY (SCALE 4-7) 4
TOTAL FM JUL 1 5425 CLOUDY (SCALE 8-10) 25
DPTR FM NORMAL -230
[CDD (BASE 65) ]
TOTAL THIS MO. 0
DPTR FM NORMAL 0 [PRESSURE DATA]
TOTAL FM JAN 1 0 HIGHEST SLP M ON M
DPTR FM NORMAL 0 LOWEST SLP 28.89 ON 1
[REMARKS]
#FINAL-01-23#