000
CXAK58 PASN 011012
CLMSNP
CLIMATE REPORT
NATIONAL WEATHER SERVICE ANCHORAGE, AK
112 AM AKST THU FEB 01 2024
...................................
...THE SAINT PAUL ISLAND CLIMATE SUMMARY FOR THE MONTH OF JANUARY 2024...
CLIMATE NORMAL PERIOD: 1991 TO 2020
CLIMATE RECORD PERIOD: 1892 TO 2024
WEATHER OBSERVED NORMAL DEPART LAST YEAR`S
VALUE DATE(S) VALUE FROM VALUE
NORMAL
..............................................................
TEMPERATURE (F)
RECORD
HIGH 48 MM
LOW 2 01/29/2024
HIGHEST 40 MM MM 38
LOWEST 2R MM MM 7
AVG. MAXIMUM 32.7 29.2 3.5 30.7
AVG. MINIMUM 24.5 21.4 3.1 23.5
MEAN 28.6 25.3 3.3 27.1
DAYS MAX >= 90 0 0.0 0.0 0
DAYS MAX <= 32 12 16.7 -4.7 15
DAYS MIN <= 32 25 26.8 -1.8 25
DAYS MIN <= 0 0 0.9 -0.9 0
PRECIPITATION (INCHES)
RECORD
MAXIMUM 1.77 2021
MINIMUM 1.13 2022
TOTALS 1.46 1.61 -0.15 1.15
DAILY AVG. 0.05 0.05 -0.00 0.04
DAYS >= .01 18 17.2 0.8 24
DAYS >= .10 5 5.4 -0.4 3
DAYS >= .50 0 0.3 -0.3 0
DAYS >= 1.00 0 0.0 0.0 0
GREATEST
24 HR. TOTAL 0.29 01/31 TO 01/31 0.23
STORM TOTAL 0.29 0.18
(MM/DD(HH))
DEGREE DAYS
HEATING TOTAL 1122 1231 -109 1167
SINCE 7/1 5414 5655 -241 MM
COOLING TOTAL 0 0 0 0
SINCE 1/1 0 0 0 MM
FREEZE DATES
RECORD
EARLIEST MM
LATEST MM
EARLIEST 09/10
LATEST 06/01
..............................................................
WIND (MPH)
AVERAGE WIND SPEED 20.1
RESULTANT WIND SPEED/DIRECTION 9/050
HIGHEST WIND SPEED/DIRECTION 46/310 DATE 01/13
46/030 01/21
46/070 01/28
HIGHEST GUST SPEED/DIRECTION 68/060 DATE 01/28
SKY COVER
POSSIBLE SUNSHINE (PERCENT) MM
AVERAGE SKY COVER 0.67
NUMBER OF DAYS FAIR 7
NUMBER OF DAYS PC 6
NUMBER OF DAYS CLOUDY 18
AVERAGE RH (PERCENT) 80
WEATHER CONDITIONS. NUMBER OF DAYS WITH
THUNDERSTORM 0 MIXED PRECIP 0
HEAVY RAIN 0 RAIN 0
LIGHT RAIN 6 FREEZING RAIN 0
LT FREEZING RAIN 0 HAIL 0
HEAVY SNOW 4 SNOW 8
LIGHT SNOW 21 SLEET 0
FOG 21 FOG W/VIS <= 1/4 MILE 4
HAZE 12
- INDICATES NEGATIVE NUMBERS.
R INDICATES RECORD WAS SET OR TIED.
MM INDICATES DATA IS MISSING.
T INDICATES TRACE AMOUNT.
$$