000
CXUS55 KPIH 011200
CF6SNT
PRELIMINARY LOCAL CLIMATOLOGICAL DATA (WS FORM: F-6)
STATION: STANLEY
MONTH: FEBRUARY
YEAR: 2023
LATITUDE: 44 10 N
LONGITUDE: 114 56 W
TEMPERATURE IN F: :PCPN: SNOW: WIND :SUNSHINE: SKY :PK WND
================================================================================
1 2 3 4 5 6A 6B 7 8 9 10 11 12 13 14 15 16 17 18
12Z AVG MX 2MIN
DY MAX MIN AVG DEP HDD CDD WTR SNW DPTH SPD SPD DIR MIN PSBL S-S WX SPD DR
================================================================================
1 35 1 18 0 47 0 0.00 M M 1.2 7 170 M M 0 9 140
2 31 -11 10 -8 55 0 0.00 M M 1.1 5 90 M M 0 M M
3 38 -1 19 1 46 0 0.00 M M 2.1 13 110 M M 0 22 140
4 41 18 30 11 35 0 0.00 M M 4.8 14 140 M M 0 22 150
5 36 24 30 11 35 0 0.10 M M 5.9 17 160 M M 0 27 160
6 36 14 25 6 40 0 0.00 M M 3.3 12 330 M M 0 18 330
7 39 6 23 4 42 0 0.05 M M 2.8 12 160 M M 0 20 130
8 31 -3 14 -5 51 0 0.07 M M 5.4 16 340 M M 0 28 340
9 26 -16 5 -15 60 0 0.00 M M 0.9 6 170 M M 0 9 120
10 31 -10 11 -9 54 0 0.00 M M 0.6 6 340 M M 0 9 320
11 37 -1 18 -2 47 0 0.00 M M 1.5 7 100 M M 0 10 100
12 35 -10 13 -7 52 0 0.00 M M 2.3 8 110 M M 0 11 120
13 41 -2 20 0 45 0 0.06 M M 4.3 17 210 M M 0 30 200
14 23 4 14 -7 51 0 0.00 M M 4.0 14 310 M M 0 23 330
15 26 -11 8 -13 57 0 0.00 M M 2.3 8 360 M M 0 11 350
16 29 -16 7 -14 58 0 0.00 M M 1.1 6 170 M M 0 8 170
17 31 -16 8 -13 57 0 0.00 M M 1.5 8 340 M M 0 10 350
18 29 -9 10 -12 55 0 0.00 M M 1.8 13 20 M M 0 24 10
19 32 0 16 -6 49 0 0.00 M M 3.2 12 360 M M 0 18 10
20 42 27 35 13 30 0 0.02 M M 3.8 14 340 M M 0 23 320
21 38 -1 19 -3 46 0 0.22 M M 4.9 20 270 M M 0 36 290
22 20 -9 6 -17 59 0 0.12 M M 1.6 9 340 M M 0 14 350
23 19 -3 8 -15 57 0 0.07 M M 5.7 18 150 M M 0 31 160
24 28 -16 6 -17 59 0 0.00 M M 4.1 15 160 M M 0 26 150
25 37 -11 13 -11 52 0 0.00 M M 1.6 14 140 M M 0 22 140
26 31 10 21 -3 44 0 0.19 M M 3.9 12 230 M M 0 24 210
27 30 1 16 -8 49 0 0.12 M M 6.1 16 160 M M 0 28 160
28 26 8 17 -8 48 0 0.14 M M 5.6 15 200 M M 0 24 180
================================================================================
SM 898 -33 1380 0 1.16 M 87.4 M 0
================================================================================
AV 32.1 -1.2 3.1 FASTST M M 0 MAX(MPH)
MISC ----> 20 270 36 290
================================================================================
NOTES:
# LAST OF SEVERAL OCCURRENCES
COLUMN 17 PEAK WIND IN M.P.H.
PRELIMINARY LOCAL CLIMATOLOGICAL DATA (WS FORM: F-6) , PAGE 2
STATION: STANLEY
MONTH: FEBRUARY
YEAR: 2023
LATITUDE: 44 10 N
LONGITUDE: 114 56 W
[TEMPERATURE DATA] [PRECIPITATION DATA] SYMBOLS USED IN COLUMN 16
AVERAGE MONTHLY: 15.4 TOTAL FOR MONTH: 1.16 1 = FOG OR MIST
DPTR FM NORMAL: -5.6 DPTR FM NORMAL: -0.16 2 = FOG REDUCING VISIBILITY
HIGHEST: 42 ON 20 GRTST 24HR 0.26 ON 27-28 TO 1/4 MILE OR LESS
LOWEST: -16 ON 24,17 3 = THUNDER
SNOW, ICE PELLETS, HAIL 4 = ICE PELLETS
TOTAL MONTH: M 5 = HAIL
GRTST 24HR M ON M 6 = FREEZING RAIN OR DRIZZLE
GRTST DEPTH: M ON M 7 = DUSTSTORM OR SANDSTORM:
VSBY 1/2 MILE OR LESS
8 = SMOKE OR HAZE
[NO. OF DAYS WITH] [WEATHER - DAYS WITH] 9 = BLOWING SNOW
X = TORNADO
MAX 32 OR BELOW: 16 0.01 INCH OR MORE: 11
MAX 90 OR ABOVE: 0 0.10 INCH OR MORE: 6
MIN 32 OR BELOW: 28 0.50 INCH OR MORE: 0
MIN 0 OR BELOW: 18 1.00 INCH OR MORE: 0
[HDD (BASE 65) ]
TOTAL THIS MO. 1380 CLEAR (SCALE 0-3) 28
DPTR FM NORMAL 148 PTCLDY (SCALE 4-7) 0
TOTAL FM JUL 1 7194 CLOUDY (SCALE 8-10) 0
DPTR FM NORMAL 201
[CDD (BASE 65) ]
TOTAL THIS MO. 0
DPTR FM NORMAL 0 [PRESSURE DATA]
TOTAL FM JAN 1 0 HIGHEST SLP 30.82 ON 9
DPTR FM NORMAL 0 LOWEST SLP 29.22 ON 21
[REMARKS]
#FINAL-02-23#