000
CXUS55 KPIH 012313 RRA
CF6SNT
PRELIMINARY LOCAL CLIMATOLOGICAL DATA (WS FORM: F-6)
STATION: STANLEY
MONTH: FEBRUARY
YEAR: 2024
LATITUDE: 44 10 N
LONGITUDE: 114 56 W
TEMPERATURE IN F: :PCPN: SNOW: WIND :SUNSHINE: SKY :PK WND
================================================================================
1 2 3 4 5 6A 6B 7 8 9 10 11 12 13 14 15 16 17 18
12Z AVG MX 2MIN
DY MAX MIN AVG DEP HDD CDD WTR SNW DPTH SPD SPD DIR MIN PSBL S-S WX SPD DR
================================================================================
1 41 31 36 18 29 0 0.06 M M 4.6 13 150 M M 0 23 140
2 38 30 34 16 31 0 0.11 M M 1.0 7 30 M M 0 12 20
3 36 22 29 11 36 0 0.06 M M 1.7 9 320 M M 0 15 310
4 33 19 26 7 39 0 0.00 M M 6.7 20 150 M M 0 32 150
5 40 21 31 12 34 0 0.21 M M 7.1 16 170 M M 0 26 140
6 32 18 25 6 40 0 0.23 M M 1.6 6 340 M M 0 8 340
7 35 24 30 11 35 0 0.09 M M 0.8 9 10 M M 0 15 30
8 28 13 21 2 44 0 0.00 M M 1.8 9 20 M M 0 13 20
9 27 2 15 -5 50 0 0.01 M M 2.2 8 310 M M 0 15 310
10 28 -11 9 -11 56 0 0.00 M M 1.7 7 180 M M 0 10 340
11 34 -4 15 -5 50 0 0.00 M M 1.3 7 110 M M 0 9 90
12 38 8 23 3 42 0 0.00 M M 3.4 13 350 M M 0 20 340
13 35 6 21 1 44 0 0.00 M M 1.5 9 320 M M 0 14 340
14 35 2 19 -2 46 0 0.10 M M 6.0 16 150 M M 0 29 130
15 34 26 30 9 35 0 0.31 M M 3.6 14 150 M M 0 21 150
16 31 -3 14 -7 51 0 0.21 M M 3.8 10 350 M M 0 17 340
17 23 -17 3 -18 62 0 0.00 M M 1.3 7 170 M M 0 10 170
18 33 14 24 2 41 0 0.10 M M 1.1 8 170 M M 0 10 140
19 38 6 22 0 43 0 0.00 M M 3.1 14 160 M M 0 24 150
20 43 15 29 7 36 0 0.04 M M 2.5 10 50 M M 0 14 30
21 36 8 22 0 43 0 0.06 M M 1.5 8 350 M M 0 11 120
22 39 13 26 3 39 0 0.00 M M 2.7 8 40 M M 0 10 180
23 39 -2 19 -4 46 0 0.00 M M 1.6 7 180 M M 0 11 170
24 46 0 23 0 42 0 0.00 M M 2.7 10 330 M M 0 15 320
25 43 24 34 10 31 0 0.00 M M 6.9 18 200 M M 0 32 210
26 40 8 24 0 41 0 0.48 M M 7.2 28 260 M M 0 54 270
27 21 3 12 -12 53 0 0.10 M M 4.7 16 320 M M 0 26 310
28 35 9 22 -3 43 0 0.02 M M 6.5 15 150 M M 0 24 150
29 40 29 35 10 30 0 0.44 M M 9.3 18 190 M M 0 43 180
================================================================================
SM 1021 314 1212 0 2.63 M 99.9 M 0
================================================================================
AV 35.2 10.8 3.4 FASTST M M 0 MAX(MPH)
MISC ----> 28 260 54 270
================================================================================
NOTES:
# LAST OF SEVERAL OCCURRENCES
COLUMN 17 PEAK WIND IN M.P.H.
PRELIMINARY LOCAL CLIMATOLOGICAL DATA (WS FORM: F-6) , PAGE 2
STATION: STANLEY
MONTH: FEBRUARY
YEAR: 2024
LATITUDE: 44 10 N
LONGITUDE: 114 56 W
[TEMPERATURE DATA] [PRECIPITATION DATA] SYMBOLS USED IN COLUMN 16
AVERAGE MONTHLY: 23.0 TOTAL FOR MONTH: 2.63 1 = FOG OR MIST
DPTR FM NORMAL: 2.0 DPTR FM NORMAL: 1.31 2 = FOG REDUCING VISIBILITY
HIGHEST: 46 ON 24 GRTST 24HR 0.55 ON 26-27 TO 1/4 MILE OR LESS
LOWEST: -17 ON 17 3 = THUNDER
SNOW, ICE PELLETS, HAIL 4 = ICE PELLETS
TOTAL MONTH: M 5 = HAIL
GRTST 24HR M ON M 6 = FREEZING RAIN OR DRIZZLE
GRTST DEPTH: M ON M 7 = DUSTSTORM OR SANDSTORM:
VSBY 1/2 MILE OR LESS
8 = SMOKE OR HAZE
[NO. OF DAYS WITH] [WEATHER - DAYS WITH] 9 = BLOWING SNOW
X = TORNADO
MAX 32 OR BELOW: 7 0.01 INCH OR MORE: 17
MAX 90 OR ABOVE: 0 0.10 INCH OR MORE: 10
MIN 32 OR BELOW: 29 0.50 INCH OR MORE: 0
MIN 0 OR BELOW: 6 1.00 INCH OR MORE: 0
[HDD (BASE 65) ]
TOTAL THIS MO. 1212 CLEAR (SCALE 0-3) 29
DPTR FM NORMAL -20 PTCLDY (SCALE 4-7) 0
TOTAL FM JUL 1 6519 CLOUDY (SCALE 8-10) 0
DPTR FM NORMAL -554
[CDD (BASE 65) ]
TOTAL THIS MO. 0
DPTR FM NORMAL 0 [PRESSURE DATA]
TOTAL FM JAN 1 0 HIGHEST SLP 30.59 ON 17
DPTR FM NORMAL 0 LOWEST SLP 29.35 ON 7
[REMARKS]
#FINAL-02-24#