000
CXUS55 KCYS 021747
CF6SNY
PRELIMINARY LOCAL CLIMATOLOGICAL DATA (WS FORM: F-6)
STATION: SIDNEY NEBRASKA AIRPORT
MONTH: JANUARY
YEAR: 2024
LATITUDE: 41 5 N
LONGITUDE: 102 59 W
TEMPERATURE IN F: :PCPN: SNOW: WIND :SUNSHINE: SKY :PK WND
================================================================================
1 2 3 4 5 6A 6B 7 8 9 10 11 12 13 14 15 16 17 18
12Z AVG MX 2MIN
DY MAX MIN AVG DEP HDD CDD WTR SNW DPTH SPD SPD DIR MIN PSBL S-S WX SPD DR
================================================================================
1 52 16 34 7 31 0 0.00 M M 8.1 13 340 M M 0 15 340
2 46 17 32 5 33 0 0.00 M M 9.4 16 230 M M 0 21 240
3 43 14 29 2 36 0 0.00 M M 8.5 16 150 M M 0 1 22 160
4 30 24 27 0 38 0 T M M 7.2 16 150 M M 9 12 20 150
5 39 20 30 3 35 0 T M M 10.3 18 330 M M 8 1 26 340
6 37 10 24 -3 41 0 T M M 12.7 24 320 M M 1 32 320
7 31 10 21 -6 44 0 0.00 M M 7.8 15 100 M M 5 20 360
8 24 10 17 -10 48 0 0.02 M M 20.7 32 350 M M 8 1 45 350
9 44 9 27 0 38 0 0.00 M M 12.8 25 290 M M 1 34 300
10 40 8 24 -3 41 0 0.00 M M 15.0 33 300 M M 1 47 290
11 24 -6 9 -18 56 0 0.01 M M 10.8 24 40 M M 8 1268 31 40
12 12 -12 0 -28 65 0 0.11 M M 8.3 21 20 M M 5 18 26 20
13 -6 -19 -12 -40 77 0 0.04 M M 14.3 26 320 M M 8 8 34 320
14 4 -8 -2 -30 67 0 0.10 M M 7.0 15 70 M M 7 8 18 110
15 -4 -22 -13 -41 78 0 0.12 M M 16.3 31 330 M M 5 18 39 320
16 26 -22 2 -26 63 0 0.00 M M 11.8 24 300 M M 0 31 290
17 35 4 20 -8 45 0 0.00 M M 7.5 15 210 M M 3 21 310
18 41 6 24 -4 41 0 T M M 19.9 40 350 M M 7 89 55 340
19 21 -7 7 -21 58 0 T M M 7.6 18 290 M M 3 25 300
20 27 2 15 -13 50 0 0.00 M M 10.2 17 160 M M 0 23 160
21 54 19 37 9 28 0 0.00 M M 8.1 17 230 M M 2 21 230
22 54 27 41 13 24 0 0.00 M M 4.2 10 330 M M 5 12 330
23 51 21 36 8 29 0 0.00 M M 6.6 13 150 M M 4 12 16 170
24 50 19 35 7 30 0 0.00 M M 5.9 12 330 M M 6 1 15 340
25 52 23 38 10 27 0 0.00 M M 8.3 18 310 M M 2 26 300
26 49 21 35 7 30 0 0.00 M M 9.5 18 340 M M 2 8 22 340
27 49 21 35 7 30 0 0.00 M M 9.4 15 300 M M 0 20 320
28 59 25 42 14 23 0 0.00 M M 13.8 25 310 M M 0 33 310
29 62 30 46 18 19 0 0.00 M M 13.5 21 340 M M 0 27 340
30 62 25 44 16 21 0 0.00 M M 7.7 17 290 M M 0 21 290
31 66 21 44 16 21 0 0.00 M M 7.1 15 290 M M 0 17 290
================================================================================
SM 1174 306 1267 0 0.40 M 320.3 M 100
================================================================================
AV 37.9 9.9 10.3 FASTST M M 3 MAX(MPH)
MISC ----> 40 350 55 340
================================================================================
NOTES:
# LAST OF SEVERAL OCCURRENCES
COLUMN 17 PEAK WIND IN M.P.H.
PRELIMINARY LOCAL CLIMATOLOGICAL DATA (WS FORM: F-6) , PAGE 2
STATION: SIDNEY NEBRASKA AIRPORT
MONTH: JANUARY
YEAR: 2024
LATITUDE: 41 5 N
LONGITUDE: 102 59 W
[TEMPERATURE DATA] [PRECIPITATION DATA] SYMBOLS USED IN COLUMN 16
AVERAGE MONTHLY: 23.9 TOTAL FOR MONTH: 0.40 1 = FOG OR MIST
DPTR FM NORMAL: -3.7 DPTR FM NORMAL: 0.26 2 = FOG REDUCING VISIBILITY
HIGHEST: 66 ON 31 GRTST 24HR 0.12 ON 15-15 TO 1/4 MILE OR LESS
LOWEST: -22 ON 16,15 3 = THUNDER
SNOW, ICE PELLETS, HAIL 4 = ICE PELLETS
TOTAL MONTH: M 5 = HAIL
GRTST 24HR M ON M 6 = FREEZING RAIN OR DRIZZLE
GRTST DEPTH: M ON M 7 = DUSTSTORM OR SANDSTORM:
VSBY 1/2 MILE OR LESS
8 = SMOKE OR HAZE
[NO. OF DAYS WITH] [WEATHER - DAYS WITH] 9 = BLOWING SNOW
X = TORNADO
MAX 32 OR BELOW: 11 0.01 INCH OR MORE: 6
MAX 90 OR ABOVE: 0 0.10 INCH OR MORE: 3
MIN 32 OR BELOW: 31 0.50 INCH OR MORE: 0
MIN 0 OR BELOW: 7 1.00 INCH OR MORE: 0
[HDD (BASE 65) ]
TOTAL THIS MO. 1267 CLEAR (SCALE 0-3) 16
DPTR FM NORMAL 106 PTCLDY (SCALE 4-7) 14
TOTAL FM JUL 1 3639 CLOUDY (SCALE 8-10) 1
DPTR FM NORMAL -235
[CDD (BASE 65) ]
TOTAL THIS MO. 0
DPTR FM NORMAL 0 [PRESSURE DATA]
TOTAL FM JAN 1 0 HIGHEST SLP 30.66 ON 19
DPTR FM NORMAL 0 LOWEST SLP 29.38 ON 10
[REMARKS]
#FINAL-01-24#
PRECIPITATION VALUES ARE FROM COCORAHS STATION NE-CN-10 FROM 1/11 TO 1/15 DUE TO
ASOS ERRORS DURING ARCTIC COLD FRONT PERIOD.
JANUARY 13... RECORD LOW TEMPERATURE: -19F (PREVIOUS: -16F IN 1997)
JANUARY 13... RECORD LOW MAXIMUM TEMPERATURE: -6F (PREVIOUS: 5F IN 1997, 2007)
JANUARY 14... RECORD LOW MAXIMUM TEMPERATURE: 4F (PREVIOIUS: 8F IN 2005)
JANUARY 15... RECORD LOW TEMPERTURE: -22F (PREVIOUS: -11F IN 2013)
JANUARY 15... RECORD LOW MAXIMUM TEMPERATURE: -4F (PREVIOUS: 10F IN 1957)
JANUARY 16... RECORD LOW TEMPERATURE: -22F (PREVIOUS: -14F IN 2018)