000
CXUS56 KPQR 011201
CF6SPB
PRELIMINARY LOCAL CLIMATOLOGICAL DATA (WS FORM: F-6)
STATION: SCAPPOOSE OR
MONTH: APRIL
YEAR: 2023
LATITUDE: 45 46 N
LONGITUDE: 122 50 W
TEMPERATURE IN F: :PCPN: SNOW: WIND :SUNSHINE: SKY :PK WND
================================================================================
1 2 3 4 5 6A 6B 7 8 9 10 11 12 13 14 15 16 17 18
12Z AVG MX 2MIN
DY MAX MIN AVG DEP HDD CDD WTR SNW DPTH SPD SPD DIR MIN PSBL S-S WX SPD DR
================================================================================
1 52 37 45 -3 20 0 0.05 M M 4.4 20 260 M M 8 26 270
2 46 33 40 -8 25 0 0.26 M M 3.0 15 280 M M 9 1 24 310
3 49 33 41 -7 24 0 0.06 M M 3.1 14 270 M M 8 1 18 280
4 50 33 42 -6 23 0 0.12 M M 3.1 13 340 M M 8 15 320
5 51 36 44 -5 21 0 0.02 M M 3.5 14 150 M M 10 1 18 150
6 52 45 49 0 16 0 0.73 M M 5.9 13 150 M M 10 1 16 160
7 56 42 49 0 16 0 0.09 M M 5.1 13 150 M M 9 1 15 150
8 57 43 50 1 15 0 T M M 4.5 14 190 M M 10 21 180
9 55 48 52 3 13 0 0.60 M M 5.0 14 130 M M 10 1 17 130
10 50 41 46 -3 19 0 1.00 M M 3.3 9 320 M M 10 1 15 320
11 56 40 48 -1 17 0 0.02 M M 4.1 14 120 M M 8 21 150
12 54 34 44 -6 21 0 0.24 M M 2.7 13 280 M M 7 1 19 290
13 54 33 44 -6 21 0 T M M 3.6 10 140 M M 8 13 190
14 61 32 47 -3 18 0 0.00 M M 3.8 10 150 M M 1 1 14 140
15 58 37 48 -2 17 0 0.00 M M 3.0 10 160 M M 4 14 120
16 53 39 46 -4 19 0 0.11 M M 5.6 20 230 M M 8 1 26 230
17 54 35 45 -5 20 0 0.20 M M 7.6 21 150 M M 6 13 28 240
18 49 38 44 -7 21 0 0.29 M M 6.0 14 230 M M 9 13 22 150
19 53 34 44 -7 21 0 0.03 M M 6.2 17 230 M M 8 22 230
20 48 32 40 -11 25 0 0.61 M M 4.5 14 160 M M 9 1 22 150
21 59 41 50 -1 15 0 T M M 2.3 12 150 M M 9 1 14 110
22 64 47 56 4 9 0 0.15 M M 0.4 6 290 M M 9 1 9 300
23 56 48 52 0 13 0 0.18 M M 5.5 16 230 M M 10 1 20 230
24 56 41 49 -3 16 0 0.12 M M 2.7 10 340 M M 8 1 14 330
25 67 37 52 0 13 0 0.00 M M 4.6 13 350 M M 2 16 340
26 78 42 60 7 5 0 0.00 M M 4.7 14 350 M M 0 18 350
27 81 48 65 12 0 0 0.00 M M 5.9 15 360 M M 0 18 10
28 89 47 68 15 0 3 0.00 M M 2.3 8 290 M M 0 10 290
29 81 49 65 12 0 0 0.00 M M 5.4 13 330 M M 0 18 250
30 66 46 56 2 9 0 0.00 M M 4.0 12 150 M M 7 16 140
================================================================================
SM 1755 1191 472 3 4.88 M 125.8 M 205
================================================================================
AV 58.5 39.7 4.2 FASTST M M 7 MAX(MPH)
MISC ----> 21 150 28 240
================================================================================
NOTES:
# LAST OF SEVERAL OCCURRENCES
COLUMN 17 PEAK WIND IN M.P.H.
PRELIMINARY LOCAL CLIMATOLOGICAL DATA (WS FORM: F-6) , PAGE 2
STATION: SCAPPOOSE OR
MONTH: APRIL
YEAR: 2023
LATITUDE: 45 46 N
LONGITUDE: 122 50 W
[TEMPERATURE DATA] [PRECIPITATION DATA] SYMBOLS USED IN COLUMN 16
AVERAGE MONTHLY: 49.1 TOTAL FOR MONTH: 4.88 1 = FOG OR MIST
DPTR FM NORMAL: -1.4 DPTR FM NORMAL: 1.80 2 = FOG REDUCING VISIBILITY
HIGHEST: 89 ON 28 GRTST 24HR 1.03 ON 9-10 TO 1/4 MILE OR LESS
LOWEST: 32 ON 20,14 3 = THUNDER
SNOW, ICE PELLETS, HAIL 4 = ICE PELLETS
TOTAL MONTH: M 5 = HAIL
GRTST 24HR M ON M 6 = FREEZING RAIN OR DRIZZLE
GRTST DEPTH: M ON M 7 = DUSTSTORM OR SANDSTORM:
VSBY 1/2 MILE OR LESS
8 = SMOKE OR HAZE
[NO. OF DAYS WITH] [WEATHER - DAYS WITH] 9 = BLOWING SNOW
X = TORNADO
MAX 32 OR BELOW: 0 0.01 INCH OR MORE: 19
MAX 90 OR ABOVE: 0 0.10 INCH OR MORE: 13
MIN 32 OR BELOW: 2 0.50 INCH OR MORE: 4
MIN 0 OR BELOW: 0 1.00 INCH OR MORE: 1
[HDD (BASE 65) ]
TOTAL THIS MO. 472 CLEAR (SCALE 0-3) 6
DPTR FM NORMAL 35 PTCLDY (SCALE 4-7) 11
TOTAL FM JUL 1 4344 CLOUDY (SCALE 8-10) 13
DPTR FM NORMAL 36
[CDD (BASE 65) ]
TOTAL THIS MO. 3
DPTR FM NORMAL 2 [PRESSURE DATA]
TOTAL FM JAN 1 3 HIGHEST SLP 30.42 ON 21
DPTR FM NORMAL 2 LOWEST SLP 29.69 ON 17
[REMARKS]
#FINAL-04-23#