000
CXUS56 KPQR 011710
CF6SPB
PRELIMINARY LOCAL CLIMATOLOGICAL DATA (WS FORM: F-6)
STATION: SCAPPOOSE OR
MONTH: NOVEMBER
YEAR: 2020
LATITUDE: 45 46 N
LONGITUDE: 122 50 W
TEMPERATURE IN F: :PCPN: SNOW: WIND :SUNSHINE: SKY :PK WND
================================================================================
1 2 3 4 5 6A 6B 7 8 9 10 11 12 13 14 15 16 17 18
12Z AVG MX 2MIN
DY MAX MIN AVG DEP HDD CDD WTR SNW DPTH SPD SPD DIR MIN PSBL S-S WX SPD DR
================================================================================
1 68 32 50 2 15 0 0.00 M M 2.1 9 210 M M 0 12 210
2 66 33 50 3 15 0 0.00 M M 1.9 8 140 M M 0 1 10 130
3 59 37 48 1 17 0 0.22 M M 0.8 6 150 M M 6 1 9 150
4 70 57 64 17 1 0 0.01 M M 6.8 13 150 M M 9 1 21 170
5 59 49 54 7 11 0 0.58 M M 3.1 12 310 M M 9 1 18 310
6 50 41 46 0 19 0 0.06 M M 5.0 10 340 M M 8 1 17 330
7 48 30 39 -7 26 0 0.07 M M 3.6 14 320 M M 5 12 20 280
8 49 28 39 -7 26 0 0.00 M M 6.4 14 340 M M 2 19 340
9 42 26 34 -12 31 0 0.03 M M 1.3 8 350 M M 8 12 9 160
10 51 35 43 -3 22 0 0.18 M M 3.5 12 210 M M 8 1 15 220
11 47 32 40 -5 25 0 T M M 1.4 5 280 M M 8 12 7 310
12 48 34 41 -4 24 0 0.18 M M 3.7 15 140 M M 9 12 18 140
13 53 34 44 -1 21 0 1.91 M M 8.1 23 220 M M 7 1 33 220
14 47 35 41 -4 24 0 0.83 M M 5.0 21 140 M M 9 1 28 130
15 56 41 49 5 16 0 0.11 M M 2.5 13 200 M M 8 12 17 200
16 52 44 48 4 17 0 0.18 M M 1.5 7 140 M M 7 1 9 140
17 56 43 50 6 15 0 0.23 M M 5.5 17 190 M M 6 1 28 210
18 50 45 48 4 17 0 0.43 M M 5.2 14 170 M M 9 1 20 190
19 52 36 44 1 21 0 0.16 M M 2.6 13 210 M M 8 1 17 210
20 48 32 40 -3 25 0 0.00 M M 0.9 6 150 M M 6 12 8 140
21 40 32 36 -7 29 0 0.00 M M 0.9 6 30 M M 10 12 7 290
22 45 29 37 -6 28 0 0.13 M M 1.5 8 140 M M 7 12 12 160
23 52 40 46 4 19 0 0.02 M M 1.7 10 290 M M 9 1 14 230
24 50 37 44 2 21 0 0.23 M M 3.5 12 150 M M 9 18 17 150
25 50 34 42 0 23 0 0.07 M M 1.7 9 220 M M 10 1 12 200
26 51 37 44 2 21 0 0.00 M M 1.6 9 140 M M 10 1 12 150
27 45 34 40 -1 25 0 0.00 M M 2.1 7 140 M M 8 1 9 140
28 44 39 42 1 23 0 0.03 M M 1.5 6 290 M M 10 12 8 350
29 52 33 43 2 22 0 0.00 M M 3.0 16 200 M M 6 12 20 210
30 52 32 42 1 23 0 0.39 M M 4.6 17 140 M M 5 12 25 320
================================================================================
SM 1552 1091 622 0 6.05 M 93.0 M 216
================================================================================
AV 51.7 36.4 3.1 FASTST M M 7 MAX(MPH)
MISC ----> 23 220 33 220
================================================================================
NOTES:
# LAST OF SEVERAL OCCURRENCES
COLUMN 17 PEAK WIND IN M.P.H.
PRELIMINARY LOCAL CLIMATOLOGICAL DATA (WS FORM: F-6) , PAGE 2
STATION: SCAPPOOSE OR
MONTH: NOVEMBER
YEAR: 2020
LATITUDE: 45 46 N
LONGITUDE: 122 50 W
[TEMPERATURE DATA] [PRECIPITATION DATA] SYMBOLS USED IN COLUMN 16
AVERAGE MONTHLY: 44.1 TOTAL FOR MONTH: 6.05 1 = FOG OR MIST
DPTR FM NORMAL: -0.2 DPTR FM NORMAL: -0.50 2 = FOG REDUCING VISIBILITY
HIGHEST: 70 ON 4 GRTST 24HR 2.04 ON 12-13 TO 1/4 MILE OR LESS
LOWEST: 26 ON 9 3 = THUNDER
SNOW, ICE PELLETS, HAIL 4 = ICE PELLETS
TOTAL MONTH: M 5 = HAIL
GRTST 24HR M ON M 6 = FREEZING RAIN OR DRIZZLE
GRTST DEPTH: M ON M 7 = DUSTSTORM OR SANDSTORM:
VSBY 1/2 MILE OR LESS
8 = SMOKE OR HAZE
[NO. OF DAYS WITH] [WEATHER - DAYS WITH] 9 = BLOWING SNOW
X = TORNADO
MAX 32 OR BELOW: 0 0.01 INCH OR MORE: 21
MAX 90 OR ABOVE: 0 0.10 INCH OR MORE: 14
MIN 32 OR BELOW: 9 0.50 INCH OR MORE: 3
MIN 0 OR BELOW: 0 1.00 INCH OR MORE: 1
[HDD (BASE 65) ]
TOTAL THIS MO. 622 CLEAR (SCALE 0-3) 3
DPTR FM NORMAL -2 PTCLDY (SCALE 4-7) 16
TOTAL FM JUL 1 1060 CLOUDY (SCALE 8-10) 11
DPTR FM NORMAL -170
[CDD (BASE 65) ]
TOTAL THIS MO. 0
DPTR FM NORMAL 0 [PRESSURE DATA]
TOTAL FM JAN 1 395 HIGHEST SLP 30.54 ON 30
DPTR FM NORMAL 144 LOWEST SLP 29.31 ON 13
[REMARKS]
#FINAL-11-20#