000
CXUS55 KPUB 011310
CF6SPD
PRELIMINARY LOCAL CLIMATOLOGICAL DATA (WS FORM: F-6)
STATION: SPRINGFIELD CO
MONTH: NOVEMBER
YEAR: 2020
LATITUDE: 37 16 N
LONGITUDE: 102 37 W
TEMPERATURE IN F: :PCPN: SNOW: WIND :SUNSHINE: SKY :PK WND
================================================================================
1 2 3 4 5 6A 6B 7 8 9 10 11 12 13 14 15 16 17 18
12Z AVG MX 2MIN
DY MAX MIN AVG DEP HDD CDD WTR SNW DPTH SPD SPD DIR MIN PSBL S-S WX SPD DR
================================================================================
1 71 28 50 2 15 0 0.00 0.0 0 11.7 31 190 M M 0 40 200
2 76 36 56 9 9 0 0.00 M M 8.5 15 180 M M 0 21 150
3 81 37 59 12 6 0 0.00 M M 7.2 15 290 M M 0 19 300
4 80 44 62 15 3 0 0.00 M M 13.1 22 20 M M 0 30 360
5 78 43 61 15 4 0 0.00 M M 9.4 20 320 M M 0 27 330
6 80 41 61 15 4 0 0.00 M M 16.9 33 190 M M 0 45 200
7 76 51 64 19 1 0 0.00 M M 26.1 38 190 M M 0 50 170
8 71 49 60 15 5 0 0.00 M M 22.2 39 220 M M 0 56 220
9 69 28 49 5 16 0 0.00 M M 18.3 37 220 M M 0 50 210
10 56 16 36 -8 29 0 0.00 M M 8.7 18 300 M M 0 26 290
11 51 20 36 -8 29 0 0.00 M M 10.7 21 190 M M 0 26 190
12 50 20 35 -8 30 0 0.00 M M 10.6 18 50 M M 0 26 50
13 56 21 39 -4 26 0 0.00 M M 16.7 31 200 M M 0 42 210
14 66 25 46 4 19 0 0.00 M M 16.0 45 290 M M 0 57 300
15 58 19 39 -3 26 0 0.00 M M 14.1 31 200 M M 0 40 200
16 67 32 50 9 15 0 0.00 M M 10.1 17 160 M M 0 21 140
17 73 36 55 14 10 0 0.00 M M 15.7 30 190 M M 0 40 200
18 83 40 62 22 3 0 0.00 M M 12.7 25 240 M M 0 39 220
19 79 44 62 22 3 0 0.00 M M 12.5 20 60 M M 0 28 230
20 57 37 47 7 18 0 0.00 M M 10.4 17 360 M M 0 23 30
21 56 36 46 7 19 0 0.01 0.0 0 7.9 22 180 M M 0 28 200
22 49 36 43 4 22 0 0.00 M M 14.8 29 190 M M 0 36 200
23 58 42 50 12 15 0 0.00 0.0 0 25.7 40 200 M M 0 53 200
24 52 28 40 2 25 0 0.03 M M 19.2 37 340 M M 0 49 330
25 55 20 38 0 27 0 0.00 M M 11.4 23 190 M M 0 30 190
26 52 25 39 2 26 0 0.00 M M 13.0 23 330 M M 0 30 350
27 49 22 36 -1 29 0 0.00 M M 7.7 15 200 M M 0 20 200
28 42 24 33 -3 32 0 0.04 M M 8.8 24 190 M M 0 31 180
29 44 16 30 -6 35 0 0.00 M M 17.0 32 350 M M 0 40 360
30 58 12 35 -1 30 0 0.00 M M 9.4 23 220 M M 0 30 220
================================================================================
SM 1893 928 531 0 0.08 0.0 406.5 M 0
================================================================================
AV 63.1 30.9 13.6 FASTST M M 0 MAX(MPH)
MISC ----> 45 290 57 300
================================================================================
NOTES:
# LAST OF SEVERAL OCCURRENCES
COLUMN 17 PEAK WIND IN M.P.H.
PRELIMINARY LOCAL CLIMATOLOGICAL DATA (WS FORM: F-6) , PAGE 2
STATION: SPRINGFIELD CO
MONTH: NOVEMBER
YEAR: 2020
LATITUDE: 37 16 N
LONGITUDE: 102 37 W
[TEMPERATURE DATA] [PRECIPITATION DATA] SYMBOLS USED IN COLUMN 16
AVERAGE MONTHLY: 47.0 TOTAL FOR MONTH: 0.08 1 = FOG OR MIST
DPTR FM NORMAL: 5.3 DPTR FM NORMAL: -0.50 2 = FOG REDUCING VISIBILITY
HIGHEST: 83 ON 18 GRTST 24HR 0.04 ON 28-28 TO 1/4 MILE OR LESS
LOWEST: 12 ON 30 3 = THUNDER
SNOW, ICE PELLETS, HAIL 4 = ICE PELLETS
TOTAL MONTH: 0.0 INCH 5 = HAIL
GRTST 24HR 0.0 6 = FREEZING RAIN OR DRIZZLE
GRTST DEPTH: 0 7 = DUSTSTORM OR SANDSTORM:
VSBY 1/2 MILE OR LESS
8 = SMOKE OR HAZE
[NO. OF DAYS WITH] [WEATHER - DAYS WITH] 9 = BLOWING SNOW
X = TORNADO
MAX 32 OR BELOW: 0 0.01 INCH OR MORE: 3
MAX 90 OR ABOVE: 0 0.10 INCH OR MORE: 0
MIN 32 OR BELOW: 16 0.50 INCH OR MORE: 0
MIN 0 OR BELOW: 0 1.00 INCH OR MORE: 0
[HDD (BASE 65) ]
TOTAL THIS MO. 531 CLEAR (SCALE 0-3) 30
DPTR FM NORMAL -170 PTCLDY (SCALE 4-7) 0
TOTAL FM JUL 1 1010 CLOUDY (SCALE 8-10) 0
DPTR FM NORMAL -135
[CDD (BASE 65) ]
TOTAL THIS MO. 0
DPTR FM NORMAL 0 [PRESSURE DATA]
TOTAL FM JAN 1 1425 HIGHEST SLP 30.54 ON 29
DPTR FM NORMAL 397 LOWEST SLP 29.43 ON 8
[REMARKS]
#FINAL-11-20#