000
CXUS52 KTBW 020049
CF6SPG
PRELIMINARY LOCAL CLIMATOLOGICAL DATA (WS FORM: F-6)
STATION: SAINT PETERSBURG
MONTH: MARCH
YEAR: 2022
LATITUDE: 27 46 N
LONGITUDE: 82 38 W
TEMPERATURE IN F: :PCPN: SNOW: WIND :SUNSHINE: SKY :PK WND
================================================================================
1 2 3 4 5 6A 6B 7 8 9 10 11 12 13 14 15 16 17 18
12Z AVG MX 2MIN
DY MAX MIN AVG DEP HDD CDD WTR SNW DPTH SPD SPD DIR MIN PSBL S-S WX SPD DR
================================================================================
1 75 61 68 1 0 3 0.00 0.0 0 9.3 15 340 M M 6 21 330
2 76 62 69 2 0 4 0.00 0.0 0 7.4 17 60 M M 0 22 70
3 81 63 72 5 0 7 0.00 0.0 0 6.7 16 70 M M 0 19 50
4 83 67 75 8 0 10 0.00 0.0 0 6.1 18 90 M M 0 23 100
5 83 68 76 9 0 11 0.00 0.0 0 13.0 21 100 M M 1 26 110
6 85 69 77 9 0 12 0.00 0.0 0 10.2 17 130 M M 0 22 120
7 85 70 78 10 0 13 0.00 0.0 0 10.1 17 230 M M 2 25 230
8 83 72 78 10 0 13 T 0.0 0 8.4 20 210 M M 4 28 240
9 82 73 78 10 0 13 0.00 0.0 0 12.4 23 190 M M 4 8 30 190
10 80 70 75 7 0 10 0.11 0.0 0 9.7 25 180 M M 5 1 33 180
11 82 71 77 9 0 12 0.00 0.0 0 13.3 22 200 M M 3 1 35 190
12 76 51 64 -4 1 0 0.21 0.0 0 16.7 26 330 M M 5 13 46 320
13 66 44 55 -13 10 0 0.00 0.0 0 16.3 24 60 M M 0 37 40
14 78 56 67 -2 0 2 0.00 0.0 0 13.2 21 50 M M 0 26 50
15 80 66 73 4 0 8 0.60 0.0 0 9.7 20 290 M M 5 13 31 320
16 75 67 71 2 0 6 T 0.0 0 7.5 15 120 M M 6 18 240
17 77 65 71 2 0 6 0.00 0.0 0 5.1 16 150 M M 0 20 160
18 85 65 75 6 0 10 0.00 0.0 0 8.0 20 210 M M 0 30 210
19 81 69 75 6 0 10 0.00 0.0 0 8.0 15 230 M M 4 22 240
20 79 67 73 3 0 8 0.00 0.0 0 9.1 16 40 M M 2 23 340
21 79 64 72 2 0 7 0.00 0.0 0 15.2 24 100 M M 0 8 30 90
22 85 66 76 6 0 11 0.00 0.0 0 12.2 20 130 M M 1 24 110
23 83 70 77 7 0 12 0.00 0.0 0 14.5 25 190 M M 2 41 190
24 76 64 70 0 0 5 0.70 0.0 0 8.3 18 260 M M 9 13 28 240
25 73 63 68 -2 0 3 0.01 0.0 0 7.8 17 250 M M 4 27 290
26 73 63 68 -2 0 3 0.00 0.0 0 7.2 17 310 M M 0 23 340
27 76 66 71 0 0 6 0.00 0.0 0 8.7 18 340 M M 0 27 340
28 78 66 72 1 0 7 0.00 0.0 0 6.7 14 350 M M 0 21 340
29 86 65 76 5 0 11 0.00 0.0 0 5.6 20 140 M M 0 22 140
30 84 67 76 5 0 11 0.00 0.0 0 15.0 23 200 M M 0 1 33 200
31 84 70 77 6 0 12 0.00 0.0 0 17.9 28 190 M M 4 8 40 180
================================================================================
SM 2469 2020 11 246 1.63 0.0 319.3 M 67
================================================================================
AV 79.6 65.2 10.3 FASTST M M 2 MAX(MPH)
MISC ----> 28 190 46 320
================================================================================
NOTES:
# LAST OF SEVERAL OCCURRENCES
COLUMN 17 PEAK WIND IN M.P.H.
PRELIMINARY LOCAL CLIMATOLOGICAL DATA (WS FORM: F-6) , PAGE 2
STATION: SAINT PETERSBURG
MONTH: MARCH
YEAR: 2022
LATITUDE: 27 46 N
LONGITUDE: 82 38 W
[TEMPERATURE DATA] [PRECIPITATION DATA] SYMBOLS USED IN COLUMN 16
AVERAGE MONTHLY: 72.4 TOTAL FOR MONTH: 1.63 1 = FOG OR MIST
DPTR FM NORMAL: 3.4 DPTR FM NORMAL: -0.95 2 = FOG REDUCING VISIBILITY
HIGHEST: 86 ON 29 GRTST 24HR 0.71 ON 24-25 TO 1/4 MILE OR LESS
LOWEST: 44 ON 13 3 = THUNDER
SNOW, ICE PELLETS, HAIL 4 = ICE PELLETS
TOTAL MONTH: 0.0 INCH 5 = HAIL
GRTST 24HR 0.0 6 = FREEZING RAIN OR DRIZZLE
GRTST DEPTH: 0 7 = DUSTSTORM OR SANDSTORM:
VSBY 1/2 MILE OR LESS
8 = SMOKE OR HAZE
[NO. OF DAYS WITH] [WEATHER - DAYS WITH] 9 = BLOWING SNOW
X = TORNADO
MAX 32 OR BELOW: 0 0.01 INCH OR MORE: 5
MAX 90 OR ABOVE: 0 0.10 INCH OR MORE: 4
MIN 32 OR BELOW: 0 0.50 INCH OR MORE: 2
MIN 0 OR BELOW: 0 1.00 INCH OR MORE: 0
[HDD (BASE 65) ]
TOTAL THIS MO. 11 CLEAR (SCALE 0-3) 20
DPTR FM NORMAL -19 PTCLDY (SCALE 4-7) 10
TOTAL FM JUL 1 182 CLOUDY (SCALE 8-10) 1
DPTR FM NORMAL -170
[CDD (BASE 65) ]
TOTAL THIS MO. 246
DPTR FM NORMAL 92 [PRESSURE DATA]
TOTAL FM JAN 1 422 HIGHEST SLP 30.39 ON 13
DPTR FM NORMAL 144 LOWEST SLP 29.77 ON 12
[REMARKS]
#FINAL-03-22#