000
CXUS52 KTBW 011304
CF6SPG
PRELIMINARY LOCAL CLIMATOLOGICAL DATA (WS FORM: F-6)
STATION: SAINT PETERSBURG
MONTH: JULY
YEAR: 2021
LATITUDE: 27 46 N
LONGITUDE: 82 38 W
TEMPERATURE IN F: :PCPN: SNOW: WIND :SUNSHINE: SKY :PK WND
================================================================================
1 2 3 4 5 6A 6B 7 8 9 10 11 12 13 14 15 16 17 18
12Z AVG MX 2MIN
DY MAX MIN AVG DEP HDD CDD WTR SNW DPTH SPD SPD DIR MIN PSBL S-S WX SPD DR
================================================================================
1 86 77 82 -2 0 17 0.00 0.0 0 7.7 18 130 M M 1 3 23 100
2 85 76 81 -3 0 16 0.53 0.0 0 8.1 18 250 M M 4 18 27 270
3 85 77 81 -3 0 16 0.54 0.0 0 8.6 20 270 M M 4 138 35 240
4 86 78 82 -2 0 17 0.00 0.0 0 5.6 15 250 M M 2 8 21 250
5 93 78 86 2 0 21 0.02 0.0 0 10.1 32 180 M M 2 138 42 90
6 86 75 81 -3 0 16 0.47 0.0 0 19.3 41 130 M M 5 13 52 130
7 86 76 81 -3 0 16 1.89 0.0 0 17.1 33 130 M M 7 18 42 120
8 87 79 83 -1 0 18 0.00 0.0 0 6.9 15 210 M M 2 3 24 220
9 90 78 84 0 0 19 0.00 0.0 0 6.6 14 300 M M 0 19 240
10 90 78 84 0 0 19 T 0.0 0 5.8 25 140 M M 1 3 30 320
11 88 79 84 0 0 19 T 0.0 0 6.4 24 120 M M 0 3 28 120
12 91 75 83 -1 0 18 0.05 0.0 0 10.4 28 90 M M 1 13 49 110
13 92 77 85 1 0 20 0.07 0.0 0 9.8 29 150 M M 1 38 36 130
14 92 79 86 2 0 21 T 0.0 0 10.5 24 70 M M 3 3 28 70
15 90 79 85 1 0 20 0.00 0.0 0 10.3 17 110 M M 1 22 110
16 94 79 87 3 0 22 0.00 0.0 0 8.8 16 120 M M 1 3 19 110
17 94 80 87 3 0 22 T 0.0 0 8.2 21 140 M M 2 3 25 140
18 91 80 86 2 0 21 0.00 0.0 0 8.4 15 70 M M 1 3 18 270
19 90 80 85 1 0 20 0.00 0.0 0 7.4 13 240 M M 2 3 16 150
20 90 78 84 0 0 19 0.00 0.0 0 8.4 12 250 M M 1 13 170
21 90 81 86 2 0 21 T 0.0 0 6.7 15 230 M M 2 21 230
22 91 81 86 2 0 21 0.35 0.0 0 4.4 17 80 M M 1 138 23 10
23 91 83 87 3 0 22 0.00 0.0 0 7.6 16 270 M M 2 3 21 260
24 93 80 87 3 0 22 0.04 0.0 0 6.4 12 90 M M 4 3 12 90
25 93 80 87 3 0 22 0.21 0.0 0 8.7 25 40 M M 2 13 32 40
26 92 81 87 3 0 22 0.01 0.0 0 5.9 14 110 M M 1 8 18 280
27 89 78 84 0 0 19 0.40 0.0 0 5.5 17 300 M M 3 13 23 230
28 86 76 81 -3 0 16 0.06 0.0 0 5.3 16 310 M M 3 138 28 300
29 85 80 83 -1 0 18 0.00 0.0 0 6.2 21 260 M M 2 3 29 240
30 89 80 85 1 0 20 T 0.0 0 7.5 16 250 M M 2 23 230
31 89 83 86 2 0 21 T 0.0 0 8.1 16 260 M M 2 23 220
================================================================================
SM 2774 2441 0 601 4.64 0.0 256.7 M 65
================================================================================
AV 89.5 78.7 8.3 FASTST M M 2 MAX(MPH)
MISC ----> 41 130 52 130
================================================================================
NOTES:
# LAST OF SEVERAL OCCURRENCES
COLUMN 17 PEAK WIND IN M.P.H.
PRELIMINARY LOCAL CLIMATOLOGICAL DATA (WS FORM: F-6) , PAGE 2
STATION: SAINT PETERSBURG
MONTH: JULY
YEAR: 2021
LATITUDE: 27 46 N
LONGITUDE: 82 38 W
[TEMPERATURE DATA] [PRECIPITATION DATA] SYMBOLS USED IN COLUMN 16
AVERAGE MONTHLY: 84.1 TOTAL FOR MONTH: 4.64 1 = FOG OR MIST
DPTR FM NORMAL: 0.3 DPTR FM NORMAL: -2.85 2 = FOG REDUCING VISIBILITY
HIGHEST: 94 ON 17,16 GRTST 24HR 2.01 ON 6- 7 TO 1/4 MILE OR LESS
LOWEST: 75 ON 12, 6 3 = THUNDER
SNOW, ICE PELLETS, HAIL 4 = ICE PELLETS
TOTAL MONTH: 0.0 INCH 5 = HAIL
GRTST 24HR 0.0 6 = FREEZING RAIN OR DRIZZLE
GRTST DEPTH: 0 7 = DUSTSTORM OR SANDSTORM:
VSBY 1/2 MILE OR LESS
8 = SMOKE OR HAZE
[NO. OF DAYS WITH] [WEATHER - DAYS WITH] 9 = BLOWING SNOW
X = TORNADO
MAX 32 OR BELOW: 0 0.01 INCH OR MORE: 13
MAX 90 OR ABOVE: 18 0.10 INCH OR MORE: 7
MIN 32 OR BELOW: 0 0.50 INCH OR MORE: 3
MIN 0 OR BELOW: 0 1.00 INCH OR MORE: 1
[HDD (BASE 65) ]
TOTAL THIS MO. 0 CLEAR (SCALE 0-3) 26
DPTR FM NORMAL 0 PTCLDY (SCALE 4-7) 5
TOTAL FM JUL 1 0 CLOUDY (SCALE 8-10) 0
DPTR FM NORMAL 0
[CDD (BASE 65) ]
TOTAL THIS MO. 601
DPTR FM NORMAL 18 [PRESSURE DATA]
TOTAL FM JAN 1 2261 HIGHEST SLP 30.22 ON 14
DPTR FM NORMAL 140 LOWEST SLP 29.83 ON 7
[REMARKS]
#FINAL-07-21#