000
CXUS54 KLZK 011130
CF6SRC
PRELIMINARY LOCAL CLIMATOLOGICAL DATA (WS FORM: F-6)
STATION: SEARCY AIRPORT
MONTH: MAY
YEAR: 2021
LATITUDE: 35 12 N
LONGITUDE: 91 44 W
TEMPERATURE IN F: :PCPN: SNOW: WIND :SUNSHINE: SKY :PK WND
================================================================================
1 2 3 4 5 6A 6B 7 8 9 10 11 12 13 14 15 16 17 18
12Z AVG MX 2MIN
DY MAX MIN AVG DEP HDD CDD WTR SNW DPTH SPD SPD DIR MIN PSBL S-S WX SPD DR
================================================================================
1 81 49 65 0 0 0 0.01 M M 3.9 16 190 M M 1 21 170
2 69 62 66 1 0 1 T M M 4.2 10 170 M M 7 12 M M
3 84 63 74 8 0 9 T M M 3.8 16 180 M M 8 1 18 200
4 76 75 76 10 0 11 0.00 0.0 0 8.1 20 280 M M 6 38 46 300
5 M M M M M M 0.00 M M 5.0 12 20 M M 1 M M
6 M M M M M M 0.00 M M 4.9 14 310 M M 0 21 310
7 M M M M M M 0.00 M M 4.2 8 220 M M 3 M M
8 M M M M M M 0.00 M M 9.2 20 180 M M 3 24 180
9 72 57 65 -3 0 0 0.00 M M 11.0 22 310 M M 8 13 33 310
10 62 51 57 -11 8 0 T M M 8.1 14 40 M M 9 3 M M
11 64 52 58 -10 7 0 T M M 9.1 14 30 M M 10 20 60
12 68 54 61 -7 4 0 0.00 M M 11.7 20 40 M M 8 23 20
13 71 46 59 -10 6 0 0.00 M M 6.8 14 30 M M 2 17 20
14 75 43 59 -10 6 0 0.00 M M 3.0 10 70 M M 0 M M
15 81 47 64 -5 1 0 0.00 M M 3.2 9 200 M M 1 M M
16 83 56 70 0 0 5 0.00 M M 5.8 17 170 M M 2 1 16 190
17 76 62 69 -1 0 4 1.01 M M 7.3 15 170 M M 10 1 21 190
18 77 64 71 1 0 6 0.99 0.0 0 8.8 16 140 M M 10 1 23 130
19 77 65 71 0 0 6 0.01 0.0 0 7.2 13 120 M M 8 M M
20 84 68 76 5 0 11 0.09 0.0 0 7.3 15 120 M M 10 24 130
21 84 68 76 5 0 11 0.00 0.0 0 6.5 14 150 M M 9 1 18 150
22 87 62 75 3 0 10 0.00 0.0 0 2.4 8 120 M M 1 M M
23 86 61 74 2 0 9 0.00 M M 1.2 5 160 M M 1 1 M M
24 88 61 75 3 0 10 0.00 M M 1.9 10 160 M M 0 1 M M
25 86 66 76 4 0 11 0.02 M M 3.8 10 180 M M 5 M M
26 87 67 77 4 0 12 0.23 M M 3.5 8 190 M M 4 1 M M
27 89 66 78 5 0 13 0.43 0.0 0 7.6 15 20 M M 4 12 25 20
28 80 57 69 -4 0 4 0.28 0.0 0 6.8 15 340 M M 4 13 20 340
29 62 53 58 -16 7 0 0.00 0.0 0 9.3 14 50 M M 9 18 20
30 72 53 63 -11 2 0 0.00 0.0 0 5.9 12 90 M M 4 17 90
31 78 50 64 -10 1 0 0.00 M M 3.5 7 60 M M 0 M M
================================================================================
SM 2099 1578 42 133 3.07 0.0 185.1 M 148
================================================================================
AV 77.7 58.4 6.0 FASTST M M 5 MAX(MPH)
MISC ----> 22 310 46 300
================================================================================
NOTES:
# LAST OF SEVERAL OCCURRENCES
COLUMN 17 PEAK WIND IN M.P.H.
PRELIMINARY LOCAL CLIMATOLOGICAL DATA (WS FORM: F-6) , PAGE 2
STATION: SEARCY AIRPORT
MONTH: MAY
YEAR: 2021
LATITUDE: 35 12 N
LONGITUDE: 91 44 W
[TEMPERATURE DATA] [PRECIPITATION DATA] SYMBOLS USED IN COLUMN 16
AVERAGE MONTHLY: 68.1 TOTAL FOR MONTH: 3.07 1 = FOG OR MIST
DPTR FM NORMAL: -1.6 DPTR FM NORMAL: -2.45 2 = FOG REDUCING VISIBILITY
HIGHEST: 89 ON 27 GRTST 24HR 1.61 ON 17-18 TO 1/4 MILE OR LESS
LOWEST: 43 ON 14 3 = THUNDER
SNOW, ICE PELLETS, HAIL 4 = ICE PELLETS
TOTAL MONTH: 0.0 INCH 5 = HAIL
GRTST 24HR 0.0 6 = FREEZING RAIN OR DRIZZLE
GRTST DEPTH: 0 7 = DUSTSTORM OR SANDSTORM:
VSBY 1/2 MILE OR LESS
8 = SMOKE OR HAZE
[NO. OF DAYS WITH] [WEATHER - DAYS WITH] 9 = BLOWING SNOW
X = TORNADO
MAX 32 OR BELOW: 0 0.01 INCH OR MORE: 9
MAX 90 OR ABOVE: 0 0.10 INCH OR MORE: 5
MIN 32 OR BELOW: 0 0.50 INCH OR MORE: 2
MIN 0 OR BELOW: 0 1.00 INCH OR MORE: 1
[HDD (BASE 65) ]
TOTAL THIS MO. 42 CLEAR (SCALE 0-3) 12
DPTR FM NORMAL 9 PTCLDY (SCALE 4-7) 9
TOTAL FM JUL 1 3292 CLOUDY (SCALE 8-10) 10
DPTR FM NORMAL -238
[CDD (BASE 65) ]
TOTAL THIS MO. 133
DPTR FM NORMAL -45 [PRESSURE DATA]
TOTAL FM JAN 1 150 HIGHEST SLP 30.38 ON 13
DPTR FM NORMAL -80 LOWEST SLP 29.55 ON 2
[REMARKS]
#FINAL-05-21#