000
CXUS52 KTBW 011332
CF6SRQ
PRELIMINARY LOCAL CLIMATOLOGICAL DATA (WS FORM: F-6)
STATION: SARASOTA BRADENTON
MONTH: NOVEMBER
YEAR: 2021
LATITUDE: 27 23 N
LONGITUDE: 82 33 W
TEMPERATURE IN F: :PCPN: SNOW: WIND :SUNSHINE: SKY :PK WND
================================================================================
1 2 3 4 5 6A 6B 7 8 9 10 11 12 13 14 15 16 17 18
12Z AVG MX 2MIN
DY MAX MIN AVG DEP HDD CDD WTR SNW DPTH SPD SPD DIR MIN PSBL S-S WX SPD DR
================================================================================
1 74 59 67 -6 0 2 0.00 0.0 0 7.0 14 320 M M 3 18 320
2 85 63 74 1 0 9 0.00 0.0 0 7.3 13 360 M M 2 19 120
3 85 67 76 3 0 11 0.00 0.0 0 7.3 12 60 M M 1 16 30
4 79 68 74 2 0 9 0.06 0.0 0 8.8 14 60 M M 4 20 60
5 75 61 68 -4 0 3 1.33 0.0 0 11.5 23 140 M M 10 13 27 140
6 68 58 63 -9 2 0 T 0.0 0 12.0 23 10 M M 9 1 29 360
7 71 53 62 -10 3 0 0.00 0.0 0 8.6 18 330 M M 1 24 330
8 75 55 65 -7 0 0 0.00 0.0 0 7.1 15 10 M M 0 21 10
9 81 56 69 -2 0 4 0.00 0.0 0 8.0 14 80 M M 4 30 50
10 83 62 73 2 0 8 0.00 0.0 0 7.0 13 160 M M 4 2 17 100
11 80 65 73 2 0 8 0.02 0.0 0 5.3 14 110 M M 7 1 17 110
12 80 66 73 2 0 8 0.00 0.0 0 1.6 7 340 M M 2 1 9 10
13 79 60 70 0 0 5 0.02 0.0 0 4.8 20 320 M M 3 12 24 310
14 69 53 61 -9 4 0 0.00 0.0 0 6.5 16 310 M M 0 20 320
15 75 51 63 -7 2 0 0.00 0.0 0 6.5 16 30 M M 0 25 30
16 80 51 66 -4 0 1 0.00 0.0 0 7.7 14 80 M M 0 20 80
17 81 59 70 0 0 5 0.00 0.0 0 8.0 17 90 M M 0 22 100
18 76 68 72 3 0 7 0.01 0.0 0 6.6 12 80 M M 5 14 100
19 84 68 76 7 0 11 0.00 0.0 0 9.9 18 60 M M 5 26 60
20 80 65 73 4 0 8 T 0.0 0 12.2 20 60 M M 7 28 70
21 80 69 75 6 0 10 T 0.0 0 10.6 20 80 M M 8 27 60
22 77 67 72 3 0 7 T 0.0 0 8.2 21 330 M M 5 1 28 330
23 69 50 60 -8 5 0 0.00 0.0 0 9.3 16 30 M M 1 24 350
24 75 49 62 -6 3 0 0.00 0.0 0 10.0 17 80 M M 0 23 360
25 79 56 68 0 0 3 0.00 0.0 0 7.5 16 70 M M 2 28 60
26 74 54 64 -4 1 0 0.00 0.0 0 4.5 12 340 M M 3 18 260
27 69 51 60 -8 5 0 0.00 0.0 0 6.0 12 350 M M 0 15 10
28 72 49 61 -7 4 0 0.00 0.0 0 3.9 12 340 M M 2 14 330
29 72 52 62 -6 3 0 T 0.0 0 6.7 16 320 M M 4 21 320
30 73 49 61 -6 4 0 0.00 0.0 0 5.9 13 340 M M 0 17 340
================================================================================
SM 2300 1754 36 119 1.44 0.0 226.3 M 92
================================================================================
AV 76.7 58.5 7.5 FASTST M M 3 MAX(MPH)
MISC ----> # 23 140 30 50
================================================================================
NOTES:
# LAST OF SEVERAL OCCURRENCES
COLUMN 17 PEAK WIND IN M.P.H.
PRELIMINARY LOCAL CLIMATOLOGICAL DATA (WS FORM: F-6) , PAGE 2
STATION: SARASOTA BRADENTON
MONTH: NOVEMBER
YEAR: 2021
LATITUDE: 27 23 N
LONGITUDE: 82 33 W
[TEMPERATURE DATA] [PRECIPITATION DATA] SYMBOLS USED IN COLUMN 16
AVERAGE MONTHLY: 67.6 TOTAL FOR MONTH: 1.44 1 = FOG OR MIST
DPTR FM NORMAL: -2.5 DPTR FM NORMAL: -0.37 2 = FOG REDUCING VISIBILITY
HIGHEST: 85 ON 3, 2 GRTST 24HR 1.33 ON 5- 5 TO 1/4 MILE OR LESS
LOWEST: 49 ON 30,28 3 = THUNDER
SNOW, ICE PELLETS, HAIL 4 = ICE PELLETS
TOTAL MONTH: 0.0 INCH 5 = HAIL
GRTST 24HR 0.0 6 = FREEZING RAIN OR DRIZZLE
GRTST DEPTH: 0 7 = DUSTSTORM OR SANDSTORM:
VSBY 1/2 MILE OR LESS
8 = SMOKE OR HAZE
[NO. OF DAYS WITH] [WEATHER - DAYS WITH] 9 = BLOWING SNOW
X = TORNADO
MAX 32 OR BELOW: 0 0.01 INCH OR MORE: 5
MAX 90 OR ABOVE: 0 0.10 INCH OR MORE: 1
MIN 32 OR BELOW: 0 0.50 INCH OR MORE: 1
MIN 0 OR BELOW: 0 1.00 INCH OR MORE: 1
[HDD (BASE 65) ]
TOTAL THIS MO. 36 CLEAR (SCALE 0-3) 17
DPTR FM NORMAL 10 PTCLDY (SCALE 4-7) 10
TOTAL FM JUL 1 36 CLOUDY (SCALE 8-10) 3
DPTR FM NORMAL 9
[CDD (BASE 65) ]
TOTAL THIS MO. 119
DPTR FM NORMAL -59 [PRESSURE DATA]
TOTAL FM JAN 1 3746 HIGHEST SLP 30.25 ON 24
DPTR FM NORMAL 127 LOWEST SLP 29.79 ON 5
[REMARKS]
#FINAL-11-21#