000
CXUS54 KEPZ 011030
CF6SRR
PRELIMINARY LOCAL CLIMATOLOGICAL DATA (WS FORM: F-6)
STATION: RUIDOSO AWOS
MONTH: SEPTEMBER
YEAR: 2020
LATITUDE: 33 28 N
LONGITUDE: 105 32 W
TEMPERATURE IN F: :PCPN: SNOW: WIND :SUNSHINE: SKY :PK WND
================================================================================
1 2 3 4 5 6A 6B 7 8 9 10 11 12 13 14 15 16 17 18
12Z AVG MX 2MIN
DY MAX MIN AVG DEP HDD CDD WTR SNW DPTH SPD SPD DIR MIN PSBL S-S WX SPD DR
================================================================================
1 81 59 70 M 0 5 0.00 M M 11.6 23 350 M M 1 35 350
2 81 55 68 M 0 3 0.00 M M 6.7 17 340 M M 0 20 360
3 86 57 72 M 0 7 0.00 M M 8.6 15 110 M M 0 22 70
4 84 59 72 M 0 7 0.00 M M 7.4 17 120 M M 0 23 110
5 81 55 68 M 0 3 0.00 M M 8.0 17 130 M M 0 24 100
6 84 55 70 M 0 5 0.00 M M 6.3 12 160 M M 0 22 60
7 86 59 73 M 0 8 0.00 M M 7.0 15 120 M M 0 20 150
8 73 36 55 M 10 0 0.12 M M 12.4 21 120 M M 3 1 28 100
9 36 32 34 M 31 0 1.08 M M 10.6 15 140 M M 10 123 28 170
10 46 32 39 M 26 0 0.25 M M 6.3 12 140 M M 10 12 M M
11 66 41 54 M 11 0 0.00 M M 4.7 10 320 M M 6 12 M M
12 72 48 60 M 5 0 0.00 M M 6.2 10 240 M M 0 M M
13 68 50 59 M 6 0 0.00 M M 6.6 13 80 M M 1 21 80
14 66 50 58 M 7 0 0.00 M M 6.2 15 140 M M 3 21 120
15 73 48 61 M 4 0 0.00 M M 5.1 8 280 M M 2 M M
16 75 54 65 M 0 0 0.00 M M 9.6 18 30 M M 0 29 30
17 72 50 61 M 4 0 0.00 M M 6.1 12 110 M M 3 M M
18 70 50 60 M 5 0 0.00 M M 5.3 15 130 M M 3 20 100
19 73 46 60 M 5 0 0.00 M M 5.8 14 150 M M 2 21 130
20 75 48 62 M 3 0 0.00 M M 6.4 15 150 M M 0 18 120
21 75 50 63 M 2 0 0.00 M M 6.4 12 120 M M 1 18 120
22 81 54 68 M 0 3 0.00 M M 7.6 17 320 M M 0 24 320
23 81 57 69 M 0 4 0.04 M M 8.3 15 20 M M 2 29 20
24 79 54 67 M 0 2 0.00 M M 4.4 10 100 M M 0 17 40
25 82 55 69 M 0 4 0.00 M M 8.8 15 300 M M 0 22 280
26 82 61 72 M 0 7 0.00 M M 12.8 22 300 M M 0 30 310
27 81 52 67 M 0 2 0.00 M M 14.9 22 290 M M 0 31 290
28 57 39 48 M 17 0 0.00 M M 11.8 24 130 M M 4 29 130
29 70 37 54 M 11 0 0.00 M M 7.5 13 360 M M 1 20 20
30 81 48 65 M 0 0 0.00 M M 7.4 13 10 M M 0 17 300
================================================================================
SM 2217 1491 147 60 1.49 M 236.8 M 52
================================================================================
AV 73.9 49.7 7.9 FASTST M M 2 MAX(MPH)
MISC ----> 24 130 35 350
================================================================================
NOTES:
# LAST OF SEVERAL OCCURRENCES
COLUMN 17 PEAK WIND IN M.P.H.
PRELIMINARY LOCAL CLIMATOLOGICAL DATA (WS FORM: F-6) , PAGE 2
STATION: RUIDOSO AWOS
MONTH: SEPTEMBER
YEAR: 2020
LATITUDE: 33 28 N
LONGITUDE: 105 32 W
[TEMPERATURE DATA] [PRECIPITATION DATA] SYMBOLS USED IN COLUMN 16
AVERAGE MONTHLY: 61.8 TOTAL FOR MONTH: 1.49 1 = FOG OR MIST
DPTR FM NORMAL: 0.0 DPTR FM NORMAL: M 2 = FOG REDUCING VISIBILITY
HIGHEST: 86 ON 7, 3 GRTST 24HR 1.08 ON 9- 9 TO 1/4 MILE OR LESS
LOWEST: 32 ON 10, 9 3 = THUNDER
SNOW, ICE PELLETS, HAIL 4 = ICE PELLETS
TOTAL MONTH: M 5 = HAIL
GRTST 24HR M ON M 6 = FREEZING RAIN OR DRIZZLE
GRTST DEPTH: M ON M 7 = DUSTSTORM OR SANDSTORM:
VSBY 1/2 MILE OR LESS
8 = SMOKE OR HAZE
[NO. OF DAYS WITH] [WEATHER - DAYS WITH] 9 = BLOWING SNOW
X = TORNADO
MAX 32 OR BELOW: 0 0.01 INCH OR MORE: 4
MAX 90 OR ABOVE: 0 0.10 INCH OR MORE: 3
MIN 32 OR BELOW: 2 0.50 INCH OR MORE: 1
MIN 0 OR BELOW: 0 1.00 INCH OR MORE: 1
[HDD (BASE 65) ]
TOTAL THIS MO. 147 CLEAR (SCALE 0-3) 25
DPTR FM NORMAL M PTCLDY (SCALE 4-7) 3
TOTAL FM JUL 1 147 CLOUDY (SCALE 8-10) 2
DPTR FM NORMAL M
[CDD (BASE 65) ]
TOTAL THIS MO. 60
DPTR FM NORMAL M [PRESSURE DATA]
TOTAL FM JAN 1 748 HIGHEST SLP M ON M
DPTR FM NORMAL M LOWEST SLP M ON M
[REMARKS]
#FINAL-09-20#