000
CXUS53 KEAX 010836
CF6STJ
PRELIMINARY LOCAL CLIMATOLOGICAL DATA (WS FORM: F-6)
STATION: ST. JOSEPH MO
MONTH: FEBRUARY
YEAR: 2023
LATITUDE: 39 46 N
LONGITUDE: 94 55 W
TEMPERATURE IN F: :PCPN: SNOW: WIND :SUNSHINE: SKY :PK WND
================================================================================
1 2 3 4 5 6A 6B 7 8 9 10 11 12 13 14 15 16 17 18
12Z AVG MX 2MIN
DY MAX MIN AVG DEP HDD CDD WTR SNW DPTH SPD SPD DIR MIN PSBL S-S WX SPD DR
================================================================================
1 41 2 22 -6 43 0 0.00 M M 8.4 18 200 M M 0 24 210
2 44 9 27 -2 38 0 0.00 M M 10.5 26 340 M M 0 32 340
3 32 3 18 -11 47 0 0.00 M M 7.5 16 160 M M 0 22 150
4 56 24 40 11 25 0 0.00 M M 12.1 29 220 M M 0 37 210
5 60 21 41 12 24 0 0.00 M M 4.6 14 280 M M 0 19 270
6 68 24 46 17 19 0 0.00 M M 13.9 33 180 M M 0 47 200
7 51 20 36 6 29 0 0.00 M M 6.8 18 330 M M 0 25 300
8 47 14 31 1 34 0 0.43 M M 4.6 17 10 M M 4 1 24 10
9 38 30 34 4 31 0 0.90 M M 14.8 25 340 M M 10 1 33 350
10 35 18 27 -3 38 0 0.00 M M 7.3 20 340 M M 1 25 340
11 44 15 30 -1 35 0 0.00 M M 4.9 13 210 M M 0 1 16 210
12 57 23 40 9 25 0 0.00 M M 6.0 15 190 M M 0 22 190
13 58 22 40 9 25 0 0.00 M M 6.4 15 170 M M 0 1 19 160
14 54 39 47 15 18 0 0.28 M M 14.4 33 220 M M 7 1 44 220
15 41 28 35 3 30 0 0.03 M M 16.0 28 280 M M 9 16 39 290
16 28 13 21 -11 44 0 0.05 M M 12.6 23 350 M M 8 16 32 350
17 43 8 26 -6 39 0 0.00 M M 6.4 17 200 M M 0 1 21 210
18 55 31 43 10 22 0 0.00 M M 16.3 31 210 M M 0 40 210
19 56 27 42 9 23 0 0.00 M M 7.4 20 200 M M 0 26 200
20 60 22 41 7 24 0 0.00 M M 6.9 23 270 M M 1 12 33 270
21 54 22 38 4 27 0 0.00 M M 7.7 22 120 M M 0 1 32 130
22 50 28 39 5 26 0 0.01 M M 10.6 21 290 M M 8 18 26 290
23 28 12 20 -15 45 0 0.00 M M 14.7 25 270 M M 3 35 270
24 30 10 20 -15 45 0 T M M 8.3 18 20 M M 8 6 23 10
25 46 11 29 -7 36 0 0.00 M M 5.0 14 200 M M 1 18 180
26 56 20 38 2 27 0 0.21 M M 8.5 17 140 M M 7 1238 24 140
27 62 36 49 13 16 0 1.59 M M 15.3 29 260 M M 5 13 38 290
28 59 28 44 7 21 0 0.00 M M 6.2 21 130 M M 2 18 27 130
================================================================================
SM 1353 560 856 0 3.50 M 264.1 M 74
================================================================================
AV 48.3 20.0 9.4 FASTST M M 3 MAX(MPH)
MISC ----> # 33 180 47 200
================================================================================
NOTES:
# LAST OF SEVERAL OCCURRENCES
COLUMN 17 PEAK WIND IN M.P.H.
PRELIMINARY LOCAL CLIMATOLOGICAL DATA (WS FORM: F-6) , PAGE 2
STATION: ST. JOSEPH MO
MONTH: FEBRUARY
YEAR: 2023
LATITUDE: 39 46 N
LONGITUDE: 94 55 W
[TEMPERATURE DATA] [PRECIPITATION DATA] SYMBOLS USED IN COLUMN 16
AVERAGE MONTHLY: 34.2 TOTAL FOR MONTH: 3.50 1 = FOG OR MIST
DPTR FM NORMAL: 2.2 DPTR FM NORMAL: 2.55 2 = FOG REDUCING VISIBILITY
HIGHEST: 68 ON 6 GRTST 24HR 1.80 ON 26-27 TO 1/4 MILE OR LESS
LOWEST: 2 ON 1 3 = THUNDER
SNOW, ICE PELLETS, HAIL 4 = ICE PELLETS
TOTAL MONTH: M 5 = HAIL
GRTST 24HR M ON M 6 = FREEZING RAIN OR DRIZZLE
GRTST DEPTH: M ON M 7 = DUSTSTORM OR SANDSTORM:
VSBY 1/2 MILE OR LESS
8 = SMOKE OR HAZE
[NO. OF DAYS WITH] [WEATHER - DAYS WITH] 9 = BLOWING SNOW
X = TORNADO
MAX 32 OR BELOW: 4 0.01 INCH OR MORE: 8
MAX 90 OR ABOVE: 0 0.10 INCH OR MORE: 5
MIN 32 OR BELOW: 26 0.50 INCH OR MORE: 2
MIN 0 OR BELOW: 0 1.00 INCH OR MORE: 1
[HDD (BASE 65) ]
TOTAL THIS MO. 856 CLEAR (SCALE 0-3) 19
DPTR FM NORMAL -68 PTCLDY (SCALE 4-7) 6
TOTAL FM JUL 1 4225 CLOUDY (SCALE 8-10) 3
DPTR FM NORMAL -12
[CDD (BASE 65) ]
TOTAL THIS MO. 0
DPTR FM NORMAL 0 [PRESSURE DATA]
TOTAL FM JAN 1 0 HIGHEST SLP 30.71 ON 3
DPTR FM NORMAL 0 LOWEST SLP 28.93 ON 27
[REMARKS]
#FINAL-02-23#