000
CXUS53 KEAX 010736
CF6STJ
PRELIMINARY LOCAL CLIMATOLOGICAL DATA (WS FORM: F-6)
STATION: ST. JOSEPH MO
MONTH: SEPTEMBER
YEAR: 2021
LATITUDE: 39 46 N
LONGITUDE: 94 55 W
TEMPERATURE IN F: :PCPN: SNOW: WIND :SUNSHINE: SKY :PK WND
================================================================================
1 2 3 4 5 6A 6B 7 8 9 10 11 12 13 14 15 16 17 18
12Z AVG MX 2MIN
DY MAX MIN AVG DEP HDD CDD WTR SNW DPTH SPD SPD DIR MIN PSBL S-S WX SPD DR
================================================================================
1 81 64 73 1 0 8 0.00 M M 8.4 14 120 M M 4 19 80
2 79 66 73 2 0 8 0.07 M M 10.3 17 120 M M 1 1 25 150
3 81 67 74 3 0 9 1.01 M M 7.3 15 160 M M 7 13 19 160
4 76 59 68 -3 0 3 0.01 M M 5.2 14 330 M M 5 12 17 340
5 81 55 68 -2 0 3 0.00 M M 3.8 10 210 M M 4 128 14 190
6 86 58 72 2 0 7 0.00 M M 6.7 15 190 M M 0 19 180
7 88 59 74 4 0 9 0.00 M M 8.0 16 340 M M 0 23 210
8 82 50 66 -4 0 1 0.00 M M 4.2 16 320 M M 0 1 26 310
9 82 53 68 -1 0 3 0.00 M M 4.6 13 130 M M 1 19 110
10 86 60 73 4 0 8 0.00 M M 5.4 13 180 M M 0 12 17 190
11 85 63 74 5 0 9 0.00 M M 8.5 20 180 M M 0 12 26 170
12 87 64 76 8 0 11 0.00 M M 8.4 17 200 M M 0 24 190
13 87 62 75 7 0 10 0.00 M M 10.8 26 190 M M 0 35 210
14 78 60 69 1 0 4 0.01 M M 5.6 15 190 M M 3 12 24 190
15 82 52 67 0 0 2 0.00 M M 5.7 15 150 M M 1 12 19 140
16 88 56 72 5 0 7 0.00 M M 7.9 20 170 M M 0 26 160
17 90 64 77 10 0 12 T M M 5.2 14 320 M M 2 38 18 310
18 88 59 74 8 0 9 0.00 M M 3.7 12 150 M M 0 20 160
19 88 60 74 8 0 9 0.00 M M 8.6 18 150 M M 1 12 25 150
20 88 59 74 8 0 9 0.08 M M 11.8 23 350 M M 4 138 34 340
21 77 47 62 -3 3 0 0.00 M M 10.5 23 330 M M 0 8 33 350
22 74 40 57 -8 8 0 0.00 M M 4.5 16 350 M M 0 8 22 360
23 79 39 59 -5 6 0 0.00 M M 5.3 13 180 M M 2 12 19 210
24 76 51 64 0 1 0 T M M 7.9 20 220 M M 1 29 220
25 79 40 60 -4 5 0 0.00 M M 4.5 14 210 M M 2 12 22 190
26 94 50 72 9 0 7 0.00 M M 11.3 28 210 M M 0 39 210
27 95 59 77 14 0 12 0.00 M M 8.9 17 260 M M 0 27 220
28 92 54 73 10 0 8 0.00 M M 4.4 18 150 M M 0 1 26 170
29 80 56 68 6 0 3 T M M 5.0 13 120 M M 1 16 130
30 84 61 73 11 0 8 0.00 M M 5.6 17 160 M M 4 13 22 170
================================================================================
SM 2513 1687 23 179 1.18 M 208.0 M 43
================================================================================
AV 83.8 56.2 6.9 FASTST M M 1 MAX(MPH)
MISC ----> 28 210 39 210
================================================================================
NOTES:
# LAST OF SEVERAL OCCURRENCES
COLUMN 17 PEAK WIND IN M.P.H.
PRELIMINARY LOCAL CLIMATOLOGICAL DATA (WS FORM: F-6) , PAGE 2
STATION: ST. JOSEPH MO
MONTH: SEPTEMBER
YEAR: 2021
LATITUDE: 39 46 N
LONGITUDE: 94 55 W
[TEMPERATURE DATA] [PRECIPITATION DATA] SYMBOLS USED IN COLUMN 16
AVERAGE MONTHLY: 70.0 TOTAL FOR MONTH: 1.18 1 = FOG OR MIST
DPTR FM NORMAL: 3.0 DPTR FM NORMAL: -2.00 2 = FOG REDUCING VISIBILITY
HIGHEST: 95 ON 27 GRTST 24HR 1.08 ON 2- 3 TO 1/4 MILE OR LESS
LOWEST: 39 ON 23 3 = THUNDER
SNOW, ICE PELLETS, HAIL 4 = ICE PELLETS
TOTAL MONTH: M 5 = HAIL
GRTST 24HR M ON M 6 = FREEZING RAIN OR DRIZZLE
GRTST DEPTH: M ON M 7 = DUSTSTORM OR SANDSTORM:
VSBY 1/2 MILE OR LESS
8 = SMOKE OR HAZE
[NO. OF DAYS WITH] [WEATHER - DAYS WITH] 9 = BLOWING SNOW
X = TORNADO
MAX 32 OR BELOW: 0 0.01 INCH OR MORE: 5
MAX 90 OR ABOVE: 4 0.10 INCH OR MORE: 1
MIN 32 OR BELOW: 0 0.50 INCH OR MORE: 1
MIN 0 OR BELOW: 0 1.00 INCH OR MORE: 1
[HDD (BASE 65) ]
TOTAL THIS MO. 23 CLEAR (SCALE 0-3) 24
DPTR FM NORMAL -48 PTCLDY (SCALE 4-7) 6
TOTAL FM JUL 1 23 CLOUDY (SCALE 8-10) 0
DPTR FM NORMAL -53
[CDD (BASE 65) ]
TOTAL THIS MO. 179
DPTR FM NORMAL 46 [PRESSURE DATA]
TOTAL FM JAN 1 1296 HIGHEST SLP M ON M
DPTR FM NORMAL 35 LOWEST SLP 29.68 ON 20
[REMARKS]
#FINAL-09-21#