552
CXUS55 KEAX 010736
CF6STJ
PRELIMINARY LOCAL CLIMATOLOGICAL DATA (WS FORM: F-6)
STATION: ST. JOSEPH MO
MONTH: APRIL
YEAR: 2020
LATITUDE: 39 46 N
LONGITUDE: 94 55 W
TEMPERATURE IN F: :PCPN: SNOW: WIND :SUNSHINE: SKY :PK WND
================================================================================
1 2 3 4 5 6A 6B 7 8 9 10 11 12 13 14 15 16 17 18
12Z AVG MX 2MIN
DY MAX MIN AVG DEP HDD CDD WTR SNW DPTH SPD SPD DIR MIN PSBL S-S WX SPD DR
================================================================================
1 74 42 58 8 7 0 0.00 M M 11.5 24 170 M M 0 33 160
2 68 37 53 3 12 0 0.01 M M 12.1 23 160 M M 7 31 160
3 37 29 33 -17 32 0 0.33 M M 15.9 24 340 M M 10 1368 32 330
4 46 30 38 -13 27 0 0.00 M M 8.0 18 360 M M 7 23 360
5 62 27 45 -6 20 0 0.00 M M 7.2 17 130 M M 2 12 23 130
6 66 51 59 8 6 0 0.00 M M 9.0 17 180 M M 9 1 23 160
7 85 55 70 18 0 5 0.00 M M 8.1 16 230 M M 2 18 23 230
8 88 44 66 14 0 1 0.00 M M 10.3 32 10 M M 0 128 43 10
9 61 31 46 -6 19 0 0.00 M M 15.1 36 330 M M 0 46 330
10 56 22 39 -13 26 0 0.00 M M 7.7 20 180 M M 3 25 180
11 75 46 61 8 4 0 0.11 M M 13.7 29 180 M M 3 3 38 180
12 64 31 48 -5 17 0 0.57 M M 21.6 38 350 M M 8 13 54 360
13 47 27 37 -16 28 0 0.00 M M 14.2 24 330 M M 1 33 350
14 50 26 38 -16 27 0 0.00 M M 8.8 24 290 M M 2 33 280
15 53 30 42 -12 23 0 0.00 M M 5.6 20 360 M M 3 26 10
16 44 32 38 -16 27 0 0.70 M M 12.4 22 70 M M 9 1238 32 90
17 47 32 40 -15 25 0 0.05 M M 10.4 20 10 M M 6 8 26 10
18 65 33 49 -6 16 0 0.00 M M 13.3 26 200 M M 0 8 37 190
19 68 42 55 0 10 0 0.00 M M 7.3 18 50 M M 1 8 28 50
20 72 38 55 -1 10 0 0.01 M M 8.5 24 320 M M 3 1 32 320
21 72 37 55 -1 10 0 0.00 M M 5.2 14 160 M M 0 19 160
22 70 50 60 4 5 0 0.00 M M 6.8 20 200 M M 3 18 24 200
23 78 48 63 7 2 0 0.00 M M 3.2 10 330 M M 4 12 15 140
24 64 51 58 1 7 0 0.94 M M 6.8 23 300 M M 8 13 34 300
25 68 49 59 2 6 0 0.02 M M 9.6 25 300 M M 3 18 40 300
26 72 40 56 -1 9 0 T M M 5.0 14 200 M M 2 18 20 150
27 79 56 68 10 0 3 0.07 M M 12.7 26 200 M M 3 3 35 180
28 73 51 62 4 3 0 0.17 M M 8.8 32 310 M M 3 43 310
29 72 48 60 2 5 0 0.01 M M 18.6 37 340 M M 4 50 330
30 76 42 59 0 6 0 0.00 M M 4.0 14 290 M M 0 22 300
================================================================================
SM 1952 1177 389 9 2.99 M 301.4 M 106
================================================================================
AV 65.1 39.2 10.0 FASTST M M 4 MAX(MPH)
MISC ----> 38 350 54 360
================================================================================
NOTES:
# LAST OF SEVERAL OCCURRENCES
COLUMN 17 PEAK WIND IN M.P.H.
PRELIMINARY LOCAL CLIMATOLOGICAL DATA (WS FORM: F-6) , PAGE 2
STATION: ST. JOSEPH MO
MONTH: APRIL
YEAR: 2020
LATITUDE: 39 46 N
LONGITUDE: 94 55 W
[TEMPERATURE DATA] [PRECIPITATION DATA] SYMBOLS USED IN COLUMN 16
AVERAGE MONTHLY: 52.2 TOTAL FOR MONTH: 2.99 1 = FOG OR MIST
DPTR FM NORMAL: -2.0 DPTR FM NORMAL: -0.80 2 = FOG REDUCING VISIBILITY
HIGHEST: 88 ON 8 GRTST 24HR 0.96 ON 24-25 TO 1/4 MILE OR LESS
LOWEST: 22 ON 10 3 = THUNDER
SNOW, ICE PELLETS, HAIL 4 = ICE PELLETS
TOTAL MONTH: M 5 = HAIL
GRTST 24HR M ON M 6 = FREEZING RAIN OR DRIZZLE
GRTST DEPTH: M ON M 7 = DUSTSTORM OR SANDSTORM:
VSBY 1/2 MILE OR LESS
8 = SMOKE OR HAZE
[NO. OF DAYS WITH] [WEATHER - DAYS WITH] 9 = BLOWING SNOW
X = TORNADO
MAX 32 OR BELOW: 0 0.01 INCH OR MORE: 12
MAX 90 OR ABOVE: 0 0.10 INCH OR MORE: 6
MIN 32 OR BELOW: 11 0.50 INCH OR MORE: 3
MIN 0 OR BELOW: 0 1.00 INCH OR MORE: 0
[HDD (BASE 65) ]
TOTAL THIS MO. 389 CLEAR (SCALE 0-3) 17
DPTR FM NORMAL 44 PTCLDY (SCALE 4-7) 8
TOTAL FM JUL 1 4906 CLOUDY (SCALE 8-10) 5
DPTR FM NORMAL -431
[CDD (BASE 65) ]
TOTAL THIS MO. 9
DPTR FM NORMAL -10 [PRESSURE DATA]
TOTAL FM JAN 1 9 HIGHEST SLP M ON M
DPTR FM NORMAL -12 LOWEST SLP 29.44 ON 12
[REMARKS]
#FINAL-04-20#