000
CXUS53 KGRB 240647
CF6SUE
PRELIMINARY LOCAL CLIMATOLOGICAL DATA (WS FORM: F-6)
STATION: STURGEON BAY WI
MONTH: JUNE
YEAR: 2022
LATITUDE: 44 55 N
LONGITUDE: 87 25 W
TEMPERATURE IN F: :PCPN: SNOW: WIND :SUNSHINE: SKY :PK WND
================================================================================
1 2 3 4 5 6A 6B 7 8 9 10 11 12 13 14 15 16 17 18
12Z AVG MX 2MIN
DY MAX MIN AVG DEP HDD CDD WTR SNW DPTH SPD SPD DIR MIN PSBL S-S WX SPD DR
================================================================================
1 68 50 59 M 6 0 M M M 8.9 15 270 M M 0 22 270
2 71 46 59 M 6 0 T M M 6.3 15 190 M M 1 M M
3 67 45 56 M 9 0 M M M 8.2 20 330 M M 1 31 300
4 70 45 58 M 7 0 M M M 9.5 15 170 M M 0 20 170
5 68 50 59 M 6 0 0.03 M M 7.0 15 170 M M 4 22 170
6 58 50 54 M 11 0 0.57 M M 6.8 13 360 M M 9 1 M M
7 71 50 61 M 4 0 M M M 6.7 12 350 M M 6 8 16 350
8 64 50 57 M 8 0 0.03 M M 6.7 12 180 M M 3 M M
9 72 54 63 M 2 0 T M M 6.8 12 250 M M 3 M M
10 74 51 63 M 2 0 M M M 4.4 12 170 M M 3 M M
11 67 50 59 M 6 0 0.24 M M 6.3 14 10 M M 7 1 18 360
12 63 49 56 M 9 0 M M M 6.7 14 360 M M 1 18 30
13 66 50 58 M 7 0 0.12 M M 6.7 12 190 M M 3 1 M M
14 76 58 67 M 0 2 M M M 10.2 18 180 M M 6 1 25 180
15 88 68 78 M 0 13 0.05 M M 10.7 21 160 M M 2 138 56 240
16 81 64 73 M 0 8 M M M 14.6 26 260 M M 1 38 240
17 77 57 67 M 0 2 M M M 11.7 20 10 M M 0 28 10
18 69 51 60 M 5 0 M M M 5.7 9 50 M M 0 M M
19 70 47 59 M 6 0 M M M 7.6 15 180 M M 1 21 170
20 91 56 74 M 0 9 M M M 8.5 16 250 M M 0 8 21 99
21 92 75 84 M 0 19 M M M 12.0 17 220 M M 1 24 260
22 81 56 69 M 0 4 M M M 8.6 14 300 M M 0 M M
23 78 54 66 M 0 1 0.02 M M 8.7 16 170 M M 0 8 21 160
================================================================================
SM 1682 1226 94 58 1.06 M 189.5 M 52
================================================================================
AV 73.1 53.3 8.2 FASTST M M 2 MAX(MPH)
MISC ----> 26 260 56 240
================================================================================
NOTES:
# LAST OF SEVERAL OCCURRENCES
COLUMN 17 PEAK WIND IN M.P.H.
PRELIMINARY LOCAL CLIMATOLOGICAL DATA (WS FORM: F-6) , PAGE 2
STATION: STURGEON BAY WI
MONTH: JUNE
YEAR: 2022
LATITUDE: 44 55 N
LONGITUDE: 87 25 W
[TEMPERATURE DATA] [PRECIPITATION DATA] SYMBOLS USED IN COLUMN 16
AVERAGE MONTHLY: 63.2 TOTAL FOR MONTH: 1.06 1 = FOG OR MIST
DPTR FM NORMAL: 0.0 DPTR FM NORMAL: 1.06 2 = FOG REDUCING VISIBILITY
HIGHEST: 92 ON 21 GRTST 24HR 0.57 ON 6- 6 TO 1/4 MILE OR LESS
LOWEST: 45 ON 4, 3 3 = THUNDER
SNOW, ICE PELLETS, HAIL 4 = ICE PELLETS
TOTAL MONTH: M 5 = HAIL
GRTST 24HR M ON M 6 = FREEZING RAIN OR DRIZZLE
GRTST DEPTH: M ON M 7 = DUSTSTORM OR SANDSTORM:
VSBY 1/2 MILE OR LESS
8 = SMOKE OR HAZE
[NO. OF DAYS WITH] [WEATHER - DAYS WITH] 9 = BLOWING SNOW
X = TORNADO
MAX 32 OR BELOW: 0 0.01 INCH OR MORE: 7
MAX 90 OR ABOVE: 2 0.10 INCH OR MORE: 3
MIN 32 OR BELOW: 0 0.50 INCH OR MORE: 1
MIN 0 OR BELOW: 0 1.00 INCH OR MORE: 0
[HDD (BASE 65) ]
TOTAL THIS MO. 94 CLEAR (SCALE 0-3) 17
DPTR FM NORMAL M PTCLDY (SCALE 4-7) 5
TOTAL FM JUL 1 7397 CLOUDY (SCALE 8-10) 1
DPTR FM NORMAL 7159
[CDD (BASE 65) ]
TOTAL THIS MO. 58
DPTR FM NORMAL M [PRESSURE DATA]
TOTAL FM JAN 1 72 HIGHEST SLP M ON M
DPTR FM NORMAL 72 LOWEST SLP M ON M
[REMARKS]