000
CXUS53 KGRB 010754
CF6SUE
PRELIMINARY LOCAL CLIMATOLOGICAL DATA (WS FORM: F-6)
STATION: STURGEON BAY WI
MONTH: OCTOBER
YEAR: 2023
LATITUDE: 44 55 N
LONGITUDE: 87 25 W
TEMPERATURE IN F: :PCPN: SNOW: WIND :SUNSHINE: SKY :PK WND
================================================================================
1 2 3 4 5 6A 6B 7 8 9 10 11 12 13 14 15 16 17 18
12Z AVG MX 2MIN
DY MAX MIN AVG DEP HDD CDD WTR SNW DPTH SPD SPD DIR MIN PSBL S-S WX SPD DR
================================================================================
1 82 65 74 M 0 9 M M M 9.7 14 210 M M 2 18 200
2 83 61 72 M 0 7 M M M 8.8 14 190 M M 0 M M
3 82 62 72 M 0 7 M M M 10.4 17 190 M M 0 25 190
4 77 64 71 M 0 6 M M M 11.2 18 210 M M 3 25 240
5 70 52 61 M 4 0 T M M 9.5 16 280 M M 2 28 280
6 59 46 53 M 12 0 T M M 14.8 21 340 M M 5 30 240
7 55 44 50 M 15 0 M M M 15.5 20 330 M M 7 31 320
8 54 43 49 M 16 0 M M M 13.6 17 360 M M 3 24 340
9 50 41 46 M 19 0 T M M 14.0 18 340 M M 6 23 320
10 51 43 47 M 18 0 T M M 9.1 14 320 M M 10 18 320
11 57 39 48 M 17 0 M M M 4.1 12 360 M M 5 16 330
12 55 42 49 M 16 0 M M M 8.4 14 70 M M 5 21 70
13 53 48 51 M 14 0 0.70 M M 8.6 13 80 M M 10 18 80
14 56 46 51 M 14 0 T M M 14.7 21 20 M M 9 31 30
15 53 46 50 M 15 0 0.01 M M 17.3 25 20 M M 9 1 35 20
16 54 42 48 M 17 0 M M M 10.1 21 20 M M 7 25 20
17 53 43 48 M 17 0 M M M 3.4 6 200 M M 7 1 M M
18 62 47 55 M 10 0 0.28 M M 12.1 18 180 M M 3 25 190
19 58 51 55 M 10 0 0.21 M M 6.3 16 10 M M 10 20 10
20 56 39 48 M 17 0 T M M 13.7 22 350 M M 5 29 350
21 48 35 42 M 23 0 T M M 8.1 20 10 M M 8 24 360
22 50 39 45 M 20 0 M M M 8.8 15 360 M M 5 18 350
23 56 40 48 M 17 0 0.23 M M 9.9 29 160 M M 7 13 35 170
24 65 55 60 M 5 0 2.22 M M 10.2 18 190 M M 8 13 30 300
25 61 52 57 M 8 0 0.15 M M 7.0 13 10 M M 10 1 M M
26 63 52 58 M 7 0 0.57 M M 6.1 13 180 M M 10 1 M M
27 69 42 56 M 9 0 0.01 M M 10.4 20 280 M M 10 1 26 290
28 43 38 41 M 24 0 T M M 7.2 15 330 M M 6 25 320
29 40 35 38 M 27 0 T M M 8.4 13 360 M M 8 16 330
30 35 27 31 M 34 0 M M M 10.3 17 300 M M 2 22 320
31 39 28 34 M 31 0 T M M 9.6 17 360 M M 8 1 31 30
================================================================================
SM 1789 1407 436 29 4.38 M 311.0 M 190
================================================================================
AV 57.7 45.4 10.0 FASTST M M 6 MAX(MPH)
MISC ----> 29 160 # 35 20
================================================================================
NOTES:
# LAST OF SEVERAL OCCURRENCES
COLUMN 17 PEAK WIND IN M.P.H.
PRELIMINARY LOCAL CLIMATOLOGICAL DATA (WS FORM: F-6) , PAGE 2
STATION: STURGEON BAY WI
MONTH: OCTOBER
YEAR: 2023
LATITUDE: 44 55 N
LONGITUDE: 87 25 W
[TEMPERATURE DATA] [PRECIPITATION DATA] SYMBOLS USED IN COLUMN 16
AVERAGE MONTHLY: 51.5 TOTAL FOR MONTH: 4.38 1 = FOG OR MIST
DPTR FM NORMAL: 0.0 DPTR FM NORMAL: M 2 = FOG REDUCING VISIBILITY
HIGHEST: 83 ON 2 GRTST 24HR 2.22 ON 24-24 TO 1/4 MILE OR LESS
LOWEST: 27 ON 30 3 = THUNDER
SNOW, ICE PELLETS, HAIL 4 = ICE PELLETS
TOTAL MONTH: M 5 = HAIL
GRTST 24HR M ON M 6 = FREEZING RAIN OR DRIZZLE
GRTST DEPTH: M ON M 7 = DUSTSTORM OR SANDSTORM:
VSBY 1/2 MILE OR LESS
8 = SMOKE OR HAZE
[NO. OF DAYS WITH] [WEATHER - DAYS WITH] 9 = BLOWING SNOW
X = TORNADO
MAX 32 OR BELOW: 0 0.01 INCH OR MORE: 9
MAX 90 OR ABOVE: 0 0.10 INCH OR MORE: 7
MIN 32 OR BELOW: 2 0.50 INCH OR MORE: 3
MIN 0 OR BELOW: 0 1.00 INCH OR MORE: 1
[HDD (BASE 65) ]
TOTAL THIS MO. 436 CLEAR (SCALE 0-3) 7
DPTR FM NORMAL M PTCLDY (SCALE 4-7) 15
TOTAL FM JUL 1 562 CLOUDY (SCALE 8-10) 9
DPTR FM NORMAL M
[CDD (BASE 65) ]
TOTAL THIS MO. 29
DPTR FM NORMAL M [PRESSURE DATA]
TOTAL FM JAN 1 414 HIGHEST SLP M ON M
DPTR FM NORMAL 414 LOWEST SLP M ON M
[REMARKS]
#FINAL-10-23#