000
CXUS53 KFSD 012001
CF6SUX
PRELIMINARY LOCAL CLIMATOLOGICAL DATA (WS FORM: F-6)
STATION: SIOUX CITY IA
MONTH: JANUARY
YEAR: 2024
LATITUDE: 42 24 N
LONGITUDE: 96 23 W
TEMPERATURE IN F: :PCPN: SNOW: WIND :SUNSHINE: SKY :PK WND
================================================================================
1 2 3 4 5 6A 6B 7 8 9 10 11 12 13 14 15 16 17 18
12Z AVG MX 2MIN
DY MAX MIN AVG DEP HDD CDD WTR SNW DPTH SPD SPD DIR MIN PSBL S-S WX SPD DR
================================================================================
1 33 9 21 1 44 0 0.00 0.0 1 7.3 15 230 M M 1 19 230
2 36 20 28 8 37 0 0.00 0.0 1 7.7 21 330 M M 2 1 25 330
3 29 16 23 3 42 0 0.01 0.1 1 6.2 14 20 M M 8 12 18 30
4 30 24 27 7 38 0 0.00 0.0 1 7.0 13 160 M M 10 16 150
5 33 27 30 10 35 0 0.00 0.0 1 7.2 15 200 M M 9 1 18 190
6 31 22 27 7 38 0 0.03 0.7 1 9.9 21 330 M M 10 1 27 320
7 27 21 24 4 41 0 0.00 0.0 2 8.3 18 330 M M 9 1 24 340
8 33 27 30 10 35 0 0.78 8.3 2 12.2 21 100 M M 10 1 29 110
9 29 0 15 -5 50 0 0.22 3.3 11 16.3 29 320 M M 6 1 36 310
10 24 3 14 -6 51 0 0.14 1.5 11 9.2 23 330 M M 7 2 31 330
11 23 4 14 -6 51 0 0.12 1.9 12 14.9 24 330 M M 6 1 30 330
12 7 -1 3 -17 62 0 0.28 4.5 17 24.2 38 330 M M 3 19 47 320
13 2 -15 -6 -26 71 0 0.04 0.5 16 24.6 37 320 M M 0 9 49 320
14 -9 -18 -13 -33 78 0 0.00 0.0 15 12.4 25 310 M M 0 32 310
15 -3 -14 -8 -28 73 0 0.00 0.0 13 14.4 24 300 M M 0 9 33 290
16 12 -9 2 -18 63 0 0.00 0.0 13 10.8 17 240 M M 1 24 240
17 19 0 10 -10 55 0 T T 13 4.1 15 250 M M 6 1 18 250
18 20 0 10 -10 55 0 0.11 2.3 13 12.5 28 330 M M 9 129 35 330
19 4 -10 -3 -23 68 0 0.00 0.0 15 12.5 25 330 M M 0 1 30 320
20 2 -20 -9 -29 74 0 T T 14 7.3 16 150 M M 1 1 23 150
21 26 0 13 -7 52 0 0.00 0.0 14 17.1 26 180 M M 0 36 170
22 36 23 30 10 35 0 0.00 0.0 14 7.8 20 190 M M 3 1 27 180
23 33 31 32 12 33 0 0.00 0.0 12 5.2 8 130 M M 10 1 M M
24 36 32 34 14 31 0 T T 10 6.2 13 190 M M 10 1 17 180
25 35 32 34 14 31 0 0.00 0.0 8 4.2 10 200 M M 10 1 13 200
26 34 29 32 12 33 0 0.00 0.0 8 7.3 13 320 M M 10 1 16 330
27 35 24 30 10 35 0 0.00 0.0 7 8.1 15 330 M M 5 12 18 320
28 39 18 29 9 36 0 0.00 0.0 7 5.8 13 310 M M 0 1 16 310
29 44 20 32 12 33 0 0.00 0.0 6 7.5 22 320 M M 1 12 27 320
30 42 24 33 12 32 0 0.00 0.0 4 5.4 17 310 M M 0 1 20 310
31 47 25 36 15 29 0 0.00 0.0 3 6.9 12 170 M M 0 1 13 120
================================================================================
SM 789 344 1441 0 1.73 23.1 310.5 M 147
================================================================================
AV 25.5 11.1 10.0 FASTST M M 5 MAX(MPH)
MISC ----> 38 330 49 320
================================================================================
NOTES:
# LAST OF SEVERAL OCCURRENCES
-COLUMN 17 PEAK WIND IN M.P.H.
-PRECIPITATION AMOUNTS IN COLUMNS 7,8 AND 9 ARE THE OFFICIAL
PRECIPITATION AMOUNTS FOR SIOUX CITY, IA.
-SNOW DEPTH IN COLUMN 9 IS RECORDED AT 6 AM CST (12Z).
PRELIMINARY LOCAL CLIMATOLOGICAL DATA (WS FORM: F-6) , PAGE 2
STATION: SIOUX CITY IA
MONTH: JANUARY
YEAR: 2024
LATITUDE: 42 24 N
LONGITUDE: 96 23 W
[TEMPERATURE DATA] [PRECIPITATION DATA] SYMBOLS USED IN COLUMN 16
AVERAGE MONTHLY: 18.3 TOTAL FOR MONTH: 1.73 1 = FOG OR MIST
DPTR FM NORMAL: -1.7 DPTR FM NORMAL: 1.04 2 = FOG REDUCING VISIBILITY
HIGHEST: 47 ON 31 GRTST 24HR 0.99 ON 8- 9 TO 1/4 MILE OR LESS
LOWEST: -20 ON 20 3 = THUNDER
SNOW, ICE PELLETS, HAIL 4 = ICE PELLETS
TOTAL MONTH: 23.1 INCHES 5 = HAIL
GRTST 24HR 11.3 ON 8- 9 6 = FREEZING RAIN OR DRIZZLE
GRTST DEPTH: 17 ON 12 7 = DUSTSTORM OR SANDSTORM:
VSBY 1/2 MILE OR LESS
8 = SMOKE OR HAZE
[NO. OF DAYS WITH] [WEATHER - DAYS WITH] 9 = BLOWING SNOW
X = TORNADO
MAX 32 OR BELOW: 17 0.01 INCH OR MORE: 9
MAX 90 OR ABOVE: 0 0.10 INCH OR MORE: 6
MIN 32 OR BELOW: 31 0.50 INCH OR MORE: 1
MIN 0 OR BELOW: 11 1.00 INCH OR MORE: 0
[HDD (BASE 65) ]
TOTAL THIS MO. 1441 CLEAR (SCALE 0-3) 15
DPTR FM NORMAL 45 PTCLDY (SCALE 4-7) 6
TOTAL FM JUL 1 3648 CLOUDY (SCALE 8-10) 10
DPTR FM NORMAL -485
[CDD (BASE 65) ]
TOTAL THIS MO. 0
DPTR FM NORMAL 0 [PRESSURE DATA]
TOTAL FM JAN 1 0 HIGHEST SLP 30.77 ON 20
DPTR FM NORMAL 0 LOWEST SLP 29.40 ON 10
[REMARKS]
RECORD DAILY PRECIPITATION WAS ESTABLISHED ON THE 8TH WITH 0.78
INCHES. THE PREVIOUS RECORD WAS 0.24 INCHES IN 2016.
RECORD DAILY SNOWFALL WAS ESTABLISHED ON THE 8TH WITH 8.3 INCHES.
THE PREVIOUS RECORD WAS 4.3 INCHES IN 1937.
RECORD LOW DAILY MAXIMUM TEMPERATURE WAS ESTABLISHED ON THE 14TH WITH
-9 DEGREES. THE PREVIOUS RECORD WAS -5 DEGREES IN 1979.
RECORD LOW DAILY MAXIMUM TEMPERATURE WAS ESTABLISHED ON THE 15TH WITH
-3 DEGREES. THE PREVIOUS RECORD WAS -2 DEGREES IN 1892 AND 2009.
RECORD LOW DAILY MINIMUM TEMPERATURE WAS ESTABLISHED ON THE 20TH WITH
-20 DEGREES. THE PREVIOUS RECORD WAS -19 IN 1970.
#FINAL-01-24#