000
CXUS54 KEPZ 011030
CF6SVC
PRELIMINARY LOCAL CLIMATOLOGICAL DATA (WS FORM: F-6)
STATION: SILVER CITY
MONTH: MAY
YEAR: 2023
LATITUDE: 32 37 N
LONGITUDE: 108 10 W
TEMPERATURE IN F: :PCPN: SNOW: WIND :SUNSHINE: SKY :PK WND
================================================================================
1 2 3 4 5 6A 6B 7 8 9 10 11 12 13 14 15 16 17 18
12Z AVG MX 2MIN
DY MAX MIN AVG DEP HDD CDD WTR SNW DPTH SPD SPD DIR MIN PSBL S-S WX SPD DR
================================================================================
1 84 52 68 M 0 3 0.00 0.0 0 9.4 16 230 M M 0 24 270
2 80 51 66 M 0 1 0.00 M M 8.1 16 210 M M 1 23 230
3 79 46 63 M 2 0 0.00 M M 8.9 17 180 M M 0 30 210
4 77 46 62 M 3 0 0.00 M M 10.9 18 240 M M 2 25 220
5 78 38 58 M 7 0 0.00 M M 11.6 22 240 M M 0 31 260
6 80 43 62 M 3 0 0.00 0.0 0 11.0 17 250 M M 0 27 200
7 82 42 62 M 3 0 0.00 0.0 0 10.6 18 280 M M 0 25 280
8 85 44 65 M 0 0 0.00 M M 9.0 14 280 M M 0 25 290
9 85 50 68 M 0 3 0.00 M M 9.0 15 240 M M 0 21 180
10 76 43 60 M 5 0 0.00 M M 15.0 30 200 M M 0 39 200
11 78 37 58 M 7 0 0.00 M M 12.0 18 300 M M 0 24 260
12 84 45 65 M 0 0 0.00 M M 8.0 14 280 M M 0 18 190
13 83 50 67 M 0 2 0.00 M M 13.1 25 110 M M 2 3 30 110
14 77 53 65 M 0 0 0.00 M M 11.1 20 40 M M 4 31 50
15 79 56 68 M 0 3 0.00 M M 10.1 20 30 M M 4 3 22 100
16 79 59 69 M 0 4 0.04 M M 9.1 22 40 M M 9 3 29 40
17 80 56 68 M 0 3 0.30 M M 8.2 16 290 M M 5 25 260
18 80 55 68 M 0 3 0.00 M M 8.4 16 240 M M 4 25 240
19 83 52 68 M 0 3 T M M 5.7 16 120 M M 4 30 210
20 80 49 65 M 0 0 0.27 M M 7.4 21 40 M M 5 30 260
21 81 48 65 M 0 0 0.00 M M 4.2 9 140 M M 2 20 320
22 85 50 68 M 0 3 0.00 M M 7.4 14 190 M M 1 21 220
23 88 54 71 M 0 6 0.00 M M 8.2 15 200 M M 1 24 240
24 86 51 69 M 0 4 0.00 M M 8.5 14 230 M M 1 24 220
25 88 51 70 M 0 5 0.00 M M 8.0 14 200 M M 1 22 190
26 88 47 68 M 0 3 0.00 M M 8.7 15 230 M M 3 25 230
27 86 51 69 M 0 4 0.00 M M 10.6 25 190 M M 3 35 190
28 86 49 68 M 0 3 0.00 M M 9.6 13 270 M M 4 22 270
29 86 51 69 M 0 4 0.00 M M 9.8 15 300 M M 4 21 40
30 87 55 71 M 0 6 0.00 M M 8.3 14 340 M M 5 22 220
31 85 55 70 M 0 5 0.00 M M 10.8 23 200 M M 3 30 200
================================================================================
SM 2555 1529 30 68 0.61 0.0 290.7 M 68
================================================================================
AV 82.4 49.3 9.4 FASTST M M 2 MAX(MPH)
MISC ----> 30 200 39 200
================================================================================
NOTES:
# LAST OF SEVERAL OCCURRENCES
COLUMN 17 PEAK WIND IN M.P.H.
PRELIMINARY LOCAL CLIMATOLOGICAL DATA (WS FORM: F-6) , PAGE 2
STATION: SILVER CITY
MONTH: MAY
YEAR: 2023
LATITUDE: 32 37 N
LONGITUDE: 108 10 W
[TEMPERATURE DATA] [PRECIPITATION DATA] SYMBOLS USED IN COLUMN 16
AVERAGE MONTHLY: 65.9 TOTAL FOR MONTH: 0.61 1 = FOG OR MIST
DPTR FM NORMAL: 0.0 DPTR FM NORMAL: M 2 = FOG REDUCING VISIBILITY
HIGHEST: 88 ON 26,25 GRTST 24HR 0.30 ON 17-17 TO 1/4 MILE OR LESS
LOWEST: 37 ON 11 3 = THUNDER
SNOW, ICE PELLETS, HAIL 4 = ICE PELLETS
TOTAL MONTH: 0.0 INCH 5 = HAIL
GRTST 24HR 0.0 6 = FREEZING RAIN OR DRIZZLE
GRTST DEPTH: 0 7 = DUSTSTORM OR SANDSTORM:
VSBY 1/2 MILE OR LESS
8 = SMOKE OR HAZE
[NO. OF DAYS WITH] [WEATHER - DAYS WITH] 9 = BLOWING SNOW
X = TORNADO
MAX 32 OR BELOW: 0 0.01 INCH OR MORE: 3
MAX 90 OR ABOVE: 0 0.10 INCH OR MORE: 2
MIN 32 OR BELOW: 0 0.50 INCH OR MORE: 0
MIN 0 OR BELOW: 0 1.00 INCH OR MORE: 0
[HDD (BASE 65) ]
TOTAL THIS MO. 30 CLEAR (SCALE 0-3) 20
DPTR FM NORMAL M PTCLDY (SCALE 4-7) 10
TOTAL FM JUL 1 3613 CLOUDY (SCALE 8-10) 1
DPTR FM NORMAL M
[CDD (BASE 65) ]
TOTAL THIS MO. 68
DPTR FM NORMAL M [PRESSURE DATA]
TOTAL FM JAN 1 71 HIGHEST SLP M ON M
DPTR FM NORMAL M LOWEST SLP M ON M
[REMARKS]
#FINAL-05-23#