000
CXUS54 KOUN 010910
CF6SWO
PRELIMINARY LOCAL CLIMATOLOGICAL DATA (WS FORM: F-6)
STATION: STILLWATER
MONTH: NOVEMBER
YEAR: 2022
LATITUDE: 36 10 N
LONGITUDE: 97 5 W
TEMPERATURE IN F: :PCPN: SNOW: WIND :SUNSHINE: SKY :PK WND
================================================================================
1 2 3 4 5 6A 6B 7 8 9 10 11 12 13 14 15 16 17 18
12Z AVG MX 2MIN
DY MAX MIN AVG DEP HDD CDD WTR SNW DPTH SPD SPD DIR MIN PSBL S-S WX SPD DR
================================================================================
1 82 46 64 8 1 0 0.00 M M 8.2 20 180 M M 0 25 150
2 74 55 65 9 0 0 0.00 M M 13.2 24 160 M M 0 28 170
3 76 61 69 14 0 4 0.00 0.0 0 16.4 28 190 M M 6 35 200
4 76 42 59 4 6 0 0.09 0.0 0 13.4 30 190 M M 9 1 40 170
5 65 38 52 -2 13 0 0.00 M M 12.8 23 180 M M 2 29 180
6 73 49 61 7 4 0 0.00 M M 8.6 20 160 M M 0 24 160
7 69 50 60 6 5 0 0.00 0.0 0 10.9 17 70 M M 5 22 60
8 74 64 69 16 0 4 T 0.0 0 11.6 18 160 M M 9 1 25 150
9 82 68 75 22 0 10 0.00 0.0 0 16.6 29 180 M M 6 35 180
10 76 47 62 10 3 0 0.39 M M 14.0 23 10 M M 8 13 29 10
11 48 30 39 -13 26 0 0.06 M M 13.6 26 20 M M 6 3 32 20
12 48 26 37 -15 28 0 0.00 M M 6.8 14 310 M M 0 20 300
13 54 27 41 -10 24 0 0.00 M M 10.6 20 140 M M 0 23 150
14 44 34 39 -12 26 0 0.06 M M 7.4 17 140 M M 10 1 21 150
15 46 27 37 -13 28 0 0.00 M M 7.1 18 360 M M 3 25 350
16 45 22 34 -16 31 0 0.00 M M 6.0 18 340 M M 0 25 320
17 58 21 40 -10 25 0 T T M 7.9 25 20 M M 2 1 31 10
18 35 26 31 -18 34 0 T T M 8.4 21 10 M M 10 1 25 10
19 47 22 35 -14 30 0 0.00 M M 5.4 16 350 M M 1 20 350
20 53 15 34 -14 31 0 0.00 M M 8.7 15 170 M M 0 20 180
21 61 28 45 -3 20 0 0.00 M M 6.4 13 230 M M 0 19 200
22 64 30 47 -1 18 0 0.00 M M 7.7 17 170 M M 0 12 27 170
23 55 38 47 0 18 0 0.00 M M 9.2 17 150 M M 6 1 21 150
24 56 43 50 3 15 0 0.00 M M 8.1 17 10 M M 9 1 22 10
25 57 34 46 -1 19 0 0.00 M M 7.9 17 360 M M 1 21 360
26 50 42 46 0 19 0 0.72 M M 6.6 17 30 M M 10 1 21 30
27 52 34 43 -3 22 0 0.00 M M 8.4 20 320 M M 5 1 27 330
28 67 29 48 2 17 0 0.00 M M 12.1 25 170 M M 0 12 33 170
29 64 31 48 3 17 0 0.00 M M 15.0 28 180 M M 2 35 180
30 45 19 32 -13 33 0 0.00 M M 4.1 13 10 M M 0 16 10
================================================================================
SM 1796 1098 513 18 1.32 T 293.1 M 110
================================================================================
AV 59.9 36.6 9.8 FASTST M M 4 MAX(MPH)
MISC ----> 30 190 40 170
================================================================================
NOTES:
# LAST OF SEVERAL OCCURRENCES
COLUMN 17 PEAK WIND IN M.P.H.
PRELIMINARY LOCAL CLIMATOLOGICAL DATA (WS FORM: F-6) , PAGE 2
STATION: STILLWATER
MONTH: NOVEMBER
YEAR: 2022
LATITUDE: 36 10 N
LONGITUDE: 97 5 W
[TEMPERATURE DATA] [PRECIPITATION DATA] SYMBOLS USED IN COLUMN 16
AVERAGE MONTHLY: 48.2 TOTAL FOR MONTH: 1.32 1 = FOG OR MIST
DPTR FM NORMAL: -2.1 DPTR FM NORMAL: -0.63 2 = FOG REDUCING VISIBILITY
HIGHEST: 82 ON 9, 1 GRTST 24HR 0.72 ON 26-26 TO 1/4 MILE OR LESS
LOWEST: 15 ON 20 3 = THUNDER
SNOW, ICE PELLETS, HAIL 4 = ICE PELLETS
TOTAL MONTH: T 5 = HAIL
GRTST 24HR T ON 17-17 6 = FREEZING RAIN OR DRIZZLE
GRTST DEPTH: 0 7 = DUSTSTORM OR SANDSTORM:
VSBY 1/2 MILE OR LESS
8 = SMOKE OR HAZE
[NO. OF DAYS WITH] [WEATHER - DAYS WITH] 9 = BLOWING SNOW
X = TORNADO
MAX 32 OR BELOW: 0 0.01 INCH OR MORE: 5
MAX 90 OR ABOVE: 0 0.10 INCH OR MORE: 2
MIN 32 OR BELOW: 14 0.50 INCH OR MORE: 1
MIN 0 OR BELOW: 0 1.00 INCH OR MORE: 0
[HDD (BASE 65) ]
TOTAL THIS MO. 513 CLEAR (SCALE 0-3) 16
DPTR FM NORMAL 64 PTCLDY (SCALE 4-7) 8
TOTAL FM JUL 1 631 CLOUDY (SCALE 8-10) 6
DPTR FM NORMAL 3
[CDD (BASE 65) ]
TOTAL THIS MO. 18
DPTR FM NORMAL 10 [PRESSURE DATA]
TOTAL FM JAN 1 2681 HIGHEST SLP 30.57 ON 18
DPTR FM NORMAL 488 LOWEST SLP 29.49 ON 29
[REMARKS]
#FINAL-11-22#