000
CXUS54 KOUN 010910
CF6SWO
PRELIMINARY LOCAL CLIMATOLOGICAL DATA (WS FORM: F-6)
STATION: STILLWATER
MONTH: FEBRUARY
YEAR: 2021
LATITUDE: 36 10 N
LONGITUDE: 97 5 W
TEMPERATURE IN F: :PCPN: SNOW: WIND :SUNSHINE: SKY :PK WND
================================================================================
1 2 3 4 5 6A 6B 7 8 9 10 11 12 13 14 15 16 17 18
12Z AVG MX 2MIN
DY MAX MIN AVG DEP HDD CDD WTR SNW DPTH SPD SPD DIR MIN PSBL S-S WX SPD DR
================================================================================
1 55 25 40 1 25 0 0.00 M M 3.4 8 140 M M 0 1 11 20
2 63 36 50 11 15 0 0.00 M M 9.5 17 160 M M 0 22 180
3 65 35 50 11 15 0 0.00 M M 12.3 22 150 M M 0 26 180
4 62 28 45 6 20 0 0.00 M M 13.5 31 340 M M 2 43 340
5 58 25 42 3 23 0 0.00 M M 6.3 18 260 M M 1 23 250
6 47 27 37 -3 28 0 0.01 M M 10.0 22 10 M M 9 1 27 10
7 33 27 30 -10 35 0 0.00 M M 10.0 15 110 M M 10 18 19 50
8 32 18 25 -15 40 0 0.01 M M 13.4 18 20 M M 10 16 23 20
9 22 17 20 -20 45 0 0.00 M M 11.7 17 10 M M 10 18 21 30
10 22 18 20 -20 45 0 0.00 M M 12.6 17 20 M M 10 18 23 20
11 21 17 19 -21 46 0 T M M 12.9 20 20 M M 10 1 23 20
12 18 13 16 -25 49 0 T M M 13.9 21 20 M M 10 18 25 20
13 21 7 14 -27 51 0 0.00 M M 14.3 22 30 M M 8 27 20
14 11 1 6 -35 59 0 0.13 M M 17.8 29 30 M M 10 35 20
15 5 -8 -1 -43 66 0 T T M 11.8 26 10 M M 6 32 360
16 14 -17 -1 -43 66 0 0.13 M M 4.7 10 100 M M 4 1 13 90
17 25 8 17 -25 48 0 0.02 M M 5.7 12 350 M M 9 1 13 340
18 27 1 14 -28 51 0 0.00 M M 7.5 17 360 M M 0 18 20 360
19 37 -3 17 -25 48 0 0.00 M M 4.9 15 170 M M 0 18 18 170
20 46 16 31 -12 34 0 0.00 M M 10.3 23 160 M M 0 18 30 160
21 57 27 42 -1 23 0 0.00 M M 13.1 30 160 M M 2 34 160
22 65 27 46 3 19 0 0.00 M M 8.2 25 220 M M 0 30 220
23 75 27 51 7 14 0 0.00 M M 7.8 21 180 M M 0 28 180
24 61 38 50 6 15 0 0.00 M M 14.7 28 10 M M 0 34 10
25 58 27 43 -1 22 0 0.00 0.0 0 10.8 20 50 M M 3 25 30
26 57 33 45 1 20 0 T M M 5.8 14 140 M M 7 18 160
27 63 38 51 6 14 0 0.00 0.0 0 12.5 24 150 M M 8 12 31 160
28 60 39 50 5 15 0 T M M 12.7 22 360 M M 4 1 29 340
================================================================================
SM 1180 547 951 0 0.30 T 292.1 M 133
================================================================================
AV 42.1 19.5 10.4 FASTST M M 5 MAX(MPH)
MISC ----> 31 340 43 340
================================================================================
NOTES:
# LAST OF SEVERAL OCCURRENCES
COLUMN 17 PEAK WIND IN M.P.H.
PRELIMINARY LOCAL CLIMATOLOGICAL DATA (WS FORM: F-6) , PAGE 2
STATION: STILLWATER
MONTH: FEBRUARY
YEAR: 2021
LATITUDE: 36 10 N
LONGITUDE: 97 5 W
[TEMPERATURE DATA] [PRECIPITATION DATA] SYMBOLS USED IN COLUMN 16
AVERAGE MONTHLY: 30.8 TOTAL FOR MONTH: 0.30 1 = FOG OR MIST
DPTR FM NORMAL: -10.7 DPTR FM NORMAL: -1.29 2 = FOG REDUCING VISIBILITY
HIGHEST: 75 ON 23 GRTST 24HR 0.15 ON 16-17 TO 1/4 MILE OR LESS
LOWEST: -17 ON 16 3 = THUNDER
SNOW, ICE PELLETS, HAIL 4 = ICE PELLETS
TOTAL MONTH: T 5 = HAIL
GRTST 24HR T ON 15-15 6 = FREEZING RAIN OR DRIZZLE
GRTST DEPTH: 0 7 = DUSTSTORM OR SANDSTORM:
VSBY 1/2 MILE OR LESS
8 = SMOKE OR HAZE
[NO. OF DAYS WITH] [WEATHER - DAYS WITH] 9 = BLOWING SNOW
X = TORNADO
MAX 32 OR BELOW: 11 0.01 INCH OR MORE: 5
MAX 90 OR ABOVE: 0 0.10 INCH OR MORE: 2
MIN 32 OR BELOW: 22 0.50 INCH OR MORE: 0
MIN 0 OR BELOW: 3 1.00 INCH OR MORE: 0
[HDD (BASE 65) ]
TOTAL THIS MO. 951 CLEAR (SCALE 0-3) 12
DPTR FM NORMAL 292 PTCLDY (SCALE 4-7) 6
TOTAL FM JUL 1 3051 CLOUDY (SCALE 8-10) 10
DPTR FM NORMAL -3
[CDD (BASE 65) ]
TOTAL THIS MO. 0
DPTR FM NORMAL -1 [PRESSURE DATA]
TOTAL FM JAN 1 0 HIGHEST SLP 30.55 ON 15
DPTR FM NORMAL 0 LOWEST SLP 29.43 ON 4
[REMARKS]
#FINAL-02-21#