000
CXUS51 KBGM 010835
CLSSYR
CLIMATE REPORT
NATIONAL WEATHER SERVICE BINGHAMTON, NY
435 AM EDT FRI SEP 01 2023
...................................
...THE SYRACUSE NY CLIMATE SUMMARY FOR THE SEASON, FROM
6/1/2023 TO 8/31/2023...
CLIMATE NORMAL PERIOD 1991 TO 2020
CLIMATE RECORD PERIOD 1902 TO 2023
WEATHER OBSERVED NORMAL DEPART LAST YEAR`S
VALUE DATE(S) VALUE FROM VALUE DATE(S)
NORMAL
................................................................
TEMPERATURE (F)
RECORD
HIGH 101 07/17/2012
08/14/2002
07/21/2011
LOW 35 06/01/1966
HIGHEST 94 07/06 79 15 95 07/20
07/23
LOWEST 44 06/04 58 -14 44 06/05
AVG. MAXIMUM 80.2 79.8 0.4 82.0
AVG. MINIMUM 60.9 59.7 1.2 61.0
MEAN 70.5 69.7 0.8 71.5
DAYS MAX >= 90 7 8.7 -1.7 14
DAYS MAX <= 32 0 0.0 0.0 0
DAYS MIN <= 32 0 0.0 0.0 0
DAYS MIN <= 0 0 0.0 0.0 0
PRECIPITATION (INCHES)
RECORD
MAXIMUM 19.93 2021
MINIMUM 5.33 1965
TOTALS 16.28 11.12 5.16 11.52
DAILY AVG. 0.18 0.12 0.06 0.13
DAYS >= .01 42 34.4 7.6 31
DAYS >= .10 28 21.5 6.5 24
DAYS >= .50 10 7.5 2.5 7
DAYS >= 1.00 5 2.2 2.8 3
GREATEST
24 HR. TOTAL 2.87 08/07 TO 08/08 1.78 06/16 TO 06/16
SNOWFALL (INCHES)
RECORDS
TOTAL T 2016
24 HR TOTAL T 06/07/2016 TO 06/07/2016
08/07/2008 TO 08/07/2008
08/07/2008 TO 06/16/2008
SNOW DEPTH T 06/07/2016
TOTALS 0.0 0.0 0.0 0.0
SINCE 7/1 0.0 0.0 0.0 0.0
SNOWDEPTH AVG. 0 0
DAYS >= TRACE 0 0.0 0.0 0
DAYS >= 1.0 0 0.0 0.0 0
GREATEST
SNOW DEPTH 0 0 MM
24 HR TOTAL 0.0 MM 0.0
DEGREE DAYS
HEATING TOTAL 43 75 -32 42
SINCE 7/1 3 15 -12 0
COOLING TOTAL 579 513 66 662
SINCE 1/1 635 551 84 728
FREEZE DATES
RECORD
EARLIEST 09/23/1963
LATEST 05/24/1963
EARLIEST MM
LATEST 05/18
................................................................
WIND (MPH)
AVERAGE WIND SPEED 6.4
RESULTANT WIND SPEED/DIRECTION 2/270
HIGHEST WIND SPEED/DIRECTION 38/180 DATE 07/24
HIGHEST GUST SPEED/DIRECTION 48/180 DATE 07/24
SKY COVER
POSSIBLE SUNSHINE (PERCENT) MM
AVERAGE SKY COVER 0.70
AVERAGE RH (PERCENT) 68
WEATHER CONDITIONS. NUMBER OF DAYS WITH
THUNDERSTORM 23 MIXED PRECIP 0
HEAVY RAIN 7 RAIN 21
LIGHT RAIN 57 FREEZING RAIN 0
LT FREEZING RAIN 0 HAIL 0
HEAVY SNOW 0 SNOW 0
LIGHT SNOW 0 SLEET 0
FOG 47 FOG W/VIS <= 1/4 MILE 1
HAZE 39
- INDICATES NEGATIVE NUMBERS.
R INDICATES RECORD WAS SET OR TIED.
MM INDICATES DATA IS MISSING.
T INDICATES TRACE AMOUNT.
&&
11TH MOST PRECIPITATION FOR JUNE TO AUGUST
$$
TAC