000
CXUS55 KPUB 011210
CF6TAD
PRELIMINARY LOCAL CLIMATOLOGICAL DATA (WS FORM: F-6)
STATION: TRINIDAD CO
MONTH: OCTOBER
YEAR: 2021
LATITUDE: 37 16 N
LONGITUDE: 104 20 W
TEMPERATURE IN F: :PCPN: SNOW: WIND :SUNSHINE: SKY :PK WND
================================================================================
1 2 3 4 5 6A 6B 7 8 9 10 11 12 13 14 15 16 17 18
12Z AVG MX 2MIN
DY MAX MIN AVG DEP HDD CDD WTR SNW DPTH SPD SPD DIR MIN PSBL S-S WX SPD DR
================================================================================
1 55 49 52 -8 13 0 0.18 M M 2.4 7 20 M M 10 1 9 310
2 70 49 60 1 5 0 0.13 M M 6.2 17 260 M M 4 1 24 250
3 75 44 60 1 5 0 0.00 M M 7.4 16 190 M M 2 22 200
4 79 47 63 5 2 0 0.00 M M 8.3 17 270 M M 0 24 270
5 78 45 62 4 3 0 0.00 M M 8.6 16 110 M M 0 22 90
6 81 50 66 9 0 1 T M M 10.9 21 250 M M 2 28 240
7 78 43 61 4 4 0 0.00 M M 8.9 15 170 M M 0 20 180
8 86 47 67 11 0 2 0.00 M M 9.0 23 230 M M 0 35 250
9 81 50 66 10 0 1 0.00 M M 10.7 30 250 M M 0 43 250
10 59 41 50 -6 15 0 0.09 M M 6.8 16 30 M M 5 21 30
11 73 38 56 1 9 0 0.00 M M 14.5 31 210 M M 0 49 200
12 70 40 55 0 10 0 0.07 M M 23.5 40 190 M M 2 60 190
13 67 33 50 -4 15 0 0.00 M M 9.6 20 250 M M 0 26 250
14 57 34 46 -8 19 0 0.01 M M 6.1 14 80 M M 5 20 70
15 56 29 43 -10 22 0 0.00 M M 5.8 14 20 M M 2 19 10
16 67 29 48 -5 17 0 0.00 M M 8.0 15 250 M M 0 19 260
17 78 35 57 4 8 0 0.00 M M 9.3 20 250 M M 0 26 260
18 79 49 64 12 1 0 0.00 M M 11.8 23 210 M M 0 30 220
19 70 35 53 1 12 0 0.00 M M 11.5 31 240 M M 0 43 240
20 69 28 49 -2 16 0 0.00 M M 7.0 13 240 M M 0 16 110
21 72 30 51 0 14 0 0.00 M M 6.9 13 270 M M 0 18 80
22 77 33 55 4 10 0 0.00 M M 8.6 18 290 M M 0 23 290
23 75 41 58 8 7 0 0.00 M M 10.9 22 310 M M 0 42 310
24 74 40 57 7 8 0 0.00 M M 8.3 15 270 M M 0 21 300
25 88 38 63 13 2 0 0.00 M M 9.4 24 220 M M 0 34 220
26 74 39 57 8 8 0 0.02 M M 18.0 48 250 M M 1 64 250
27 61 29 45 -4 20 0 0.01 M M 9.9 25 330 M M 2 36 330
28 55 28 42 -6 23 0 0.00 M M 7.7 17 260 M M 0 23 260
29 72 36 54 6 11 0 0.00 M M 9.4 17 250 M M 0 22 250
30 75 38 57 9 8 0 0.00 M M 10.6 22 20 M M 0 29 30
31 55 29 42 -5 23 0 0.00 M M 6.9 16 70 M M 4 22 50
================================================================================
SM 2206 1196 310 4 0.51 M 292.9 M 39
================================================================================
AV 71.2 38.6 9.4 FASTST M M 1 MAX(MPH)
MISC ----> 48 250 64 250
================================================================================
NOTES:
# LAST OF SEVERAL OCCURRENCES
COLUMN 17 PEAK WIND IN M.P.H.
PRELIMINARY LOCAL CLIMATOLOGICAL DATA (WS FORM: F-6) , PAGE 2
STATION: TRINIDAD CO
MONTH: OCTOBER
YEAR: 2021
LATITUDE: 37 16 N
LONGITUDE: 104 20 W
[TEMPERATURE DATA] [PRECIPITATION DATA] SYMBOLS USED IN COLUMN 16
AVERAGE MONTHLY: 54.9 TOTAL FOR MONTH: 0.51 1 = FOG OR MIST
DPTR FM NORMAL: 1.8 DPTR FM NORMAL: -0.45 2 = FOG REDUCING VISIBILITY
HIGHEST: 88 ON 25 GRTST 24HR 0.31 ON 1- 2 TO 1/4 MILE OR LESS
LOWEST: 28 ON 28,20 3 = THUNDER
SNOW, ICE PELLETS, HAIL 4 = ICE PELLETS
TOTAL MONTH: M 5 = HAIL
GRTST 24HR M ON M 6 = FREEZING RAIN OR DRIZZLE
GRTST DEPTH: M ON M 7 = DUSTSTORM OR SANDSTORM:
VSBY 1/2 MILE OR LESS
8 = SMOKE OR HAZE
[NO. OF DAYS WITH] [WEATHER - DAYS WITH] 9 = BLOWING SNOW
X = TORNADO
MAX 32 OR BELOW: 0 0.01 INCH OR MORE: 7
MAX 90 OR ABOVE: 0 0.10 INCH OR MORE: 2
MIN 32 OR BELOW: 7 0.50 INCH OR MORE: 0
MIN 0 OR BELOW: 0 1.00 INCH OR MORE: 0
[HDD (BASE 65) ]
TOTAL THIS MO. 310 CLEAR (SCALE 0-3) 26
DPTR FM NORMAL -63 PTCLDY (SCALE 4-7) 4
TOTAL FM JUL 1 353 CLOUDY (SCALE 8-10) 1
DPTR FM NORMAL -106
[CDD (BASE 65) ]
TOTAL THIS MO. 4
DPTR FM NORMAL -2 [PRESSURE DATA]
TOTAL FM JAN 1 1002 HIGHEST SLP 30.40 ON 16
DPTR FM NORMAL 125 LOWEST SLP 29.30 ON 26
[REMARKS]
#FINAL-10-21#