000
CXUS54 KBMX 020755
CF6TCL
PRELIMINARY LOCAL CLIMATOLOGICAL DATA (WS FORM: F-6)
STATION: TUSCALOOSA
MONTH: SEPTEMBER
YEAR: 2021
LATITUDE: 33 13 N
LONGITUDE: 87 37 W
TEMPERATURE IN F: :PCPN: SNOW: WIND :SUNSHINE: SKY :PK WND
================================================================================
1 2 3 4 5 6A 6B 7 8 9 10 11 12 13 14 15 16 17 18
12Z AVG MX 2MIN
DY MAX MIN AVG DEP HDD CDD WTR SNW DPTH SPD SPD DIR MIN PSBL S-S WX SPD DR
================================================================================
1 93 71 82 2 0 17 0.51 0.0 0 2.7 25 10 M M 2 13 34 10
2 89 69 79 -1 0 14 0.00 0.0 0 4.0 13 10 M M 4 1 20 50
3 89 66 78 -2 0 13 0.00 0.0 M 2.3 8 100 M M 2 11 110
4 90 67 79 0 0 14 0.00 0.0 M 2.1 7 80 M M 1 10 170
5 92 70 81 2 0 16 0.00 0.0 0 2.7 9 180 M M 2 12 260
6 86 72 79 0 0 14 0.16 0.0 0 4.5 12 20 M M 8 138 15 10
7 89 70 80 1 0 15 0.00 0.0 0 3.0 10 190 M M 3 1 13 200
8 89 73 81 3 0 16 0.00 0.0 0 2.2 9 200 M M 4 18 12 200
9 87 63 75 -3 0 10 0.00 0.0 0 6.4 17 360 M M 2 24 30
10 85 59 72 -6 0 7 0.00 0.0 M 3.5 14 350 M M 0 20 20
11 89 61 75 -3 0 10 0.00 0.0 M 3.1 10 60 M M 1 13 50
12 90 66 78 0 0 13 0.00 0.0 0 2.9 12 180 M M 2 1 15 140
13 90 71 81 4 0 16 0.00 0.0 0 3.3 16 170 M M 2 138 21 170
14 85 72 79 2 0 14 0.23 0.0 0 1.5 15 200 M M 5 1 19 200
15 75 72 74 -3 0 9 0.19 0.0 0 4.7 9 60 M M 7 1 14 120
16 80 71 76 0 0 11 0.21 0.0 0 5.9 12 60 M M 10 1 17 60
17 85 74 80 4 0 15 0.30 0.0 0 5.9 15 200 M M 8 13 20 190
18 85 73 79 3 0 14 0.81 0.0 M 2.6 12 360 M M 6 13 15 350
19 84 73 79 3 0 14 T 0.0 0 3.6 9 110 M M 7 15 90
20 88 74 81 6 0 16 0.01 0.0 0 4.4 12 180 M M 6 1 14 140
21 85 71 78 3 0 13 0.59 0.0 0 1.5 14 310 M M 4 13 21 330
22 76 57 67 -8 0 2 0.01 0.0 0 8.6 20 10 M M 5 1 27 350
23 76 53 65 -9 0 0 0.00 0.0 0 4.6 15 10 M M 0 1 20 350
24 78 51 65 -9 0 0 0.00 0.0 0 2.9 14 30 M M 0 1 17 20
25 81 53 67 -7 0 2 0.00 0.0 0 1.5 12 10 M M 0 1 15 330
26 85 56 71 -2 0 6 0.00 0.0 0 1.2 9 30 M M 0 1 13 30
27 85 57 71 -2 0 6 0.00 0.0 0 1.5 9 170 M M 0 12 13 180
28 88 61 75 3 0 10 0.00 0.0 0 2.2 10 190 M M 2 1 14 200
29 89 65 77 5 0 12 T 0.0 0 1.9 13 200 M M 3 13 16 200
30 83 68 76 4 0 11 T 0.0 0 1.4 10 250 M M 4 12 13 260
================================================================================
SM 2566 1979 0 330 3.02 0.0 98.6 M 100
================================================================================
AV 85.5 66.0 3.3 FASTST M M 3 MAX(MPH)
MISC ----> 25 10 34 10
================================================================================
NOTES:
# LAST OF SEVERAL OCCURRENCES
COLUMN 17 PEAK WIND IN M.P.H.
PRELIMINARY LOCAL CLIMATOLOGICAL DATA (WS FORM: F-6) , PAGE 2
STATION: TUSCALOOSA
MONTH: SEPTEMBER
YEAR: 2021
LATITUDE: 33 13 N
LONGITUDE: 87 37 W
[TEMPERATURE DATA] [PRECIPITATION DATA] SYMBOLS USED IN COLUMN 16
AVERAGE MONTHLY: 75.8 TOTAL FOR MONTH: 3.02 1 = FOG OR MIST
DPTR FM NORMAL: -0.6 DPTR FM NORMAL: -0.38 2 = FOG REDUCING VISIBILITY
HIGHEST: 93 ON 1 GRTST 24HR 1.05 ON 17-18 TO 1/4 MILE OR LESS
LOWEST: 51 ON 24 3 = THUNDER
SNOW, ICE PELLETS, HAIL 4 = ICE PELLETS
TOTAL MONTH: 0.0 INCH 5 = HAIL
GRTST 24HR 0.0 6 = FREEZING RAIN OR DRIZZLE
GRTST DEPTH: 0 7 = DUSTSTORM OR SANDSTORM:
VSBY 1/2 MILE OR LESS
8 = SMOKE OR HAZE
[NO. OF DAYS WITH] [WEATHER - DAYS WITH] 9 = BLOWING SNOW
X = TORNADO
MAX 32 OR BELOW: 0 0.01 INCH OR MORE: 10
MAX 90 OR ABOVE: 5 0.10 INCH OR MORE: 8
MIN 32 OR BELOW: 0 0.50 INCH OR MORE: 3
MIN 0 OR BELOW: 0 1.00 INCH OR MORE: 0
[HDD (BASE 65) ]
TOTAL THIS MO. 0 CLEAR (SCALE 0-3) 15
DPTR FM NORMAL -4 PTCLDY (SCALE 4-7) 13
TOTAL FM JUL 1 0 CLOUDY (SCALE 8-10) 2
DPTR FM NORMAL -1
[CDD (BASE 65) ]
TOTAL THIS MO. 330
DPTR FM NORMAL -12 [PRESSURE DATA]
TOTAL FM JAN 1 2098 HIGHEST SLP 30.24 ON 12
DPTR FM NORMAL -40 LOWEST SLP 29.76 ON 1
[REMARKS]
#FINAL-09-21#