000
CXUS54 KEPZ 011130
CF6TCS
PRELIMINARY LOCAL CLIMATOLOGICAL DATA (WS FORM: F-6)
STATION: TRUTH OR CONSEQUENCES
MONTH: FEBRUARY
YEAR: 2023
LATITUDE: 33 13 N
LONGITUDE: 107 16 W
TEMPERATURE IN F: :PCPN: SNOW: WIND :SUNSHINE: SKY :PK WND
================================================================================
1 2 3 4 5 6A 6B 7 8 9 10 11 12 13 14 15 16 17 18
12Z AVG MX 2MIN
DY MAX MIN AVG DEP HDD CDD WTR SNW DPTH SPD SPD DIR MIN PSBL S-S WX SPD DR
================================================================================
1 57 29 43 -2 22 0 0.00 M M 5.7 15 40 M M 0 21 30
2 56 29 43 -2 22 0 0.00 M M 5.8 8 300 M M 0 16 50
3 56 26 41 -4 24 0 0.00 M M 6.1 15 210 M M 0 20 200
4 64 31 48 3 17 0 0.00 M M 6.0 13 290 M M 0 17 280
5 72 32 52 7 13 0 0.00 M M 7.6 22 170 M M 0 29 180
6 65 38 52 6 13 0 0.00 M M 11.5 28 250 M M 1 38 280
7 48 31 40 -6 25 0 T M M 15.4 28 20 M M 5 39 20
8 56 28 42 -4 23 0 0.00 M M 9.2 21 300 M M 0 29 300
9 48 27 38 -8 27 0 0.00 M M 13.8 29 20 M M 0 42 20
10 47 20 34 -12 31 0 0.00 M M 5.2 12 290 M M 0 14 330
11 54 22 38 -8 27 0 0.00 M M 5.2 15 180 M M 1 19 180
12 65 34 50 4 15 0 T M M 5.5 13 180 M M 2 16 170
13 54 35 45 -2 20 0 0.05 M M 8.5 29 240 M M 3 40 220
14 54 32 43 -4 22 0 0.00 M M 12.6 28 200 M M 0 38 200
15 43 27 35 -12 30 0 0.01 M M 19.3 36 200 M M 3 49 200
16 42 19 31 -16 34 0 0.00 M M 6.9 22 300 M M 0 28 310
17 47 18 33 -15 32 0 0.00 M M 5.4 10 60 M M 0 15 320
18 59 31 45 -3 20 0 0.00 M M 8.3 20 180 M M 2 29 190
19 54 36 45 -3 20 0 0.00 M M 10.0 25 180 M M 4 32 190
20 66 43 55 7 10 0 0.00 M M 6.2 25 180 M M 0 32 180
21 64 41 53 5 12 0 T M M 15.2 32 210 M M 4 47 200
22 M 38 M M M M 0.00 M M 20.1 44 240 M M 5 60 230
23 59 37 48 -1 17 0 0.00 M M 15.9 29 230 M M 2 41 200
24 67 40 54 5 11 0 0.00 M M 12.9 28 180 M M 0 37 170
25 69 37 53 4 12 0 0.00 M M 9.1 24 200 M M 0 33 190
26 59 32 46 -3 19 0 0.00 M M 15.6 49 220 M M 1 72 210
27 63 26 45 -5 20 0 0.00 M M 8.3 25 260 M M 0 36 260
28 68 39 54 4 11 0 0.00 M M 11.9 32 260 M M 0 44 250
================================================================================
SM 1556 878 549 0 0.06 M 283.2 M 33
================================================================================
AV 57.6 31.4 10.1 FASTST M M 1 MAX(MPH)
MISC ----> 49 220 72 210
================================================================================
NOTES:
# LAST OF SEVERAL OCCURRENCES
COLUMN 17 PEAK WIND IN M.P.H.
PRELIMINARY LOCAL CLIMATOLOGICAL DATA (WS FORM: F-6) , PAGE 2
STATION: TRUTH OR CONSEQUENCES
MONTH: FEBRUARY
YEAR: 2023
LATITUDE: 33 13 N
LONGITUDE: 107 16 W
[TEMPERATURE DATA] [PRECIPITATION DATA] SYMBOLS USED IN COLUMN 16
AVERAGE MONTHLY: 44.5 TOTAL FOR MONTH: 0.06 1 = FOG OR MIST
DPTR FM NORMAL: -2.6 DPTR FM NORMAL: -0.24 2 = FOG REDUCING VISIBILITY
HIGHEST: 72 ON 5 GRTST 24HR 0.05 ON 13-13 TO 1/4 MILE OR LESS
LOWEST: 18 ON 17 3 = THUNDER
SNOW, ICE PELLETS, HAIL 4 = ICE PELLETS
TOTAL MONTH: M 5 = HAIL
GRTST 24HR M ON M 6 = FREEZING RAIN OR DRIZZLE
GRTST DEPTH: M ON M 7 = DUSTSTORM OR SANDSTORM:
VSBY 1/2 MILE OR LESS
8 = SMOKE OR HAZE
[NO. OF DAYS WITH] [WEATHER - DAYS WITH] 9 = BLOWING SNOW
X = TORNADO
MAX 32 OR BELOW: 0 0.01 INCH OR MORE: 2
MAX 90 OR ABOVE: 0 0.10 INCH OR MORE: 0
MIN 32 OR BELOW: 17 0.50 INCH OR MORE: 0
MIN 0 OR BELOW: 0 1.00 INCH OR MORE: 0
[HDD (BASE 65) ]
TOTAL THIS MO. 549 CLEAR (SCALE 0-3) 22
DPTR FM NORMAL 48 PTCLDY (SCALE 4-7) 6
TOTAL FM JUL 1 2614 CLOUDY (SCALE 8-10) 0
DPTR FM NORMAL 95
[CDD (BASE 65) ]
TOTAL THIS MO. 0
DPTR FM NORMAL 0 [PRESSURE DATA]
TOTAL FM JAN 1 0 HIGHEST SLP 30.52 ON 10
DPTR FM NORMAL 0 LOWEST SLP 29.36 ON 22
[REMARKS]
#FINAL-02-23#