000
CXUS54 KFWD 072148
CF6TKI
PRELIMINARY LOCAL CLIMATOLOGICAL DATA (WS FORM: F-6)
STATION: MCKINNEY
MONTH: JUNE
YEAR: 2022
LATITUDE: 33 10 N
LONGITUDE: 96 35 W
TEMPERATURE IN F: :PCPN: SNOW: WIND :SUNSHINE: SKY :PK WND
================================================================================
1 2 3 4 5 6A 6B 7 8 9 10 11 12 13 14 15 16 17 18
12Z AVG MX 2MIN
DY MAX MIN AVG DEP HDD CDD WTR SNW DPTH SPD SPD DIR MIN PSBL S-S WX SPD DR
================================================================================
1 89 72 81 3 0 16 0.06 M M 6.7 16 180 M M 4 13 22 160
2 84 65 75 -3 0 10 1.09 M M 8.7 46 350 M M 4 13 57 350
3 80 68 74 -4 0 9 0.03 M M 4.5 14 60 M M 6 17 80
4 86 65 76 -2 0 11 0.00 M M 6.0 13 130 M M 2 17 120
5 89 69 79 0 0 14 0.00 M M 11.5 23 70 M M 1 34 70
6 91 75 83 4 0 18 0.00 M M 13.4 23 190 M M 1 35 200
7 90 76 83 4 0 18 0.00 M M 11.0 21 150 M M 4 27 160
8 87 72 80 1 0 15 0.00 M M 11.8 24 340 M M 2 34 340
9 90 71 81 1 0 16 0.00 M M 6.5 12 170 M M 4 16 130
10 94 73 84 4 0 19 0.00 M M 5.9 25 340 M M 0 35 340
11 101 75 88 8 0 23 0.00 M M 9.2 18 170 M M 0 28 170
12 99 77 88 8 0 23 0.00 M M 12.7 21 170 M M 0 28 170
13 97 77 87 7 0 22 0.00 M M 14.6 24 180 M M 0 32 160
14 95 77 86 6 0 21 0.00 M M 19.6 28 170 M M 1 39 200
15 94 78 86 5 0 21 0.00 M M 15.6 26 180 M M 2 38 160
16 95 76 86 5 0 21 0.00 M M 7.8 15 190 M M 0 19 180
17 96 71 84 3 0 19 0.00 M M 3.5 16 140 M M 0 23 130
18 96 73 85 4 0 20 T M M 4.6 26 150 M M 1 3 40 160
19 96 72 84 3 0 19 T M M 5.9 18 170 M M 1 3 25 60
20 97 73 85 4 0 20 0.00 M M 6.8 14 130 M M 0 23 120
21 97 75 86 5 0 21 M M M 6.0 15 180 M M 0 20 220
22 97 74 86 4 0 21 0.00 M M 4.3 12 160 M M 0 17 100
23 98 73 86 4 0 21 0.00 M M 4.6 16 110 M M 0 25 120
24 100 76 88 6 0 23 0.00 M M 8.2 17 150 M M 0 25 160
25 98 77 88 6 0 23 0.00 M M 7.3 14 100 M M 0 19 170
26 99 69 84 2 0 19 0.00 M M 7.6 20 20 M M 0 28 20
27 91 76 84 2 0 19 M M M 9.3 16 40 M M 2 3 21 40
28 90 68 79 -3 0 14 0.00 M M 6.1 14 60 M M 2 20 90
29 92 69 81 -1 0 16 0.00 M M 4.7 14 10 M M 0 21 60
30 96 65 81 -2 0 16 0.00 M M 5.9 16 160 M M 0 23 170
================================================================================
SM 2804 2177 0 548 1.18 M 250.3 M 37
================================================================================
AV 93.5 72.6 8.3 FASTST M M 1 MAX(MPH)
MISC ----> 46 350 57 350
================================================================================
NOTES:
# LAST OF SEVERAL OCCURRENCES
COLUMN 17 PEAK WIND IN M.P.H.
PRELIMINARY LOCAL CLIMATOLOGICAL DATA (WS FORM: F-6) , PAGE 2
STATION: MCKINNEY
MONTH: JUNE
YEAR: 2022
LATITUDE: 33 10 N
LONGITUDE: 96 35 W
[TEMPERATURE DATA] [PRECIPITATION DATA] SYMBOLS USED IN COLUMN 16
AVERAGE MONTHLY: 83.0 TOTAL FOR MONTH: 1.18 1 = FOG OR MIST
DPTR FM NORMAL: 2.5 DPTR FM NORMAL: -2.40 2 = FOG REDUCING VISIBILITY
HIGHEST: 101 ON 11 GRTST 24HR 1.15 ON 1- 2 TO 1/4 MILE OR LESS
LOWEST: 65 ON 30, 4 3 = THUNDER
SNOW, ICE PELLETS, HAIL 4 = ICE PELLETS
TOTAL MONTH: M 5 = HAIL
GRTST 24HR M ON M 6 = FREEZING RAIN OR DRIZZLE
GRTST DEPTH: M ON M 7 = DUSTSTORM OR SANDSTORM:
VSBY 1/2 MILE OR LESS
8 = SMOKE OR HAZE
[NO. OF DAYS WITH] [WEATHER - DAYS WITH] 9 = BLOWING SNOW
X = TORNADO
MAX 32 OR BELOW: 0 0.01 INCH OR MORE: 3
MAX 90 OR ABOVE: 24 0.10 INCH OR MORE: 1
MIN 32 OR BELOW: 0 0.50 INCH OR MORE: 1
MIN 0 OR BELOW: 0 1.00 INCH OR MORE: 1
[HDD (BASE 65) ]
TOTAL THIS MO. 0 CLEAR (SCALE 0-3) 25
DPTR FM NORMAL 0 PTCLDY (SCALE 4-7) 5
TOTAL FM JUL 1 2144 CLOUDY (SCALE 8-10) 0
DPTR FM NORMAL -354
[CDD (BASE 65) ]
TOTAL THIS MO. 548
DPTR FM NORMAL 85 [PRESSURE DATA]
TOTAL FM JAN 1 994 HIGHEST SLP 30.20 ON 28
DPTR FM NORMAL 170 LOWEST SLP 29.90 ON 30
[REMARKS]
#FINAL-06-22#