754
CXUS54 KFWD 010731
CF6TKI
PRELIMINARY LOCAL CLIMATOLOGICAL DATA (WS FORM: F-6)
STATION: MCKINNEY
MONTH: OCTOBER
YEAR: 2020
LATITUDE: 33 10 N
LONGITUDE: 96 35 W
TEMPERATURE IN F: :PCPN: SNOW: WIND :SUNSHINE: SKY :PK WND
================================================================================
1 2 3 4 5 6A 6B 7 8 9 10 11 12 13 14 15 16 17 18
12Z AVG MX 2MIN
DY MAX MIN AVG DEP HDD CDD WTR SNW DPTH SPD SPD DIR MIN PSBL S-S WX SPD DR
================================================================================
1 79 54 67 -3 0 2 0.00 0.0 0 7.4 17 50 M M 0 25 50
2 75 48 62 -7 3 0 0.00 0.0 0 5.0 9 180 M M 0 14 80
3 80 53 67 -2 0 2 0.00 0.0 0 7.7 17 180 M M 0 26 180
4 78 49 64 -5 1 0 0.00 0.0 0 7.7 20 360 M M 3 26 20
5 77 47 62 -6 3 0 0.00 0.0 0 6.0 16 160 M M 0 20 150
6 84 55 70 2 0 5 0.00 0.0 0 5.5 13 140 M M 0 20 170
7 86 59 73 5 0 8 0.00 0.0 0 4.7 15 150 M M 0 1 20 140
8 86 57 72 5 0 7 0.00 0.0 0 3.8 12 150 M M 0 17 180
9 81 66 74 7 0 9 0.00 0.0 0 5.3 13 80 M M 8 1 17 70
10 86 59 73 6 0 8 0.00 0.0 0 2.5 8 120 M M 2 12 14 130
11 95 62 79 13 0 14 0.00 0.0 0 8.7 18 160 M M 0 24 190
12 81 49 65 -1 0 0 0.00 0.0 0 10.3 28 10 M M 1 8 35 360
13 81 43 62 -4 3 0 0.00 0.0 0 2.9 12 170 M M 0 17 150
14 90 50 70 4 0 5 0.00 0.0 0 11.4 23 170 M M 0 30 190
15 75 60 68 3 0 3 0.00 0.0 0 13.3 26 40 M M 6 1 37 30
16 71 47 59 -6 6 0 0.00 0.0 0 6.8 18 40 M M 1 25 50
17 74 48 61 -4 4 0 0.00 0.0 0 12.5 23 190 M M 4 31 180
18 86 60 73 9 0 8 0.00 0.0 0 13.7 24 180 M M 8 33 180
19 67 56 62 -2 3 0 0.00 0.0 0 6.4 12 320 M M 7 8 16 310
20 88 57 73 9 0 8 T 0.0 0 8.0 21 190 M M 6 27 180
21 84 66 75 11 0 10 0.00 0.0 0 10.7 21 180 M M 4 26 180
22 84 63 74 11 0 9 0.00 0.0 0 8.9 21 170 M M 3 1 27 180
23 75 47 61 -2 4 0 1.75 0.0 0 13.8 33 330 M M 8 13 44 330
24 60 43 52 -11 13 0 0.00 0.0 0 5.3 17 360 M M 7 24 360
25 59 52 56 -6 9 0 0.00 0.0 0 8.3 14 40 M M 9 18 18 60
26 54 38 46 -16 19 0 0.18 0.0 0 13.0 21 360 M M 10 1 28 10
27 42 37 40 -22 25 0 0.03 M 0 11.8 17 20 M M 10 1 23 10
28 45 39 42 -19 23 0 0.29 M M 11.4 22 290 M M 8 1 27 270
29 60 35 48 -13 17 0 0.00 0.0 0 10.0 22 340 M M 6 18 30 320
30 68 33 51 -10 14 0 0.00 0.0 0 2.7 8 180 M M 0 8 12 130
31 70 38 54 -6 11 0 0.00 0.0 0 4.8 16 150 M M 0 23 180
================================================================================
SM 2321 1570 158 98 2.25 0.0 250.3 M 111
================================================================================
AV 74.9 50.7 8.1 FASTST M M 4 MAX(MPH)
MISC ----> # 33 330 # 44 330
================================================================================
NOTES:
# LAST OF SEVERAL OCCURRENCES
COLUMN 17 PEAK WIND IN M.P.H.
PRELIMINARY LOCAL CLIMATOLOGICAL DATA (WS FORM: F-6) , PAGE 2
STATION: MCKINNEY
MONTH: OCTOBER
YEAR: 2020
LATITUDE: 33 10 N
LONGITUDE: 96 35 W
[TEMPERATURE DATA] [PRECIPITATION DATA] SYMBOLS USED IN COLUMN 16
AVERAGE MONTHLY: 62.8 TOTAL FOR MONTH: 2.25 1 = FOG OR MIST
DPTR FM NORMAL: -2.2 DPTR FM NORMAL: -2.42 2 = FOG REDUCING VISIBILITY
HIGHEST: 95 ON 11 GRTST 24HR 1.75 ON 23-23 TO 1/4 MILE OR LESS
LOWEST: 33 ON 30 3 = THUNDER
SNOW, ICE PELLETS, HAIL 4 = ICE PELLETS
TOTAL MONTH: 0.0 INCH 5 = HAIL
GRTST 24HR 0.0 6 = FREEZING RAIN OR DRIZZLE
GRTST DEPTH: 0 7 = DUSTSTORM OR SANDSTORM:
VSBY 1/2 MILE OR LESS
8 = SMOKE OR HAZE
[NO. OF DAYS WITH] [WEATHER - DAYS WITH] 9 = BLOWING SNOW
X = TORNADO
MAX 32 OR BELOW: 0 0.01 INCH OR MORE: 4
MAX 90 OR ABOVE: 2 0.10 INCH OR MORE: 3
MIN 32 OR BELOW: 0 0.50 INCH OR MORE: 1
MIN 0 OR BELOW: 0 1.00 INCH OR MORE: 1
[HDD (BASE 65) ]
TOTAL THIS MO. 158 CLEAR (SCALE 0-3) 16
DPTR FM NORMAL 58 PTCLDY (SCALE 4-7) 12
TOTAL FM JUL 1 160 CLOUDY (SCALE 8-10) 3
DPTR FM NORMAL 51
[CDD (BASE 65) ]
TOTAL THIS MO. 98
DPTR FM NORMAL -2 [PRESSURE DATA]
TOTAL FM JAN 1 2450 HIGHEST SLP M ON M
DPTR FM NORMAL 116 LOWEST SLP 29.67 ON M
[REMARKS]
#FINAL-10-20#