000
CXUS52 KMFL 011030
CF6TMB
PRELIMINARY LOCAL CLIMATOLOGICAL DATA (WS FORM: F-6)
STATION: KENDALL-TAMIAMI EXEC ARPT
MONTH: JULY
YEAR: 2022
LATITUDE: 25 38 N
LONGITUDE: 80 26 W
TEMPERATURE IN F: :PCPN: SNOW: WIND :SUNSHINE: SKY :PK WND
================================================================================
1 2 3 4 5 6A 6B 7 8 9 10 11 12 13 14 15 16 17 18
12Z AVG MX 2MIN
DY MAX MIN AVG DEP HDD CDD WTR SNW DPTH SPD SPD DIR MIN PSBL S-S WX SPD DR
================================================================================
1 91 79 85 2 0 20 0.00 0.0 0 10.3 20 100 M M 2 24 130
2 92 81 87 4 0 22 0.00 0.0 0 9.4 17 110 M M 2 24 110
3 92 80 86 3 0 21 T 0.0 0 10.1 17 110 M M 2 21 90
4 92 78 85 2 0 20 0.00 0.0 0 8.7 20 90 M M 2 25 50
5 93 78 86 3 0 21 0.09 0.0 0 7.5 16 100 M M 3 1 22 110
6 91 76 84 1 0 19 0.64 0.0 0 5.8 23 100 M M 3 13 27 100
7 91 75 83 0 0 18 0.02 0.0 0 7.6 17 110 M M 1 23 100
8 91 76 84 1 0 19 0.11 0.0 0 7.7 18 110 M M 3 24 100
9 93 76 85 2 0 20 T 0.0 0 6.6 15 170 M M 3 21 140
10 94 79 87 4 0 22 T 0.0 0 6.2 15 230 M M 1 3 21 220
11 95 80 88 5 0 23 0.00 0.0 M 6.0 16 320 M M 1 3 21 190
12 94 77 86 3 0 21 0.00 0.0 0 5.0 16 130 M M 2 23 120
13 95 78 87 4 0 22 T 0.0 0 4.6 29 270 M M 3 3 36 270
14 93 75 84 1 0 19 0.15 0.0 0 6.8 16 110 M M 1 13 21 140
15 88 70 79 -4 0 14 0.62 0.0 0 10.2 23 80 M M 3 13 28 90
16 88 77 83 0 0 18 0.23 0.0 0 5.9 20 130 M M 3 13 25 130
17 92 77 85 2 0 20 0.02 M M 6.6 18 140 M M 2 3 25 220
18 92 78 85 2 0 20 T 0.0 0 6.7 17 130 M M 2 8 23 130
19 91 75 83 0 0 18 0.00 0.0 0 6.9 22 90 M M 2 8 104 150
20 93 77 85 2 0 20 0.00 0.0 0 8.7 16 110 M M 2 22 120
21 93 81 87 4 0 22 T M M 9.0 16 100 M M 1 22 110
22 92 77 85 2 0 20 0.26 M M 7.3 20 130 M M 3 13 27 100
23 92 75 84 1 0 19 T M M 9.0 21 110 M M 2 3 26 110
24 91 78 85 2 0 20 0.03 M M 11.2 18 80 M M 2 138 24 110
25 92 77 85 2 0 20 0.02 0.0 0 10.9 26 120 M M 3 38 35 120
26 81 71 76 -7 0 11 2.63 M M 5.4 22 130 M M 5 13 29 120
27 91 70 81 -2 0 16 0.03 0.0 0 7.6 16 110 M M 2 13 20 110
28 91 74 83 0 0 18 0.00 M M 8.1 17 100 M M 1 21 90
29 91 78 85 1 0 20 T 0.0 0 11.0 20 110 M M 2 25 100
30 91 79 85 1 0 20 T 0.0 0 12.3 22 90 M M 3 27 90
31 92 79 86 2 0 21 T M M 12.0 18 100 M M 3 25 110
================================================================================
SM 2838 2381 0 604 4.85 0.0 251.1 M 70
================================================================================
AV 91.5 76.8 8.1 FASTST M M 2 MAX(MPH)
MISC ----> 29 270 104 150
================================================================================
NOTES:
# LAST OF SEVERAL OCCURRENCES
COLUMN 17 PEAK WIND IN M.P.H.
PRELIMINARY LOCAL CLIMATOLOGICAL DATA (WS FORM: F-6) , PAGE 2
STATION: KENDALL-TAMIAMI EXEC ARPT
MONTH: JULY
YEAR: 2022
LATITUDE: 25 38 N
LONGITUDE: 80 26 W
[TEMPERATURE DATA] [PRECIPITATION DATA] SYMBOLS USED IN COLUMN 16
AVERAGE MONTHLY: 84.2 TOTAL FOR MONTH: 4.85 1 = FOG OR MIST
DPTR FM NORMAL: 1.1 DPTR FM NORMAL: -2.34 2 = FOG REDUCING VISIBILITY
HIGHEST: 95 ON 13,11 GRTST 24HR 2.65 ON 26-27 TO 1/4 MILE OR LESS
LOWEST: 70 ON 27,15 3 = THUNDER
SNOW, ICE PELLETS, HAIL 4 = ICE PELLETS
TOTAL MONTH: 0.0 INCH 5 = HAIL
GRTST 24HR 0.0 6 = FREEZING RAIN OR DRIZZLE
GRTST DEPTH: 0 7 = DUSTSTORM OR SANDSTORM:
VSBY 1/2 MILE OR LESS
8 = SMOKE OR HAZE
[NO. OF DAYS WITH] [WEATHER - DAYS WITH] 9 = BLOWING SNOW
X = TORNADO
MAX 32 OR BELOW: 0 0.01 INCH OR MORE: 13
MAX 90 OR ABOVE: 28 0.10 INCH OR MORE: 7
MIN 32 OR BELOW: 0 0.50 INCH OR MORE: 3
MIN 0 OR BELOW: 0 1.00 INCH OR MORE: 1
[HDD (BASE 65) ]
TOTAL THIS MO. 0 CLEAR (SCALE 0-3) 29
DPTR FM NORMAL 0 PTCLDY (SCALE 4-7) 2
TOTAL FM JUL 1 0 CLOUDY (SCALE 8-10) 0
DPTR FM NORMAL 0
[CDD (BASE 65) ]
TOTAL THIS MO. 604
DPTR FM NORMAL 44 [PRESSURE DATA]
TOTAL FM JAN 1 2595 HIGHEST SLP 30.19 ON 31
DPTR FM NORMAL 309 LOWEST SLP 29.92 ON 11
[REMARKS]
#FINAL-07-22#