000
CXUS54 KBMX 011110
CF6TOI
PRELIMINARY LOCAL CLIMATOLOGICAL DATA (WS FORM: F-6)
STATION: TROY
MONTH: AUGUST
YEAR: 2020
LATITUDE: 31 51 N
LONGITUDE: 86 1 W
TEMPERATURE IN F: :PCPN: SNOW: WIND :SUNSHINE: SKY :PK WND
================================================================================
1 2 3 4 5 6A 6B 7 8 9 10 11 12 13 14 15 16 17 18
12Z AVG MX 2MIN
DY MAX MIN AVG DEP HDD CDD WTR SNW DPTH SPD SPD DIR MIN PSBL S-S WX SPD DR
================================================================================
1 93 73 83 2 0 18 0.00 0.0 0 4.7 13 210 M M 3 1 16 210
2 96 73 85 4 0 20 0.00 0.0 0 1.2 7 240 M M 1 12 9 180
3 96 74 85 4 0 20 0.00 0.0 0 2.0 14 300 M M 1 13 17 310
4 95 69 82 1 0 17 0.00 0.0 0 1.9 10 310 M M 0 1 13 320
5 96 72 84 3 0 19 0.00 0.0 0 2.6 12 210 M M 2 1 14 210
6 95 72 84 3 0 19 T 0.0 0 3.0 10 300 M M 2 18 15 210
7 96 72 84 3 0 19 0.00 0.0 0 2.2 9 270 M M 2 1 12 240
8 97 73 85 4 0 20 0.01 0.0 0 2.0 13 110 M M 1 138 16 110
9 97 73 85 4 0 20 0.00 0.0 0 2.1 17 340 M M 0 13 23 350
10 98 73 86 5 0 21 1.16 0.0 0 4.1 36 340 M M 3 13 43 330
11 96 72 84 3 0 19 0.61 0.0 0 3.8 25 330 M M 1 13 31 330
12 95 70 83 2 0 18 0.13 0.0 0 4.0 16 140 M M 1 13 24 50
13 94 72 83 2 0 18 T 0.0 0 2.1 17 210 M M 1 138 23 230
14 91 73 82 2 0 17 0.05 0.0 0 3.3 16 310 M M 3 13 23 290
15 90 74 82 2 0 17 T 0.0 0 4.5 14 10 M M 6 1 18 250
16 95 71 83 3 0 18 0.00 0.0 0 3.7 13 10 M M 0 1 19 320
17 95 70 83 3 0 18 0.00 0.0 0 1.9 9 300 M M 1 1 13 330
18 96 71 84 4 0 19 T 0.0 0 2.8 10 180 M M 2 18 16 160
19 94 71 83 3 0 18 0.00 0.0 0 5.7 16 360 M M 1 3 22 70
20 86 71 79 -1 0 14 0.15 0.0 0 3.7 13 120 M M 5 13 16 110
21 88 70 79 -1 0 14 0.63 0.0 0 2.6 20 160 M M 5 123 23 160
22 89 71 80 0 0 15 0.00 0.0 0 4.3 10 150 M M 3 1 16 170
23 90 73 82 2 0 17 0.40 0.0 0 4.7 16 90 M M 6 38 22 110
24 81 75 78 -2 0 13 0.41 0.0 0 6.6 14 50 M M 8 1 18 70
25 89 77 83 3 0 18 0.03 0.0 0 4.9 10 40 M M 5 14 60
26 95 78 87 7 0 22 0.00 0.0 0 4.1 12 100 M M 1 17 110
27 94 M M M M M 0.16 0.0 0 7.0 17 110 M M 1 138 25 100
28 M M M M M M M 0.0 0 M M M M M M M M
29 M M M M M M M 0.0 0 M M M M M M M M
30 M M M M M M M 0.0 0 M M M M M 0 M M
31 M M M M M M M 0.0 0 M M M M M 0 M M
================================================================================
SM 2517 1883 0 468 3.74 0.0 95.5 M 65
================================================================================
AV 93.2 72.4 3.5 FASTST M M 2 MAX(MPH)
MISC ----> # 36 340 # 43 330
================================================================================
NOTES:
# LAST OF SEVERAL OCCURRENCES
COLUMN 17 PEAK WIND IN M.P.H.
PRELIMINARY LOCAL CLIMATOLOGICAL DATA (WS FORM: F-6) , PAGE 2
STATION: TROY
MONTH: AUGUST
YEAR: 2020
LATITUDE: 31 51 N
LONGITUDE: 86 1 W
[TEMPERATURE DATA] [PRECIPITATION DATA] SYMBOLS USED IN COLUMN 16
AVERAGE MONTHLY: 82.8 TOTAL FOR MONTH: 3.74 1 = FOG OR MIST
DPTR FM NORMAL: 2.5 DPTR FM NORMAL: -0.88 2 = FOG REDUCING VISIBILITY
HIGHEST: 98 ON 10 GRTST 24HR 1.16 ON 10-10 TO 1/4 MILE OR LESS
LOWEST: 69 ON 4 3 = THUNDER
SNOW, ICE PELLETS, HAIL 4 = ICE PELLETS
TOTAL MONTH: 0.0 INCH 5 = HAIL
GRTST 24HR 0.0 6 = FREEZING RAIN OR DRIZZLE
GRTST DEPTH: 0 7 = DUSTSTORM OR SANDSTORM:
VSBY 1/2 MILE OR LESS
8 = SMOKE OR HAZE
[NO. OF DAYS WITH] [WEATHER - DAYS WITH] 9 = BLOWING SNOW
X = TORNADO
MAX 32 OR BELOW: 0 0.01 INCH OR MORE: 11
MAX 90 OR ABOVE: 22 0.10 INCH OR MORE: 8
MIN 32 OR BELOW: 0 0.50 INCH OR MORE: 3
MIN 0 OR BELOW: 0 1.00 INCH OR MORE: 1
[HDD (BASE 65) ]
TOTAL THIS MO. 0 CLEAR (SCALE 0-3) 20
DPTR FM NORMAL 0 PTCLDY (SCALE 4-7) 9
TOTAL FM JUL 1 0 CLOUDY (SCALE 8-10) 0
DPTR FM NORMAL 0
[CDD (BASE 65) ]
TOTAL THIS MO. 468
DPTR FM NORMAL -6 [PRESSURE DATA]
TOTAL FM JAN 1 1946 HIGHEST SLP 30.16 ON 9
DPTR FM NORMAL 312 LOWEST SLP 29.80 ON 19
[REMARKS]
#FINAL-08-20#