000
CXUS53 KTOP 010810
CF6TOP
PRELIMINARY LOCAL CLIMATOLOGICAL DATA (WS FORM: F-6)
STATION: TOPEKA KS
MONTH: APRIL
YEAR: 2022
LATITUDE: 39 4 N
LONGITUDE: 95 38 W
TEMPERATURE IN F: :PCPN: SNOW: WIND :SUNSHINE: SKY :PK WND
================================================================================
1 2 3 4 5 6A 6B 7 8 9 10 11 12 13 14 15 16 17 18
12Z AVG MX 2MIN
DY MAX MIN AVG DEP HDD CDD WTR SNW DPTH SPD SPD DIR MIN PSBL S-S WX SPD DR
================================================================================
1 63 27 45 -6 20 0 T 0.0 0 6.9 21 140 M M 2 1 28 160
2 66 41 54 2 11 0 T 0.0 0 7.4 20 310 M M 1 30 320
3 71 39 55 3 10 0 0.01 0.0 0 6.3 20 170 M M 4 27 170
4 64 41 53 1 12 0 0.00 0.0 0 5.6 18 360 M M 0 12 27 350
5 68 40 54 2 11 0 0.09 0.0 0 10.0 29 320 M M 9 44 320
6 64 44 54 1 11 0 T 0.0 0 15.1 32 310 M M 4 50 320
7 51 38 45 -8 20 0 0.01 T 0 18.4 35 300 M M 6 51 270
8 56 32 44 -9 21 0 T T 0 14.7 29 310 M M 6 42 340
9 68 26 47 -7 18 0 0.00 0.0 0 8.6 22 150 M M 0 31 150
10 77 50 64 10 1 0 0.00 0.0 0 10.5 24 220 M M 0 39 280
11 71 45 58 4 7 0 T 0.0 0 5.7 15 60 M M 3 21 70
12 88 51 70 16 0 5 0.39 0.0 0 20.2 35 160 M M 4 13 56 180
13 57 37 47 -8 18 0 0.06 T 0 11.8 25 340 M M 6 3 40 10
14 65 32 49 -6 16 0 0.00 0.0 0 9.6 23 210 M M 0 33 240
15 62 43 53 -2 12 0 0.00 0.0 0 10.0 20 360 M M 1 25 30
16 57 37 47 -9 18 0 0.00 0.0 0 11.9 21 360 M M 1 28 10
17 50 40 45 -11 20 0 0.04 0.0 0 9.3 20 90 M M 10 8 25 90
18 60 36 48 -8 17 0 0.00 0.0 0 8.5 20 320 M M 4 28 350
19 59 30 45 -11 20 0 T 0.0 0 11.1 24 130 M M 5 30 130
20 65 46 56 -1 9 0 0.01 0.0 0 10.7 24 190 M M 9 12 34 200
21 82 42 62 5 3 0 T 0.0 0 9.5 24 140 M M 7 12 32 140
22 83 69 76 19 0 11 0.00 0.0 0 18.6 31 160 M M 8 46 160
23 79 57 68 10 0 3 0.32 0.0 0 20.7 35 190 M M 7 3 54 180
24 70 47 59 1 6 0 0.00 0.0 0 9.4 18 300 M M 1 27 340
25 64 40 52 -6 13 0 0.00 0.0 0 9.5 20 310 M M 1 27 340
26 71 33 52 -7 13 0 0.00 0.0 0 6.2 16 160 M M 0 24 160
27 80 51 66 7 0 1 0.00 0.0 0 12.9 25 160 M M 3 37 180
28 81 62 72 13 0 7 T 0.0 0 11.7 23 150 M M 4 32 150
29 80 58 69 9 0 4 0.17 0.0 0 16.1 35 280 M M 7 13 53 280
30 62 54 58 -2 7 0 0.00 0.0 0 13.4 29 270 M M 6 42 280
================================================================================
SM 2034 1288 314 31 1.10 T 340.3 M 119
================================================================================
AV 67.8 42.9 11.3 FASTST M M 4 MAX(MPH)
MISC ----> # 35 300 56 180
================================================================================
NOTES:
# LAST OF SEVERAL OCCURRENCES
COLUMN 17 PEAK WIND IN M.P.H.
PRELIMINARY LOCAL CLIMATOLOGICAL DATA (WS FORM: F-6) , PAGE 2
STATION: TOPEKA KS
MONTH: APRIL
YEAR: 2022
LATITUDE: 39 4 N
LONGITUDE: 95 38 W
[TEMPERATURE DATA] [PRECIPITATION DATA] SYMBOLS USED IN COLUMN 16
AVERAGE MONTHLY: 55.4 TOTAL FOR MONTH: 1.10 1 = FOG OR MIST
DPTR FM NORMAL: -0.1 DPTR FM NORMAL: -2.71 2 = FOG REDUCING VISIBILITY
HIGHEST: 88 ON 12 GRTST 24HR 0.45 ON 12-13 TO 1/4 MILE OR LESS
LOWEST: 26 ON 9 3 = THUNDER
SNOW, ICE PELLETS, HAIL 4 = ICE PELLETS
TOTAL MONTH: T 5 = HAIL
GRTST 24HR T ON 7- 7 6 = FREEZING RAIN OR DRIZZLE
GRTST DEPTH: 0 7 = DUSTSTORM OR SANDSTORM:
VSBY 1/2 MILE OR LESS
8 = SMOKE OR HAZE
[NO. OF DAYS WITH] [WEATHER - DAYS WITH] 9 = BLOWING SNOW
X = TORNADO
MAX 32 OR BELOW: 0 0.01 INCH OR MORE: 9
MAX 90 OR ABOVE: 0 0.10 INCH OR MORE: 3
MIN 32 OR BELOW: 5 0.50 INCH OR MORE: 0
MIN 0 OR BELOW: 0 1.00 INCH OR MORE: 0
[HDD (BASE 65) ]
TOTAL THIS MO. 314 CLEAR (SCALE 0-3) 13
DPTR FM NORMAL 5 PTCLDY (SCALE 4-7) 13
TOTAL FM JUL 1 4290 CLOUDY (SCALE 8-10) 4
DPTR FM NORMAL -468
[CDD (BASE 65) ]
TOTAL THIS MO. 31
DPTR FM NORMAL 9 [PRESSURE DATA]
TOTAL FM JAN 1 32 HIGHEST SLP M ON M
DPTR FM NORMAL 5 LOWEST SLP 29.26 ON 12
[REMARKS]
#FINAL-04-22#