000
CXUS53 KTOP 010910
CF6TOP
PRELIMINARY LOCAL CLIMATOLOGICAL DATA (WS FORM: F-6)
STATION: TOPEKA KS
MONTH: DECEMBER
YEAR: 2020
LATITUDE: 39 4 N
LONGITUDE: 95 38 W
TEMPERATURE IN F: :PCPN: SNOW: WIND :SUNSHINE: SKY :PK WND
================================================================================
1 2 3 4 5 6A 6B 7 8 9 10 11 12 13 14 15 16 17 18
12Z AVG MX 2MIN
DY MAX MIN AVG DEP HDD CDD WTR SNW DPTH SPD SPD DIR MIN PSBL S-S WX SPD DR
================================================================================
1 52 19 36 0 29 0 0.00 0.0 0 5.8 17 130 M M 0 23 130
2 54 27 41 5 24 0 0.00 0.0 0 5.8 14 10 M M 4 20 10
3 45 27 36 1 29 0 0.00 0.0 0 4.6 14 360 M M 4 8 19 360
4 53 23 38 3 27 0 0.00 0.0 0 3.6 14 270 M M 0 18 19 280
5 53 26 40 5 25 0 0.00 0.0 0 5.6 15 310 M M 0 19 310
6 49 27 38 4 27 0 0.00 0.0 0 6.8 15 20 M M 0 18 20 310
7 58 24 41 7 24 0 0.00 0.0 0 3.5 10 260 M M 3 128 15 250
8 60 26 43 9 22 0 0.00 0.0 0 3.1 12 280 M M 0 17 280
9 69 30 50 17 15 0 0.00 0.0 0 3.2 10 280 M M 0 8 14 290
10 67 28 48 15 17 0 0.00 0.0 0 2.7 14 360 M M 0 19 350
11 44 38 41 8 24 0 0.05 0.0 0 7.5 16 50 M M 10 1 20 250
12 38 31 35 3 30 0 0.04 T 0 9.5 18 350 M M 10 1 26 350
13 37 25 31 -1 34 0 0.00 0.0 0 7.4 13 320 M M 6 17 350
14 38 18 28 -4 37 0 0.00 0.0 0 4.1 10 290 M M 2 1 14 50
15 31 23 27 -5 38 0 0.00 0.0 0 7.0 13 80 M M 4 18 80
16 34 24 29 -3 36 0 T T 0 4.7 12 310 M M 9 15 300
17 52 19 36 5 29 0 0.00 0.0 0 2.8 12 260 M M 0 18 15 260
18 57 34 46 15 19 0 0.00 0.0 0 13.9 29 190 M M 0 41 190
19 44 21 33 2 32 0 0.00 0.0 0 4.8 12 320 M M 0 16 320
20 55 21 38 7 27 0 0.00 0.0 0 6.1 14 220 M M 0 21 210
21 60 28 44 13 21 0 0.00 0.0 0 6.8 15 300 M M 0 21 270
22 66 25 46 16 19 0 0.00 0.0 0 12.8 29 180 M M 0 43 180
23 59 25 42 12 23 0 T T 0 21.1 33 310 M M 5 50 300
24 30 13 22 -8 43 0 0.00 0.0 0 11.0 22 300 M M 1 32 280
25 44 10 27 -3 38 0 0.00 0.0 0 4.6 13 180 M M 0 18 180
26 60 19 40 10 25 0 0.00 0.0 0 3.7 15 160 M M 0 20 180
27 51 26 39 9 26 0 0.00 0.0 0 9.8 25 310 M M 4 34 320
28 38 22 30 0 35 0 0.00 0.0 0 5.4 13 50 M M 4 17 350
29 35 30 33 3 32 0 1.21 T 0 9.6 21 100 M M 10 16 28 110
30 39 23 31 1 34 0 0.00 0.0 0 8.0 17 320 M M 1 23 320
31 39 17 28 -2 37 0 0.00 0.0 0 4.5 13 50 M M 0 18 16 30
================================================================================
SM 1511 749 878 0 1.30 T 209.8 M 77
================================================================================
AV 48.7 24.2 6.8 FASTST M M 2 MAX(MPH)
MISC ----> 33 310 50 300
================================================================================
NOTES:
# LAST OF SEVERAL OCCURRENCES
COLUMN 17 PEAK WIND IN M.P.H.
PRELIMINARY LOCAL CLIMATOLOGICAL DATA (WS FORM: F-6) , PAGE 2
STATION: TOPEKA KS
MONTH: DECEMBER
YEAR: 2020
LATITUDE: 39 4 N
LONGITUDE: 95 38 W
[TEMPERATURE DATA] [PRECIPITATION DATA] SYMBOLS USED IN COLUMN 16
AVERAGE MONTHLY: 36.5 TOTAL FOR MONTH: 1.30 1 = FOG OR MIST
DPTR FM NORMAL: 4.5 DPTR FM NORMAL: -0.05 2 = FOG REDUCING VISIBILITY
HIGHEST: 69 ON 9 GRTST 24HR 1.21 ON 29-29 TO 1/4 MILE OR LESS
LOWEST: 10 ON 25 3 = THUNDER
SNOW, ICE PELLETS, HAIL 4 = ICE PELLETS
TOTAL MONTH: T 5 = HAIL
GRTST 24HR T ON 12-12 6 = FREEZING RAIN OR DRIZZLE
GRTST DEPTH: 0 7 = DUSTSTORM OR SANDSTORM:
VSBY 1/2 MILE OR LESS
8 = SMOKE OR HAZE
[NO. OF DAYS WITH] [WEATHER - DAYS WITH] 9 = BLOWING SNOW
X = TORNADO
MAX 32 OR BELOW: 2 0.01 INCH OR MORE: 3
MAX 90 OR ABOVE: 0 0.10 INCH OR MORE: 1
MIN 32 OR BELOW: 29 0.50 INCH OR MORE: 1
MIN 0 OR BELOW: 0 1.00 INCH OR MORE: 1
[HDD (BASE 65) ]
TOTAL THIS MO. 878 CLEAR (SCALE 0-3) 19
DPTR FM NORMAL -145 PTCLDY (SCALE 4-7) 8
TOTAL FM JUL 1 1806 CLOUDY (SCALE 8-10) 4
DPTR FM NORMAL -211
[CDD (BASE 65) ]
TOTAL THIS MO. 0
DPTR FM NORMAL 0 [PRESSURE DATA]
TOTAL FM JAN 1 1537 HIGHEST SLP 30.48 ON 28
DPTR FM NORMAL 115 LOWEST SLP 29.38 ON 23
[REMARKS]
#FINAL-12-20#