000
CXUS55 KCYS 091533
CF6TOR
PRELIMINARY LOCAL CLIMATOLOGICAL DATA (WS FORM: F-6)
STATION: TORRINGTON WY AIRPORT
MONTH: MAY
YEAR: 2020
LATITUDE: 42 3 N
LONGITUDE: 104 9 W
TEMPERATURE IN F: :PCPN: SNOW: WIND :SUNSHINE: SKY :PK WND
================================================================================
1 2 3 4 5 6A 6B 7 8 9 10 11 12 13 14 15 16 17 18
12Z AVG MX 2MIN
DY MAX MIN AVG DEP HDD CDD WTR SNW DPTH SPD SPD DIR MIN PSBL S-S WX SPD DR
================================================================================
1 78 49 64 12 1 0 0.49 M M 8.2 23 50 M M 4 138 29 50
2 52 49 51 -1 14 0 0.65 M M 10.6 23 120 M M 9 1 32 120
3 74 43 59 6 6 0 T M M 8.7 28 190 M M 3 12 40 190
4 60 38 49 -4 16 0 0.27 M M 12.6 39 290 M M 5 138 55 290
5 69 32 51 -2 14 0 0.00 M M 8.6 29 10 M M 1 46 350
6 70 30 50 -4 15 0 0.00 M M 10.7 26 150 M M 0 40 150
7 64 38 51 -3 14 0 T M M 16.5 39 320 M M 3 8 56 350
8 60 31 46 -8 19 0 0.13 M M 9.9 28 190 M M 4 1 36 190
9 56 39 48 -6 17 0 0.15 M M 13.0 30 330 M M 6 1 46 320
10 59 34 47 -8 18 0 0.00 M M 10.1 23 60 M M 4 8 33 60
11 41 33 37 -18 28 0 0.00 M M 13.7 21 120 M M 9 1 27 100
12 67 36 52 -3 13 0 T M M 17.3 31 140 M M 5 42 130
13 73 42 58 2 7 0 0.05 M M 8.8 21 190 M M 3 13 29 310
14 73 45 59 3 6 0 T M M 7.7 23 50 M M 3 8 29 50
15 73 47 60 4 5 0 T M M 9.5 24 190 M M 3 3 32 210
16 66 41 54 -3 11 0 T M M 12.0 29 330 M M 4 41 330
17 72 42 57 0 8 0 0.00 M M 10.5 20 110 M M 4 29 120
18 83 44 64 7 1 0 0.00 M M 14.6 24 130 M M 0 32 130
19 89 50 70 12 0 5 T M M 13.4 26 130 M M 0 3 36 130
20 84 50 67 9 0 2 M M M 15.8 38 140 M M 1 13 52 150
21 77 44 61 3 4 0 0.00 M M 6.8 24 280 M M 1 35 280
22 83 41 62 4 3 0 0.00 M M 10.6 23 170 M M 0 30 170
23 79 50 65 6 0 0 0.18 M M 11.8 38 230 M M 1 3 50 220
24 61 43 52 -7 13 0 T M M 11.2 23 320 M M 3 35 330
25 67 39 53 -6 12 0 0.00 M M 7.9 18 30 M M 4 27 320
26 81 36 59 -1 6 0 0.00 M M 4.5 14 60 M M 0 22 300
27 84 50 67 7 0 2 0.00 M M 10.2 32 30 M M 3 41 30
28 70 48 59 -1 6 0 0.00 M M 4.1 17 50 M M 6 22 60
29 87 47 67 7 0 2 0.05 M M 13.0 28 10 M M 0 3 35 10
30 81 51 66 5 0 1 0.00 M M 11.8 21 140 M M 1 28 140
31 92 53 73 12 0 8 0.02 M M 9.7 25 160 M M 0 36 160
================================================================================
SM 2225 1315 257 20 1.99 M 333.8 M 90
================================================================================
AV 71.8 42.4 10.8 FASTST M M 3 MAX(MPH)
MISC ----> # 39 290 # 56 350
================================================================================
NOTES:
# LAST OF SEVERAL OCCURRENCES
COLUMN 17 PEAK WIND IN M.P.H.
PRELIMINARY LOCAL CLIMATOLOGICAL DATA (WS FORM: F-6) , PAGE 2
STATION: TORRINGTON WY AIRPORT
MONTH: MAY
YEAR: 2020
LATITUDE: 42 3 N
LONGITUDE: 104 9 W
[TEMPERATURE DATA] [PRECIPITATION DATA] SYMBOLS USED IN COLUMN 16
AVERAGE MONTHLY: 57.1 TOTAL FOR MONTH: 1.99 1 = FOG OR MIST
DPTR FM NORMAL: 0.5 DPTR FM NORMAL: -0.48 2 = FOG REDUCING VISIBILITY
HIGHEST: 92 ON 31 GRTST 24HR 0.65 ON 2- 2 TO 1/4 MILE OR LESS
LOWEST: 30 ON 6 3 = THUNDER
SNOW, ICE PELLETS, HAIL 4 = ICE PELLETS
TOTAL MONTH: M 5 = HAIL
GRTST 24HR M ON M 6 = FREEZING RAIN OR DRIZZLE
GRTST DEPTH: M ON M 7 = DUSTSTORM OR SANDSTORM:
VSBY 1/2 MILE OR LESS
8 = SMOKE OR HAZE
[NO. OF DAYS WITH] [WEATHER - DAYS WITH] 9 = BLOWING SNOW
X = TORNADO
MAX 32 OR BELOW: 0 0.01 INCH OR MORE: 9
MAX 90 OR ABOVE: 1 0.10 INCH OR MORE: 6
MIN 32 OR BELOW: 3 0.50 INCH OR MORE: 1
MIN 0 OR BELOW: 0 1.00 INCH OR MORE: 0
[HDD (BASE 65) ]
TOTAL THIS MO. 257 CLEAR (SCALE 0-3) 17
DPTR FM NORMAL -22 PTCLDY (SCALE 4-7) 12
TOTAL FM JUL 1 6406 CLOUDY (SCALE 8-10) 2
DPTR FM NORMAL -105
[CDD (BASE 65) ]
TOTAL THIS MO. 20
DPTR FM NORMAL 3 [PRESSURE DATA]
TOTAL FM JAN 1 20 HIGHEST SLP 30.42 ON 8
DPTR FM NORMAL 2 LOWEST SLP 29.46 ON 20
[REMARKS]
MAY 20TH...DAILY PRECIPITATION MISSING.
#FINAL-05-20#