000
CXUS52 KTBW 011355
CLMTPA
CLIMATE REPORT
NATIONAL WEATHER SERVICE TAMPA BAY FL
955 AM EDT MON MAY 01 2023
...................................
...THE TAMPA CLIMATE SUMMARY FOR THE MONTH OF APRIL 2023...
CLIMATE NORMAL PERIOD: 1991 TO 2020
CLIMATE RECORD PERIOD: 1890 TO 2023
WEATHER OBSERVED NORMAL DEPART LAST YEAR`S
VALUE DATE(S) VALUE FROM VALUE DATE(S)
NORMAL
................................................................
TEMPERATURE (F)
ALL-TIME APRIL RECORD
HIGH 96 04/29/2017
LOW 38 04/07/1891
04/06/1891
APRIL 2023
HIGHEST 92 04/06 MM MM 91 04/18
LOWEST 58 04/18 MM MM 56 04/10
AVG. MAXIMUM 85.4 83.0 2.4 85.5
AVG. MINIMUM 68.5 64.8 3.7 68.2
MEAN 76.9 73.9 3.0 76.8
DAYS MAX >= 90 2 1.0 1.0 3
DAYS MAX <= 32 0 0.0 0.0 0
DAYS MIN <= 32 0 0.0 0.0 0
DAYS MIN <= 0 0 0.0 0.0 0
PRECIPITATION (INCHES)
ALL-TIME APRIL RECORD
MAXIMUM 10.71 1997
MINIMUM T 1981
1967
APRIL 2023
TOTALS 0.88 2.55 -1.67 6.76
DAILY AVG. 0.03 0.08 -0.05 0.23
DAYS >= .01 6 5.7 0.3 7
DAYS >= .10 3 3.4 -0.4 6
DAYS >= .50 0 1.7 -1.7 5
DAYS >= 1.00 0 0.8 -0.8 5
GREATEST
24 HR. TOTAL 0.43 04/27 TO 04/27
DEGREE DAYS
HEATING TOTAL 0 7 -7 0
SINCE 7/1 266 426 -160 MM
COOLING TOTAL 365 274 91 360
SINCE 1/1 877 570 307 MM
................................................................
WIND (MPH)
AVERAGE WIND SPEED 8.0
HIGHEST WIND SPEED/DIRECTION 38/300 DATE 04/27
HIGHEST GUST SPEED/DIRECTION 54/300 DATE 04/27
SKY COVER
POSSIBLE SUNSHINE (PERCENT) MM
AVERAGE SKY COVER 0.55
NUMBER OF DAYS FAIR 6
NUMBER OF DAYS PC 20
NUMBER OF DAYS CLOUDY 4
AVERAGE RH (PERCENT) 68
WEATHER CONDITIONS. NUMBER OF DAYS WITH
THUNDERSTORM 8 MIXED PRECIP 0
HEAVY RAIN 0 RAIN 3
LIGHT RAIN 10 FREEZING RAIN 0
LT FREEZING RAIN 0 HAIL 0
HEAVY SNOW 0 SNOW 0
LIGHT SNOW 0 SLEET 0
FOG 8 FOG W/VIS <= 1/4 MILE 0
HAZE 2
- INDICATES NEGATIVE NUMBERS.
R INDICATES RECORD WAS SET OR TIED.
MM INDICATES DATA IS MISSING.
T INDICATES TRACE AMOUNT.
$$