000
CXUS55 KLKN 021256
CLMTPH
CLIMATE REPORT
NATIONAL WEATHER SERVICE ELKO, NV
456 AM PST TUE JAN 02 2024
...................................
...THE TONOPAH AIRPORT NV CLIMATE SUMMARY FOR THE MONTH OF DECEMBER 2023...
CLIMATE NORMAL PERIOD 1991 TO 2020
CLIMATE RECORD PERIOD 1954 TO 2024
WEATHER OBSERVED NORMAL DEPART LAST YEAR`S
VALUE DATE(S) VALUE FROM VALUE DATE(S)
NORMAL
................................................................
TEMPERATURE (F)
RECORD
HIGH 67 12/04/1958
LOW -13 12/21/1967
HIGHEST 61 12/05 58 3 52 12/25
LOWEST 17 12/24 6 11 4 12/17
AVG. MAXIMUM 50.8 44.6 6.2 40.5
AVG. MINIMUM 26.3 20.4 5.9 19.9
MEAN 38.5 32.5 6.0 30.2
DAYS MAX >= 90 0 0.0 0.0 0
DAYS MAX <= 32 0 2.1 -2.1 5
DAYS MIN <= 32 28 30.0 -2.0 29
DAYS MIN <= 0 0 0.2 -0.2 0
PRECIPITATION (INCHES)
RECORD
MAXIMUM 1.02 1966
MINIMUM 0.00 2011
TOTALS 0.09 0.26 -0.17 0.43
DAILY AVG. 0.00 0.01 -0.01 0.01
DAYS >= .01 2 2.9 -0.9 7
DAYS >= .10 0 0.9 -0.9 2
DAYS >= .50 0 0.0 0.0 0
DAYS >= 1.00 0 0.0 0.0 0
GREATEST
24 HR. TOTAL 0.09 12/21 TO 12/22 0.19
DEGREE DAYS
HEATING TOTAL 813 1007 -194 1075
SINCE 7/1 1977 2158 -181 MM
COOLING TOTAL 0 0 0 0
SINCE 1/1 755 894 -139 MM
................................................................
WIND (MPH)
AVERAGE WIND SPEED 7.5
HIGHEST WIND SPEED/DIRECTION 30/310 DATE 12/23
HIGHEST GUST SPEED/DIRECTION 41/320 DATE 12/23
AVERAGE RH (PERCENT) 54
WEATHER CONDITIONS. NUMBER OF DAYS WITH
THUNDERSTORM 0 MIXED PRECIP 0
HEAVY RAIN 0 RAIN 0
LIGHT RAIN 3 FREEZING RAIN 0
LT FREEZING RAIN 0 HAIL 0
HEAVY SNOW 0 SNOW 0
LIGHT SNOW 1 SLEET 0
FOG 3 FOG W/VIS <= 1/4 MILE 0
HAZE 0
- INDICATES NEGATIVE NUMBERS.
R INDICATES RECORD WAS SET OR TIED.
MM INDICATES DATA IS MISSING.
T INDICATES TRACE AMOUNT.
=====================================================================
...DECEMBER 2023 IN TONOPAH WAS WARMER AND DRIER THAN NORMAL...
...2ND (TIED) WARMEST DECEMBER ON RECORD FOR TONOPAH...
$$