000
CXUS55 KLKN 022333
CLMTPH
CLIMATE REPORT
NATIONAL WEATHER SERVICE ELKO, NV
433 PM PDT WED AUG 02 2023
...................................
...THE TONOPAH AIRPORT NV CLIMATE SUMMARY FOR THE MONTH OF JULY 2023...
CLIMATE NORMAL PERIOD 1991 TO 2020
CLIMATE RECORD PERIOD 1954 TO 2023
WEATHER OBSERVED NORMAL DEPART LAST YEAR`S
VALUE DATE(S) VALUE FROM VALUE DATE(S)
NORMAL
................................................................
TEMPERATURE (F)
RECORD
HIGH 105 07/11/2021
LOW 40 07/01/1997
07/22/1987
HIGHEST 104 07/16 100 4 101 07/22
LOWEST 50 07/10 49 1 50 07/04
AVG. MAXIMUM 96.0 92.4 3.6 94.3
AVG. MINIMUM 60.7 59.1 1.6 61.2
MEAN 78.3 75.7 2.6 77.7
DAYS MAX >= 90 31 23.2 7.8 26
DAYS MAX <= 32 0 0.0 0.0 0
DAYS MIN <= 32 0 0.0 0.0 0
DAYS MIN <= 0 0 0.0 0.0 0
PRECIPITATION (INCHES)
RECORD
MAXIMUM 2.49 1985
MINIMUM 0.00 2000
TOTALS 0.08 0.50 -0.42 1.23
DAILY AVG. 0.00 0.02 -0.02 0.04
DAYS >= .01 2 3.7 -1.7 4
DAYS >= .10 0 1.3 -1.3 1
DAYS >= .50 0 0.2 -0.2 1
DAYS >= 1.00 0 0.0 0.0 1
GREATEST
24 HR. TOTAL 0.07 07/19 TO 07/19 1.09
DEGREE DAYS
HEATING TOTAL 0 1 -1 0
SINCE 7/1 0 0 0 MM
COOLING TOTAL 421 334 87 403
SINCE 1/1 483 532 -49 MM
................................................................
WIND (MPH)
AVERAGE WIND SPEED 8.9
HIGHEST WIND SPEED/DIRECTION 36/310 DATE 07/19
HIGHEST GUST SPEED/DIRECTION 51/210 DATE 07/19
AVERAGE RH (PERCENT) 24
WEATHER CONDITIONS. NUMBER OF DAYS WITH
THUNDERSTORM 3 MIXED PRECIP 0
HEAVY RAIN 0 RAIN 2
LIGHT RAIN 2 FREEZING RAIN 0
LT FREEZING RAIN 0 HAIL 0
HEAVY SNOW 0 SNOW 0
LIGHT SNOW 0 SLEET 0
FOG 0 FOG W/VIS <= 1/4 MILE 0
HAZE 5
- INDICATES NEGATIVE NUMBERS.
R INDICATES RECORD WAS SET OR TIED.
MM INDICATES DATA IS MISSING.
T INDICATES TRACE AMOUNT.
=====================================================================
...JULY 2023 IN TONOPAH WAS WARMER AND DRIER THAN NORMAL...
...8TH WARMEST JULY ON RECORD FOR TONOPAH...
...A RECORD DAILY MAXIMUM TEMPERATURE OF 102 WAS SET ON JULY 15TH...
...A RECORD DAILY MAXIMUM TEMPERATURE OF 104 WAS SET ON JULY 16TH...
...A RECORD DAILY MAXIMUM TEMPERATURE OF 102 WAS SET ON JULY 22ND...
$$