000
CXUS54 KFWD 010730
CF6TPL
PRELIMINARY LOCAL CLIMATOLOGICAL DATA (WS FORM: F-6)
STATION: TEMPLE
MONTH: OCTOBER
YEAR: 2021
LATITUDE: 31 8 N
LONGITUDE: 97 25 W
TEMPERATURE IN F: :PCPN: SNOW: WIND :SUNSHINE: SKY :PK WND
================================================================================
1 2 3 4 5 6A 6B 7 8 9 10 11 12 13 14 15 16 17 18
12Z AVG MX 2MIN
DY MAX MIN AVG DEP HDD CDD WTR SNW DPTH SPD SPD DIR MIN PSBL S-S WX SPD DR
================================================================================
1 82 67 75 3 0 10 0.46 M M 5.8 15 10 M M 7 1 17 20
2 89 69 79 7 0 14 0.00 M M 4.7 12 140 M M 7 M M
3 87 65 76 5 0 11 0.00 M M 5.6 10 350 M M 2 M M
4 87 59 73 2 0 8 0.00 M M 7.2 14 10 M M 0 21 360
5 87 53 70 -1 0 5 0.00 M M 6.9 13 30 M M 0 21 360
6 88 54 71 1 0 6 0.00 M M 4.8 8 140 M M 0 M M
7 90 62 76 6 0 11 0.00 M M 8.0 17 160 M M 0 21 160
8 91 63 77 7 0 12 0.00 M M 10.0 15 200 M M 0 21 200
9 89 62 76 7 0 11 0.00 M M 12.1 20 170 M M 0 26 140
10 93 64 79 10 0 14 0.37 M M 19.7 31 300 M M 8 18 45 150
11 82 57 70 1 0 5 0.00 M M 4.0 7 310 M M 1 M M
12 85 63 74 6 0 9 0.04 M M 14.7 25 140 M M 6 1 36 170
13 87 67 77 9 0 12 1.96 M M 14.1 36 300 M M 8 138 56 290
14 81 67 74 6 0 9 0.56 M M 5.8 16 100 M M 7 1 M M
15 86 59 73 5 0 8 0.00 M M 11.2 20 350 M M 3 128 31 340
16 73 45 59 -8 6 0 0.00 M M 8.5 16 30 M M 0 22 10
17 75 41 58 -9 7 0 0.00 M M 3.5 9 150 M M 0 M M
18 76 43 60 -7 5 0 0.00 M M 6.7 14 160 M M 0 24 160
19 82 54 68 2 0 3 0.00 M M 10.9 17 140 M M 0 M M
20 86 64 75 9 0 10 0.00 M M 5.2 13 160 M M 5 M M
21 87 60 74 8 0 9 0.00 M M 3.4 8 70 M M 4 18 M M
22 86 60 73 7 0 8 0.00 M M 5.1 8 170 M M 1 M M
23 87 67 77 12 0 12 0.00 M M 12.4 17 160 M M 5 1 23 160
24 85 66 76 11 0 11 0.00 M M 11.3 18 170 M M 5 1 23 170
25 88 64 76 11 0 11 0.00 M M 6.0 12 140 M M 0 1 M M
26 87 70 79 15 0 14 0.00 M M 15.0 28 160 M M 5 1 38 160
27 77 58 68 4 0 3 0.86 M M 14.2 26 160 M M 3 13 36 160
28 76 55 66 2 0 1 0.00 M M 16.9 32 310 M M 0 49 320
29 73 44 59 -4 6 0 0.00 M M 15.5 24 330 M M 0 36 340
30 79 37 58 -5 7 0 0.00 M M 4.8 9 250 M M 0 8 M M
31 81 50 66 3 0 1 0.00 M M 6.8 12 160 M M 0 M M
================================================================================
SM 2602 1809 31 228 4.25 M 280.7 M 77
================================================================================
AV 83.9 58.4 9.1 FASTST M M 2 MAX(MPH)
MISC ----> 36 300 56 290
================================================================================
NOTES:
# LAST OF SEVERAL OCCURRENCES
COLUMN 17 PEAK WIND IN M.P.H.
PRELIMINARY LOCAL CLIMATOLOGICAL DATA (WS FORM: F-6) , PAGE 2
STATION: TEMPLE
MONTH: OCTOBER
YEAR: 2021
LATITUDE: 31 8 N
LONGITUDE: 97 25 W
[TEMPERATURE DATA] [PRECIPITATION DATA] SYMBOLS USED IN COLUMN 16
AVERAGE MONTHLY: 71.1 TOTAL FOR MONTH: 4.25 1 = FOG OR MIST
DPTR FM NORMAL: 3.8 DPTR FM NORMAL: 0.66 2 = FOG REDUCING VISIBILITY
HIGHEST: 93 ON 10 GRTST 24HR 1.96 ON 13-13 TO 1/4 MILE OR LESS
LOWEST: 37 ON 30 3 = THUNDER
SNOW, ICE PELLETS, HAIL 4 = ICE PELLETS
TOTAL MONTH: M 5 = HAIL
GRTST 24HR M ON M 6 = FREEZING RAIN OR DRIZZLE
GRTST DEPTH: M ON M 7 = DUSTSTORM OR SANDSTORM:
VSBY 1/2 MILE OR LESS
8 = SMOKE OR HAZE
[NO. OF DAYS WITH] [WEATHER - DAYS WITH] 9 = BLOWING SNOW
X = TORNADO
MAX 32 OR BELOW: 0 0.01 INCH OR MORE: 6
MAX 90 OR ABOVE: 3 0.10 INCH OR MORE: 5
MIN 32 OR BELOW: 0 0.50 INCH OR MORE: 3
MIN 0 OR BELOW: 0 1.00 INCH OR MORE: 1
[HDD (BASE 65) ]
TOTAL THIS MO. 31 CLEAR (SCALE 0-3) 18
DPTR FM NORMAL -38 PTCLDY (SCALE 4-7) 13
TOTAL FM JUL 1 31 CLOUDY (SCALE 8-10) 0
DPTR FM NORMAL -46
[CDD (BASE 65) ]
TOTAL THIS MO. 228
DPTR FM NORMAL 86 [PRESSURE DATA]
TOTAL FM JAN 1 2590 HIGHEST SLP M ON M
DPTR FM NORMAL 122 LOWEST SLP M ON M
[REMARKS]
#FINAL-10-21#