000
CXUS54 KFWD 010830
CF6TRL
PRELIMINARY LOCAL CLIMATOLOGICAL DATA (WS FORM: F-6)
STATION: TERRELL
MONTH: DECEMBER
YEAR: 2021
LATITUDE: 32 42 N
LONGITUDE: 96 16 W
TEMPERATURE IN F: :PCPN: SNOW: WIND :SUNSHINE: SKY :PK WND
================================================================================
1 2 3 4 5 6A 6B 7 8 9 10 11 12 13 14 15 16 17 18
12Z AVG MX 2MIN
DY MAX MIN AVG DEP HDD CDD WTR SNW DPTH SPD SPD DIR MIN PSBL S-S WX SPD DR
================================================================================
1 75 47 61 9 4 0 0.00 M M 6.0 17 210 M M 0 18 24 230
2 76 43 60 9 5 0 0.00 M M 4.3 12 190 M M 2 12 16 170
3 77 60 69 18 0 4 T M M 10.1 18 160 M M 5 1 25 190
4 73 61 67 16 0 2 0.00 M M 6.9 15 160 M M 7 1 20 170
5 77 58 68 18 0 3 0.00 M M 8.9 22 190 M M 7 1 33 180
6 69 39 54 4 11 0 0.11 M M 12.9 28 10 M M 3 1 39 20
7 59 35 47 -3 18 0 0.00 M M 5.1 12 190 M M 0 18 170
8 61 42 52 2 13 0 0.00 M M 6.9 14 170 M M 5 1 19 170
9 78 56 67 17 0 2 0.00 M M 11.8 23 190 M M 5 1 32 200
10 82 63 73 24 0 8 0.00 M M 12.5 23 210 M M 7 1 34 200
11 71 30 51 2 14 0 T M M 9.2 28 330 M M 1 39 340
12 57 26 42 -7 23 0 0.00 M M 5.4 15 170 M M 0 20 140
13 61 38 50 1 15 0 0.03 M M 7.7 16 140 M M 5 1 21 160
14 70 54 62 14 3 0 0.03 M M 7.7 15 160 M M 10 12 20 190
15 78 67 73 25 0 8 0.00 M M 15.3 29 180 M M 7 47 170
16 81 61 71 23 0 6 0.02 M M 8.4 17 190 M M 7 8 23 200
17 79 62 71 23 0 6 0.00 M M 11.5 22 190 M M 7 18 32 200
18 69 40 55 7 10 0 0.27 M M 12.9 24 10 M M 5 13 36 360
19 49 33 41 -7 24 0 0.00 M M 6.5 17 10 M M 1 24 10
20 52 39 46 -1 19 0 0.03 M M 3.7 10 50 M M 8 1 13 50
21 58 31 45 -2 20 0 0.00 M M 2.7 10 170 M M 4 12 16 180
22 68 39 54 7 11 0 0.00 M M 7.2 18 160 M M 1 24 140
23 72 52 62 15 3 0 0.00 M M 13.8 24 200 M M 3 36 180
24 77 62 70 23 0 5 0.00 M M 18.2 29 190 M M 4 44 170
25 81 61 71 24 0 6 0.00 M M 8.5 17 200 M M 2 27 200
26 77 57 67 21 0 2 0.00 M M 12.0 22 170 M M 4 12 28 170
27 78 62 70 24 0 5 0.00 M M 9.6 21 190 M M 6 1 28 190
28 82 55 69 23 0 4 T M M 11.1 22 210 M M 4 37 200
29 75 51 63 17 2 0 T M M 4.8 15 220 M M 4 18 23 160
30 78 44 61 15 4 0 0.00 M M 2.8 12 250 M M 0 17 270
31 72 54 63 17 2 0 T M M 6.9 17 190 M M 7 1 23 190
================================================================================
SM 2212 1522 201 61 0.49 M 271.3 M 131
================================================================================
AV 71.4 49.1 8.8 FASTST M M 4 MAX(MPH)
MISC ----> # 29 180 47 170
================================================================================
NOTES:
# LAST OF SEVERAL OCCURRENCES
COLUMN 17 PEAK WIND IN M.P.H.
PRELIMINARY LOCAL CLIMATOLOGICAL DATA (WS FORM: F-6) , PAGE 2
STATION: TERRELL
MONTH: DECEMBER
YEAR: 2021
LATITUDE: 32 42 N
LONGITUDE: 96 16 W
[TEMPERATURE DATA] [PRECIPITATION DATA] SYMBOLS USED IN COLUMN 16
AVERAGE MONTHLY: 60.2 TOTAL FOR MONTH: 0.49 1 = FOG OR MIST
DPTR FM NORMAL: 11.9 DPTR FM NORMAL: -3.07 2 = FOG REDUCING VISIBILITY
HIGHEST: 82 ON 28,10 GRTST 24HR 0.27 ON 18-18 TO 1/4 MILE OR LESS
LOWEST: 26 ON 12 3 = THUNDER
SNOW, ICE PELLETS, HAIL 4 = ICE PELLETS
TOTAL MONTH: M 5 = HAIL
GRTST 24HR M ON M 6 = FREEZING RAIN OR DRIZZLE
GRTST DEPTH: M ON M 7 = DUSTSTORM OR SANDSTORM:
VSBY 1/2 MILE OR LESS
8 = SMOKE OR HAZE
[NO. OF DAYS WITH] [WEATHER - DAYS WITH] 9 = BLOWING SNOW
X = TORNADO
MAX 32 OR BELOW: 0 0.01 INCH OR MORE: 6
MAX 90 OR ABOVE: 0 0.10 INCH OR MORE: 2
MIN 32 OR BELOW: 3 0.50 INCH OR MORE: 0
MIN 0 OR BELOW: 0 1.00 INCH OR MORE: 0
[HDD (BASE 65) ]
TOTAL THIS MO. 201 CLEAR (SCALE 0-3) 10
DPTR FM NORMAL -323 PTCLDY (SCALE 4-7) 19
TOTAL FM JUL 1 519 CLOUDY (SCALE 8-10) 2
DPTR FM NORMAL -359
[CDD (BASE 65) ]
TOTAL THIS MO. 61
DPTR FM NORMAL 55 [PRESSURE DATA]
TOTAL FM JAN 1 2453 HIGHEST SLP 30.42 ON 19
DPTR FM NORMAL -284 LOWEST SLP 29.57 ON 28
[REMARKS]
#FINAL-12-21#