000
CXUS56 KSGX 011145
CF6TRM
PRELIMINARY LOCAL CLIMATOLOGICAL DATA (WS FORM: F-6)
STATION: THERMAL AIRPORT CA
MONTH: DECEMBER
YEAR: 2021
LATITUDE: 33 37 N
LONGITUDE: 116 10 W
TEMPERATURE IN F: :PCPN: SNOW: WIND :SUNSHINE: SKY :PK WND
================================================================================
1 2 3 4 5 6A 6B 7 8 9 10 11 12 13 14 15 16 17 18
12Z AVG MX 2MIN
DY MAX MIN AVG DEP HDD CDD WTR SNW DPTH SPD SPD DIR MIN PSBL S-S WX SPD DR
================================================================================
1 89 42 66 10 0 1 0.00 M M 3.0 9 160 M M 0 11 150
2 84 43 64 9 1 0 0.00 M M 3.0 10 160 M M 0 13 320
3 79 42 61 6 4 0 0.00 M M 3.3 9 360 M M 0 12 350
4 80 42 61 6 4 0 0.00 M M 2.7 8 20 M M 0 8 9 180
5 89 40 65 10 0 0 0.00 M M 3.5 9 340 M M 0 12 140
6 78 41 60 6 5 0 0.00 M M 4.3 12 150 M M 0 14 130
7 68 47 58 4 7 0 T M M 2.7 9 270 M M 5 9 260
8 76 41 59 5 6 0 0.00 M M 3.7 13 130 M M 1 15 130
9 68 42 55 1 10 0 0.00 M M 5.7 21 260 M M 2 27 270
10 65 36 51 -3 14 0 0.00 M M 4.9 15 320 M M 0 21 320
11 66 29 48 -5 17 0 0.00 M M 3.3 7 350 M M 0 10 170
12 67 27 47 -6 18 0 0.00 M M 3.1 9 150 M M 0 11 150
13 64 29 47 -6 18 0 0.00 M M 3.8 9 130 M M 0 12 140
14 69 37 53 0 12 0 T M M 11.2 40 280 M M 3 8 51 280
15 61 31 46 -7 19 0 0.00 M M 3.9 10 330 M M 0 15 320
16 65 28 47 -6 18 0 0.00 M M 3.7 9 140 M M 0 8 12 160
17 69 36 53 0 12 0 0.00 M M 6.4 16 300 M M 0 8 22 310
18 68 31 50 -3 15 0 0.00 M M 4.6 12 360 M M 0 14 10
19 69 27 48 -5 17 0 0.00 M M 3.6 8 120 M M 0 10 120
20 71 26 49 -4 16 0 0.00 M M 3.2 8 340 M M 0 8 10 330
21 70 45 58 5 7 0 0.00 M M 3.1 7 330 M M 0 9 320
22 70 39 55 2 10 0 T M M 2.4 8 140 M M 0 11 150
23 68 46 57 4 8 0 0.03 M M 2.7 14 320 M M 6 18 310
24 69 41 55 2 10 0 0.10 M M 10.4 33 280 M M 4 18 43 280
25 63 37 50 -3 15 0 0.00 M M 5.5 31 290 M M 1 41 280
26 66 51 59 6 6 0 0.00 M M 7.0 23 330 M M 1 29 320
27 60 45 53 0 12 0 T M M 6.8 18 320 M M 3 29 320
28 63 41 52 -1 13 0 0.00 M M 7.0 24 270 M M 0 8 32 280
29 61 30 46 -7 19 0 0.00 M M 2.9 9 140 M M 3 14 140
30 61 39 50 -3 15 0 0.00 M M 2.5 8 100 M M 5 11 100
31 68 45 57 4 8 0 0.00 M M 4.1 28 330 M M 3 36 330
================================================================================
SM 2164 1176 336 1 0.13 M 138.0 M 37
================================================================================
AV 69.8 37.9 4.5 FASTST M M 1 MAX(MPH)
MISC ----> 40 280 51 280
================================================================================
NOTES:
# LAST OF SEVERAL OCCURRENCES
COLUMN 17 PEAK WIND IN M.P.H.
PRELIMINARY LOCAL CLIMATOLOGICAL DATA (WS FORM: F-6) , PAGE 2
STATION: THERMAL AIRPORT CA
MONTH: DECEMBER
YEAR: 2021
LATITUDE: 33 37 N
LONGITUDE: 116 10 W
[TEMPERATURE DATA] [PRECIPITATION DATA] SYMBOLS USED IN COLUMN 16
AVERAGE MONTHLY: 53.9 TOTAL FOR MONTH: 0.13 1 = FOG OR MIST
DPTR FM NORMAL: 0.4 DPTR FM NORMAL: -0.21 2 = FOG REDUCING VISIBILITY
HIGHEST: 89 ON 1, 5 GRTST 24HR 0.13 ON 23-24 TO 1/4 MILE OR LESS
LOWEST: 26 ON 20 3 = THUNDER
SNOW, ICE PELLETS, HAIL 4 = ICE PELLETS
TOTAL MONTH: M 5 = HAIL
GRTST 24HR M ON M 6 = FREEZING RAIN OR DRIZZLE
GRTST DEPTH: M ON M 7 = DUSTSTORM OR SANDSTORM:
VSBY 1/2 MILE OR LESS
8 = SMOKE OR HAZE
[NO. OF DAYS WITH] [WEATHER - DAYS WITH] 9 = BLOWING SNOW
X = TORNADO
MAX 32 OR BELOW: 0 0.01 INCH OR MORE: 2
MAX 90 OR ABOVE: 0 0.10 INCH OR MORE: 1
MIN 32 OR BELOW: 9 0.50 INCH OR MORE: 0
MIN 0 OR BELOW: 0 1.00 INCH OR MORE: 0
[HDD (BASE 65) ]
TOTAL THIS MO. 336 CLEAR (SCALE 0-3) 26
DPTR FM NORMAL -21 PTCLDY (SCALE 4-7) 5
TOTAL FM JUL 1 386 CLOUDY (SCALE 8-10) 0
DPTR FM NORMAL -120
[CDD (BASE 65) ]
TOTAL THIS MO. 1
DPTR FM NORMAL 0 [PRESSURE DATA]
TOTAL FM JAN 1 4334 HIGHEST SLP 30.28 ON 11
DPTR FM NORMAL 454 LOWEST SLP 29.54 ON 31
[REMARKS]
#FINAL-12-21#