000
CXUS56 KSGX 011145
CF6TRM
PRELIMINARY LOCAL CLIMATOLOGICAL DATA (WS FORM: F-6)
STATION: THERMAL AIRPORT CA
MONTH: JANUARY
YEAR: 2024
LATITUDE: 33 37 N
LONGITUDE: 116 10 W
TEMPERATURE IN F: :PCPN: SNOW: WIND :SUNSHINE: SKY :PK WND
================================================================================
1 2 3 4 5 6A 6B 7 8 9 10 11 12 13 14 15 16 17 18
12Z AVG MX 2MIN
DY MAX MIN AVG DEP HDD CDD WTR SNW DPTH SPD SPD DIR MIN PSBL S-S WX SPD DR
================================================================================
1 69 36 53 0 12 0 0.00 M M 5.2 10 290 M M 0 1 13 310
2 72 39 56 2 9 0 0.00 M M 4.8 9 130 M M 0 12 150
3 61 39 50 -4 15 0 T M M 2.9 12 150 M M 2 14 180
4 70 32 51 -3 14 0 0.00 M M 4.4 14 330 M M 0 17 330
5 70 35 53 -1 12 0 0.00 M M 3.5 12 360 M M 0 13 320
6 66 31 49 -5 16 0 0.00 M M 5.1 22 250 M M 0 8 28 230
7 64 42 53 -1 12 0 T M M 10.3 28 330 M M 2 8 37 340
8 62 33 48 -6 17 0 0.00 M M 8.8 22 340 M M 0 29 340
9 62 26 44 -10 21 0 0.00 M M 4.2 9 360 M M 0 8 11 130
10 62 28 45 -9 20 0 0.00 M M 3.3 13 140 M M 0 16 140
11 64 34 49 -5 16 0 0.00 M M 8.1 30 340 M M 1 8 39 340
12 63 28 46 -9 19 0 0.00 M M 4.0 9 140 M M 0 13 150
13 M M M M M M 0.00 M M 3.2 8 150 M M 0 10 120
14 M M M M M M 0.00 M M 3.7 8 160 M M 0 M M
15 M M M M M M 0.00 M M M M M M M M M M
16 M M M M M M 0.00 M M M M M M M M M M
17 68 40 54 -1 11 0 0.00 M M M M M M M M M M
18 75 39 57 2 8 0 0.00 M M M M M M M M M M
19 73 44 59 4 6 0 0.00 M M 2.3 8 140 M M 0 11 140
20 66 50 58 3 7 0 0.01 M M 3.9 12 320 M M 3 16 310
21 66 49 58 2 7 0 0.03 M M 4.0 10 90 M M 4 1 12 90
22 60 50 55 -1 10 0 1.00 M M 4.9 22 140 M M 9 1 27 150
23 69 50 60 4 5 0 0.00 M M 3.6 9 350 M M 2 1 12 330
24 66 47 57 1 8 0 0.00 M M 2.1 12 330 M M 0 1 14 320
25 67 45 56 0 9 0 0.00 M M 3.6 12 340 M M 1 128 16 330
26 M M M M M M 0.00 M M M M M M M 0 M M
27 77 62 70 14 0 5 0.00 M M 3.5 6 300 M M 0 M M
28 M M M M M M 0.00 M M 1.2 4 310 M M 0 M M
29 M M M M M M 0.00 M M M M M M M M M M
30 M M M M M M 0.00 M M M M M M M M M M
31 M M M M M M 0.00 M M M M M M M M M M
================================================================================
SM 1472 879 254 5 1.04 M 100.6 M 24
================================================================================
AV 66.9 40.0 4.4 FASTST M M 1 MAX(MPH)
MISC ----> 30 340 39 340
================================================================================
NOTES:
# LAST OF SEVERAL OCCURRENCES
COLUMN 17 PEAK WIND IN M.P.H.
PRELIMINARY LOCAL CLIMATOLOGICAL DATA (WS FORM: F-6) , PAGE 2
STATION: THERMAL AIRPORT CA
MONTH: JANUARY
YEAR: 2024
LATITUDE: 33 37 N
LONGITUDE: 116 10 W
[TEMPERATURE DATA] [PRECIPITATION DATA] SYMBOLS USED IN COLUMN 16
AVERAGE MONTHLY: 53.4 TOTAL FOR MONTH: 1.04 1 = FOG OR MIST
DPTR FM NORMAL: -1.6 DPTR FM NORMAL: 0.40 2 = FOG REDUCING VISIBILITY
HIGHEST: 77 ON 27 GRTST 24HR 1.19 ON 22-23 TO 1/4 MILE OR LESS
LOWEST: 26 ON 9 3 = THUNDER
SNOW, ICE PELLETS, HAIL 4 = ICE PELLETS
TOTAL MONTH: 0.0 INCH 5 = HAIL
GRTST 24HR M ON M 6 = FREEZING RAIN OR DRIZZLE
GRTST DEPTH: 0 7 = DUSTSTORM OR SANDSTORM:
VSBY 1/2 MILE OR LESS
8 = SMOKE OR HAZE
[NO. OF DAYS WITH] [WEATHER - DAYS WITH] 9 = BLOWING SNOW
X = TORNADO
MAX 32 OR BELOW: 0 0.01 INCH OR MORE: 3
MAX 90 OR ABOVE: 0 0.10 INCH OR MORE: 1
MIN 32 OR BELOW: 5 0.50 INCH OR MORE: 1
MIN 0 OR BELOW: 0 1.00 INCH OR MORE: 1
[HDD (BASE 65) ]
TOTAL THIS MO. 254 CLEAR (SCALE 0-3) 22
DPTR FM NORMAL -58 PTCLDY (SCALE 4-7) 1
TOTAL FM JUL 1 623 CLOUDY (SCALE 8-10) 8
DPTR FM NORMAL -196
[CDD (BASE 65) ]
TOTAL THIS MO. 5
DPTR FM NORMAL 3 [PRESSURE DATA]
TOTAL FM JAN 1 5 HIGHEST SLP M ON M
DPTR FM NORMAL 3 LOWEST SLP 29.72 ON 11
[REMARKS]
#FINAL-01-24#