000
CXUS56 KSGX 020834
CLMTRM
CLIMATE REPORT
NATIONAL WEATHER SERVICE SAN DIEGO, CA
134 AM PDT THU NOV 02 2023
...................................
...THE THERMAL AIRPORT CA CLIMATE SUMMARY FOR THE MONTH OF OCTOBER 2023...
CLIMATE NORMAL PERIOD: 1991 TO 2020
CLIMATE RECORD PERIOD: 1950 TO 2023
WEATHER OBSERVED NORMAL DEPART LAST YEAR`S
VALUE DATE(S) VALUE FROM VALUE DATE(S)
NORMAL
................................................................
TEMPERATURE (F)
RECORD
HIGH 114 10/02/1980
LOW 28 10/30/1971
HIGHEST 105 10/20 91 14 100 10/03
10/04
10/13
LOWEST 45 10/31 57 -12 43 10/25
10/28
AVG. MAXIMUM 92.6 90.9 1.7 91.4
AVG. MINIMUM 60.6 56.9 3.7 60.5
MEAN 76.6 73.9 2.7 76.0
DAYS MAX >= 90 17 20.1 -3.1 20
DAYS MAX <= 32 0 0.0 0.0 0
DAYS MAX >= 45 31 31
DAYS MAX >= 120 0 0
DAYS MIN <= 32 0 0.0 0.0 0
PRECIPITATION (INCHES)
RECORD
MAXIMUM 2.08 2005
MINIMUM 0.00 2023
TOTALS 0.00R 0.19 -0.19 0.58
DAILY AVG. 0.00 0.01 -0.01 0.02
DAYS >= .01 0 0.8 -0.8 3
DAYS >= .10 0 0.4 -0.4 1
DAYS >= .50 0 0.1 -0.1 1
DAYS >= 1.00 0 0.0 0.0 0
DAYS >= %-5.2F 0 0
DAYS >= %-5.2F 0 0
GREATEST
24 HR. TOTAL 0.00 09/30 TO 09/30 0.56 10/15 TO 10/16
STORM TOTAL 0.00 0.52
(MM/DD(HH)) MM
DEGREE DAYS
HEATING TOTAL 3 9 -6 9
SINCE 7/1 3 7 -4 MM
COOLING TOTAL 369 285 84 357
SINCE 1/1 3897 3837 60 MM
FREEZE DATES
RECORD
EARLIEST 10/30/1971
LATEST 04/10/1999
EARLIEST MM
LATEST 03/04
................................................................
WIND (MPH)
AVERAGE WIND SPEED 6.3
RESULTANT WIND SPEED/DIRECTION 4/330
HIGHEST WIND SPEED/DIRECTION 26/340 DATE 10/22
HIGHEST GUST SPEED/DIRECTION 33/320 DATE 10/22
SKY COVER
POSSIBLE SUNSHINE (PERCENT) MM
AVERAGE SKY COVER 0.02
NUMBER OF DAYS FAIR 31
NUMBER OF DAYS PC 0
NUMBER OF DAYS CLOUDY 0
AVERAGE RH (PERCENT) 38
WEATHER CONDITIONS. NUMBER OF DAYS WITH
THUNDERSTORM 0 MIXED PRECIP 0
HEAVY RAIN 0 RAIN 0
LIGHT RAIN 0 FREEZING RAIN 0
LT FREEZING RAIN 0 HAIL 0
HEAVY SNOW 0 SNOW 0
LIGHT SNOW 0 SLEET 0
FOG 0 FOG W/VIS <= 1/4 MILE 0
HAZE 9
- INDICATES NEGATIVE NUMBERS.
R INDICATES RECORD WAS SET OR TIED.
MM INDICATES DATA IS MISSING.
T INDICATES TRACE AMOUNT.
$$