000
CXUS54 KTSA 011344
CF6TUL
PRELIMINARY LOCAL CLIMATOLOGICAL DATA (WS FORM: F-6)
STATION: TULSA OKLAHOMA
MONTH: NOVEMBER
YEAR: 2023
LATITUDE: 36 12 N
LONGITUDE: 95 54 W
TEMPERATURE IN F: :PCPN: SNOW: WIND :SUNSHINE: SKY :PK WND
================================================================================
1 2 3 4 5 6A 6B 7 8 9 10 11 12 13 14 15 16 17 18
12Z AVG MX 2MIN
DY MAX MIN AVG DEP HDD CDD WTR SNW DPTH SPD SPD DIR MIN PSBL S-S WX SPD DR
================================================================================
1 55 23 39 -17 26 0 0.00 0.0 0 7.5 17 180 M M 1 24 190
2 63 39 51 -5 14 0 0.00 0.0 0 13.8 23 170 M M 2 31 190
3 72 45 59 4 6 0 0.00 0.0 0 11.5 22 170 M M 1 29 190
4 73 46 60 5 5 0 0.00 0.0 0 4.9 10 120 M M 6 14 170
5 79 52 66 12 0 1 0.00 0.0 0 9.2 18 170 M M 4 25 180
6 81 61 71 17 0 6 0.00 0.0 0 11.4 18 180 M M 4 23 170
7 84 58 71 17 0 6 0.00 0.0 0 12.4 23 170 M M 0 31 170
8 86 56 71 18 0 6 0.00 0.0 0 12.9 23 320 M M 0 31 180
9 57 45 51 -2 14 0 0.00 0.0 0 10.4 18 10 M M 8 28 360
10 66 35 51 -1 14 0 0.00 0.0 0 5.1 12 90 M M 3 18 90
11 65 40 53 1 12 0 0.00 0.0 0 4.9 16 160 M M 7 21 150
12 68 37 53 1 12 0 0.00 0.0 0 4.6 12 180 M M 5 14 170
13 72 40 56 5 9 0 0.00 0.0 0 1.4 13 100 M M 4 14 110
14 69 38 54 3 11 0 0.00 0.0 0 5.0 15 180 M M 2 20 180
15 71 40 56 6 9 0 0.00 0.0 0 5.0 13 160 M M 1 17 170
16 64 45 55 5 10 0 0.00 0.0 0 13.7 24 170 M M 8 1 33 170
17 66 44 55 5 10 0 0.00 0.0 0 6.4 15 350 M M 6 8 20 20
18 69 37 53 4 12 0 0.00 0.0 0 2.8 7 150 M M 1 18 10 260
19 61 42 52 3 13 0 0.20 0.0 0 9.7 22 140 M M 9 13 30 150
20 54 46 50 1 15 0 0.06 0.0 0 10.2 22 330 M M 10 13 34 130
21 56 35 46 -2 19 0 0.00 0.0 0 12.9 24 340 M M 6 33 350
22 56 28 42 -6 23 0 0.00 0.0 0 4.7 16 170 M M 1 21 170
23 65 30 48 0 17 0 0.00 0.0 0 6.3 15 170 M M 3 20 170
24 49 31 40 -7 25 0 0.00 0.0 0 9.4 17 10 M M 4 26 10
25 55 28 42 -5 23 0 0.17 0.0 0 5.3 21 300 M M 8 1 24 310
26 45 28 37 -9 28 0 0.03 T 0 11.5 23 290 M M 4 1 29 300
27 54 26 40 -6 25 0 0.00 0.0 0 4.7 15 320 M M 1 20 310
28 61 26 44 -2 21 0 0.00 0.0 0 5.3 15 190 M M 1 21 230
29 66 33 50 5 15 0 0.00 0.0 0 8.4 18 190 M M 4 24 160
30 55 49 52 7 13 0 0.45 0.0 0 9.2 21 170 M M 9 1 27 170
================================================================================
SM 1937 1183 401 19 0.91 T 240.5 M 123
================================================================================
AV 64.6 39.4 8.0 FASTST M M 4 MAX(MPH)
MISC ----> # 24 170 34 130
================================================================================
NOTES:
# LAST OF SEVERAL OCCURRENCES
COLUMN 17 PEAK WIND IN M.P.H.
PRELIMINARY LOCAL CLIMATOLOGICAL DATA (WS FORM: F-6) , PAGE 2
STATION: TULSA OKLAHOMA
MONTH: NOVEMBER
YEAR: 2023
LATITUDE: 36 12 N
LONGITUDE: 95 54 W
[TEMPERATURE DATA] [PRECIPITATION DATA] SYMBOLS USED IN COLUMN 16
AVERAGE MONTHLY: 52.0 TOTAL FOR MONTH: 0.91 1 = FOG OR MIST
DPTR FM NORMAL: 1.6 DPTR FM NORMAL: -1.75 2 = FOG REDUCING VISIBILITY
HIGHEST: 86 ON 8 GRTST 24HR 0.45 ON 30-30 TO 1/4 MILE OR LESS
LOWEST: 23 ON 1 3 = THUNDER
SNOW, ICE PELLETS, HAIL 4 = ICE PELLETS
TOTAL MONTH: T 5 = HAIL
GRTST 24HR T ON 26-26 6 = FREEZING RAIN OR DRIZZLE
GRTST DEPTH: 0 7 = DUSTSTORM OR SANDSTORM:
VSBY 1/2 MILE OR LESS
8 = SMOKE OR HAZE
[NO. OF DAYS WITH] [WEATHER - DAYS WITH] 9 = BLOWING SNOW
X = TORNADO
MAX 32 OR BELOW: 0 0.01 INCH OR MORE: 5
MAX 90 OR ABOVE: 0 0.10 INCH OR MORE: 3
MIN 32 OR BELOW: 8 0.50 INCH OR MORE: 0
MIN 0 OR BELOW: 0 1.00 INCH OR MORE: 0
[HDD (BASE 65) ]
TOTAL THIS MO. 401 CLEAR (SCALE 0-3) 13
DPTR FM NORMAL -45 PTCLDY (SCALE 4-7) 14
TOTAL FM JUL 1 572 CLOUDY (SCALE 8-10) 3
DPTR FM NORMAL -51
[CDD (BASE 65) ]
TOTAL THIS MO. 19
DPTR FM NORMAL 11 [PRESSURE DATA]
TOTAL FM JAN 1 2314 HIGHEST SLP 30.53 ON 1
DPTR FM NORMAL 187 LOWEST SLP 29.62 ON 30
[REMARKS]
#FINAL-11-23#