000
CXUS54 KMEG 011000
CF6TUP
PRELIMINARY LOCAL CLIMATOLOGICAL DATA (WS FORM: F-6)
STATION: TUPELO
MONTH: JANUARY
YEAR: 2022
LATITUDE: 34 16 N
LONGITUDE: 88 46 W
TEMPERATURE IN F: :PCPN: SNOW: WIND :SUNSHINE: SKY :PK WND
================================================================================
1 2 3 4 5 6A 6B 7 8 9 10 11 12 13 14 15 16 17 18
12Z AVG MX 2MIN
DY MAX MIN AVG DEP HDD CDD WTR SNW DPTH SPD SPD DIR MIN PSBL S-S WX SPD DR
================================================================================
1 81 62 72 28 0 7 1.07 0.0 0 9.2 22 200 M M 8 138 32 200
2 63 31 47 3 18 0 0.21 0.3 0 11.7 21 330 M M 10 148 30 330
3 33 30 32 -12 33 0 0.00 0.0 T 8.5 18 10 M M 10 25 310
4 48 31 40 -4 25 0 0.00 0.0 0 9.2 17 170 M M 5 23 180
5 61 37 49 6 16 0 0.00 0.0 0 4.8 12 250 M M 2 14 260
6 45 26 36 -7 29 0 0.38 0.0 0 13.2 22 10 M M 10 1 25 350
7 36 22 29 -14 36 0 0.00 0.0 0 6.5 18 10 M M 1 21 10
8 60 26 43 0 22 0 0.00 0.0 0 9.6 21 160 M M 3 29 170
9 61 38 50 7 15 0 0.35 0.0 0 13.6 33 10 M M 9 18 41 20
10 50 27 39 -4 26 0 0.00 0.0 0 9.8 23 10 M M 0 31 360
11 51 29 40 -3 25 0 0.00 0.0 0 2.9 12 20 M M 0 13 20
12 60 29 45 2 20 0 0.00 0.0 0 4.2 13 200 M M 0 16 200
13 67 39 53 10 12 0 0.00 0.0 0 5.6 13 330 M M 1 18 340
14 58 33 46 3 19 0 0.00 0.0 0 3.4 9 90 M M 0 10 80
15 52 45 49 6 16 0 1.30 0.0 0 8.5 18 90 M M 9 1 23 80
16 45 34 40 -3 25 0 0.76 T 0 10.7 23 20 M M 8 1 29 20
17 48 31 40 -3 25 0 0.00 0.0 0 5.3 16 330 M M 4 22 340
18 57 30 44 1 21 0 0.00 0.0 0 7.4 16 150 M M 0 1 22 150
19 69 39 54 11 11 0 1.40 0.0 0 12.4 24 10 M M 9 13 33 360
20 39 26 33 -10 32 0 T 0.0 0 17.4 26 10 M M 5 18 32 10
21 36 22 29 -14 36 0 0.00 0.0 0 11.5 18 10 M M 1 23 20
22 42 18 30 -13 35 0 0.00 0.0 0 4.5 12 10 M M 0 14 10
23 56 22 39 -4 26 0 0.00 0.0 0 3.5 13 200 M M 0 17 190
24 65 27 46 3 19 0 0.00 0.0 0 4.1 15 240 M M 0 21 240
25 54 31 43 -1 22 0 0.00 0.0 0 12.5 22 20 M M 1 28 10
26 44 25 35 -9 30 0 0.00 0.0 0 11.3 21 10 M M 0 28 10
27 58 23 41 -3 24 0 0.00 0.0 0 4.6 12 350 M M 2 18 350
28 49 29 39 -5 26 0 T 0.0 0 12.5 23 350 M M 5 32 330
29 45 20 33 -11 32 0 0.00 0.0 0 6.3 17 350 M M 0 23 350
30 64 27 46 2 19 0 0.00 0.0 0 6.0 17 260 M M 0 24 270
31 67 28 48 4 17 0 0.00 0.0 0 4.2 12 190 M M 0 8 15 120
================================================================================
SM 1664 937 712 7 5.47 0.3 254.9 M 103
================================================================================
AV 53.7 30.2 8.2 FASTST M M 3 MAX(MPH)
MISC ----> 33 10 41 20
================================================================================
NOTES:
# LAST OF SEVERAL OCCURRENCES
COLUMN 17 PEAK WIND IN M.P.H.
PRELIMINARY LOCAL CLIMATOLOGICAL DATA (WS FORM: F-6) , PAGE 2
STATION: TUPELO
MONTH: JANUARY
YEAR: 2022
LATITUDE: 34 16 N
LONGITUDE: 88 46 W
[TEMPERATURE DATA] [PRECIPITATION DATA] SYMBOLS USED IN COLUMN 16
AVERAGE MONTHLY: 42.0 TOTAL FOR MONTH: 5.47 1 = FOG OR MIST
DPTR FM NORMAL: -1.4 DPTR FM NORMAL: 0.65 2 = FOG REDUCING VISIBILITY
HIGHEST: 81 ON 1 GRTST 24HR 2.03 ON 8- 9 TO 1/4 MILE OR LESS
LOWEST: 18 ON 22 3 = THUNDER
SNOW, ICE PELLETS, HAIL 4 = ICE PELLETS
TOTAL MONTH: 0.3 INCH 5 = HAIL
GRTST 24HR 0.3 ON 2- 2 6 = FREEZING RAIN OR DRIZZLE
GRTST DEPTH: T 7 = DUSTSTORM OR SANDSTORM:
VSBY 1/2 MILE OR LESS
8 = SMOKE OR HAZE
[NO. OF DAYS WITH] [WEATHER - DAYS WITH] 9 = BLOWING SNOW
X = TORNADO
MAX 32 OR BELOW: 0 0.01 INCH OR MORE: 7
MAX 90 OR ABOVE: 0 0.10 INCH OR MORE: 7
MIN 32 OR BELOW: 23 0.50 INCH OR MORE: 4
MIN 0 OR BELOW: 0 1.00 INCH OR MORE: 3
[HDD (BASE 65) ]
TOTAL THIS MO. 712 CLEAR (SCALE 0-3) 18
DPTR FM NORMAL 41 PTCLDY (SCALE 4-7) 7
TOTAL FM JUL 1 1458 CLOUDY (SCALE 8-10) 6
DPTR FM NORMAL -302
[CDD (BASE 65) ]
TOTAL THIS MO. 7
DPTR FM NORMAL 6 [PRESSURE DATA]
TOTAL FM JAN 1 7 HIGHEST SLP 30.63 ON 11
DPTR FM NORMAL 6 LOWEST SLP 29.58 ON 1
[REMARKS]
#FINAL-01-22#