000
CXUS54 KMEG 041909
CF6TUP
PRELIMINARY LOCAL CLIMATOLOGICAL DATA (WS FORM: F-6)
STATION: TUPELO
MONTH: NOVEMBER
YEAR: 2023
LATITUDE: 34 16 N
LONGITUDE: 88 46 W
TEMPERATURE IN F: :PCPN: SNOW: WIND :SUNSHINE: SKY :PK WND
================================================================================
1 2 3 4 5 6A 6B 7 8 9 10 11 12 13 14 15 16 17 18
12Z AVG MX 2MIN
DY MAX MIN AVG DEP HDD CDD WTR SNW DPTH SPD SPD DIR MIN PSBL S-S WX SPD DR
================================================================================
1 54 29 42 -16 23 0 0.00 0.0 0 6.3 16 30 M M 0 20 20
2 63 27 45 -13 20 0 0.00 0.0 0 1.8 12 190 M M 0 8 15 180
3 70 30 50 -7 15 0 0.00 0.0 0 4.4 17 170 M M 0 22 170
4 78 36 57 0 8 0 0.00 0.0 0 1.3 10 260 M M 0 15 260
5 79 46 63 7 2 0 0.00 0.0 0 1.1 9 360 M M 0 12 20
6 83 45 64 8 1 0 0.00 0.0 0 4.8 13 200 M M 0 18 220
7 84 52 68 12 0 3 0.00 0.0 0 5.3 16 200 M M 2 21 190
8 86 58 72 17 0 7 0.00 0.0 0 9.2 21 180 M M 2 28 180
9 75 57 66 11 0 1 0.06 0.0 0 7.3 18 10 M M 8 1 24 30
10 61 52 57 2 8 0 0.06 0.0 0 11.3 18 20 M M 10 1 23 10
11 66 49 58 4 7 0 0.00 0.0 0 7.9 16 50 M M 6 22 50
12 67 50 59 5 6 0 0.00 0.0 0 3.9 9 70 M M 7 14 50
13 72 47 60 6 5 0 0.00 0.0 0 4.7 13 40 M M 0 19 20
14 71 48 60 7 5 0 0.00 0.0 0 5.1 12 80 M M 2 17 80
15 63 53 58 5 7 0 0.03 0.0 0 7.5 21 130 M M 10 1 27 130
16 77 55 66 13 0 1 0.00 0.0 0 5.1 16 150 M M 7 21 180
17 71 58 65 13 0 0 0.06 0.0 0 6.1 14 190 M M 9 128 18 170
18 65 39 52 0 13 0 0.00 0.0 0 8.4 18 10 M M 2 1 24 10
19 70 35 53 1 12 0 0.00 0.0 0 2.5 8 50 M M 0 15 80
20 73 49 61 9 4 0 0.80 0.0 0 7.5 22 170 M M 7 1 30 170
21 63 48 56 5 9 0 T 0.0 0 7.2 17 10 M M 10 18 20 10
22 57 38 48 -3 17 0 0.00 0.0 0 6.1 17 360 M M 5 26 320
23 55 32 44 -7 21 0 0.00 0.0 0 1.7 7 150 M M 0 1 11 170
24 65 41 53 3 12 0 0.00 0.0 0 5.4 14 20 M M 0 18 10
25 64 37 51 1 14 0 0.00 0.0 0 3.1 9 10 M M 0 12 10
26 58 37 48 -2 17 0 0.09 0.0 0 5.6 17 320 M M 6 1 26 340
27 51 32 42 -8 23 0 0.00 0.0 0 5.3 13 330 M M 0 20 340
28 53 28 41 -8 24 0 0.00 0.0 0 4.6 17 350 M M 0 23 310
29 64 27 46 -3 19 0 0.00 0.0 0 3.7 13 260 M M 0 20 230
30 57 34 46 -3 19 0 0.12 0.0 0 8.1 21 190 M M 3 8 28 170
================================================================================
SM 2015 1269 311 12 1.22 0.0 162.3 M 96
================================================================================
AV 67.2 42.3 5.4 FASTST M M 3 MAX(MPH)
MISC ----> 22 170 30 170
================================================================================
NOTES:
# LAST OF SEVERAL OCCURRENCES
COLUMN 17 PEAK WIND IN M.P.H.
PRELIMINARY LOCAL CLIMATOLOGICAL DATA (WS FORM: F-6) , PAGE 2
STATION: TUPELO
MONTH: NOVEMBER
YEAR: 2023
LATITUDE: 34 16 N
LONGITUDE: 88 46 W
[TEMPERATURE DATA] [PRECIPITATION DATA] SYMBOLS USED IN COLUMN 16
AVERAGE MONTHLY: 54.7 TOTAL FOR MONTH: 1.22 1 = FOG OR MIST
DPTR FM NORMAL: 1.7 DPTR FM NORMAL: -3.26 2 = FOG REDUCING VISIBILITY
HIGHEST: 86 ON 8 GRTST 24HR 0.80 ON 20-20 TO 1/4 MILE OR LESS
LOWEST: 27 ON 29, 2 3 = THUNDER
SNOW, ICE PELLETS, HAIL 4 = ICE PELLETS
TOTAL MONTH: 0.0 INCH 5 = HAIL
GRTST 24HR 0.0 6 = FREEZING RAIN OR DRIZZLE
GRTST DEPTH: 0 7 = DUSTSTORM OR SANDSTORM:
VSBY 1/2 MILE OR LESS
8 = SMOKE OR HAZE
[NO. OF DAYS WITH] [WEATHER - DAYS WITH] 9 = BLOWING SNOW
X = TORNADO
MAX 32 OR BELOW: 0 0.01 INCH OR MORE: 7
MAX 90 OR ABOVE: 0 0.10 INCH OR MORE: 2
MIN 32 OR BELOW: 7 0.50 INCH OR MORE: 1
MIN 0 OR BELOW: 0 1.00 INCH OR MORE: 0
[HDD (BASE 65) ]
TOTAL THIS MO. 311 CLEAR (SCALE 0-3) 19
DPTR FM NORMAL -59 PTCLDY (SCALE 4-7) 7
TOTAL FM JUL 1 382 CLOUDY (SCALE 8-10) 4
DPTR FM NORMAL -111
[CDD (BASE 65) ]
TOTAL THIS MO. 12
DPTR FM NORMAL 0 [PRESSURE DATA]
TOTAL FM JAN 1 2454 HIGHEST SLP 30.49 ON 2
DPTR FM NORMAL 223 LOWEST SLP 29.78 ON 21
[REMARKS]
#FINAL-11-23#