000
CXUS53 KAPX 010830
CF6TVC
PRELIMINARY LOCAL CLIMATOLOGICAL DATA (WS FORM: F-6)
STATION: TRAVERSE CITY MI
MONTH: JANUARY
YEAR: 2022
LATITUDE: 44 44 N
LONGITUDE: 85 34 W
TEMPERATURE IN F: :PCPN: SNOW: WIND :SUNSHINE: SKY :PK WND
================================================================================
1 2 3 4 5 6A 6B 7 8 9 10 11 12 13 14 15 16 17 18
12Z AVG MX 2MIN
DY MAX MIN AVG DEP HDD CDD WTR SNW DPTH SPD SPD DIR MIN PSBL S-S WX SPD DR
================================================================================
1 33 20 27 2 38 0 T M M 13.1 20 10 M M 10 1 30 10
2 22 16 19 -6 46 0 T M M 6.8 15 300 M M 9 1 24 60
3 30 12 21 -4 44 0 0.00 M M 8.1 17 210 M M 5 27 220
4 37 28 33 8 32 0 0.00 M M 7.7 16 190 M M 9 27 210
5 34 24 29 5 36 0 M M M 7.3 16 240 M M 10 18 26 200
6 24 10 17 -7 48 0 M M M 6.5 14 50 M M 10 18 20 60
7 19 9 14 -10 51 0 M M 8 6.1 17 20 M M 7 18 27 20
8 30 11 21 -3 44 0 M M M 10.7 21 180 M M 9 1 33 190
9 31 12 22 -2 43 0 T M M 16.0 30 310 M M 9 189 38 310
10 12 8 10 -14 55 0 T M M 14.4 21 280 M M 10 89 28 280
11 34 10 22 -2 43 0 T M M 10.4 23 200 M M 10 37 210
12 34 27 31 8 34 0 T M M 7.7 21 270 M M 10 16 29 260
13 33 23 28 5 37 0 T M M 5.3 18 350 M M 10 16 27 350
14 25 4 15 -8 50 0 T M M 10.4 18 20 M M 9 29 30
15 17 1 9 -14 56 0 0.00 M M 5.2 14 50 M M 1 19 50
16 27 -2 13 -10 52 0 T M M 4.7 14 180 M M 6 23 170
17 30 22 26 3 39 0 T M M 9.9 21 330 M M 10 16 33 330
18 41 25 33 10 32 0 0.02 M M 9.5 23 180 M M 10 1 36 190
19 41 16 29 7 36 0 T M M 16.1 28 290 M M 10 89 38 290
20 17 15 16 -6 49 0 0.04 M M 9.4 17 320 M M 10 18 26 340
21 24 14 19 -3 46 0 T M M 8.8 20 180 M M 10 32 190
22 25 16 21 -1 44 0 0.01 M M 12.9 25 280 M M 9 1289 36 190
23 19 10 15 -7 50 0 0.01 M M 6.6 16 280 M M 10 18 21 320
24 21 15 18 -4 47 0 0.01 M M 6.4 18 330 M M 10 18 28 330
25 16 4 10 -12 55 0 0.01 M M 8.1 17 260 M M 9 18 23 270
26 19 -2 9 -13 56 0 0.01 M M 9.1 21 210 M M 9 189 33 190
27 28 17 23 1 42 0 0.01 M M 12.0 22 330 M M 10 19 34 320
28 20 10 15 -7 50 0 T M M 5.5 16 20 M M 9 8 22 20
29 22 3 13 -9 52 0 T M M 5.5 10 190 M M 9 16 200
30 26 19 23 1 42 0 0.01 M M 4.7 13 340 M M 10 1 18 310
31 30 21 26 4 39 0 0.00 M M 6.5 14 140 M M 9 20 150
================================================================================
SM 821 418 1388 0 0.13 M 271.4 M 278
================================================================================
AV 26.5 13.5 8.8 FASTST M M 9 MAX(MPH)
MISC ----> 30 310 # 38 310
================================================================================
NOTES:
# LAST OF SEVERAL OCCURRENCES
COLUMN 17 PEAK WIND IN M.P.H.
PRELIMINARY LOCAL CLIMATOLOGICAL DATA (WS FORM: F-6) , PAGE 2
STATION: TRAVERSE CITY MI
MONTH: JANUARY
YEAR: 2022
LATITUDE: 44 44 N
LONGITUDE: 85 34 W
[TEMPERATURE DATA] [PRECIPITATION DATA] SYMBOLS USED IN COLUMN 16
AVERAGE MONTHLY: 20.0 TOTAL FOR MONTH: 0.13 1 = FOG OR MIST
DPTR FM NORMAL: -3.1 DPTR FM NORMAL: -1.54 2 = FOG REDUCING VISIBILITY
HIGHEST: 41 ON 19,18 GRTST 24HR 0.39 ON 9- 9 TO 1/4 MILE OR LESS
LOWEST: -2 ON 26,16 3 = THUNDER
SNOW, ICE PELLETS, HAIL 4 = ICE PELLETS
TOTAL MONTH: M 5 = HAIL
GRTST 24HR M ON M 6 = FREEZING RAIN OR DRIZZLE
GRTST DEPTH: 8 ON 7 7 = DUSTSTORM OR SANDSTORM:
VSBY 1/2 MILE OR LESS
8 = SMOKE OR HAZE
[NO. OF DAYS WITH] [WEATHER - DAYS WITH] 9 = BLOWING SNOW
X = TORNADO
MAX 32 OR BELOW: 23 0.01 INCH OR MORE: 9
MAX 90 OR ABOVE: 0 0.10 INCH OR MORE: 0
MIN 32 OR BELOW: 31 0.50 INCH OR MORE: 0
MIN 0 OR BELOW: 2 1.00 INCH OR MORE: 0
[HDD (BASE 65) ]
TOTAL THIS MO. 1388 CLEAR (SCALE 0-3) 1
DPTR FM NORMAL 91 PTCLDY (SCALE 4-7) 3
TOTAL FM JUL 1 3539 CLOUDY (SCALE 8-10) 27
DPTR FM NORMAL -334
[CDD (BASE 65) ]
TOTAL THIS MO. 0
DPTR FM NORMAL 0 [PRESSURE DATA]
TOTAL FM JAN 1 0 HIGHEST SLP 30.62 ON 15
DPTR FM NORMAL 0 LOWEST SLP 29.33 ON 5
[REMARKS]
#FINAL-01-22#