000
CXUS54 KJAN 030409
CF6TVR
PRELIMINARY LOCAL CLIMATOLOGICAL DATA (WS FORM: F-6)
STATION: VICKSBURG
MONTH: JANUARY
YEAR: 2024
LATITUDE: 32 20 N
LONGITUDE: 91 2 W
TEMPERATURE IN F: :PCPN: SNOW: WIND :SUNSHINE: SKY :PK WND
================================================================================
1 2 3 4 5 6A 6B 7 8 9 10 11 12 13 14 15 16 17 18
12Z AVG MX 2MIN
DY MAX MIN AVG DEP HDD CDD WTR SNW DPTH SPD SPD DIR MIN PSBL S-S WX SPD DR
================================================================================
1 51 32 42 -6 23 0 0.00 0.0 0 10.6 18 360 M M 1 24 360
2 55 23 39 -9 26 0 0.00 0.0 0 4.3 10 30 M M 0 18 16 80
3 57 32 45 -2 20 0 T 0.0 0 3.5 13 10 M M 5 17 360
4 58 26 42 -5 23 0 0.00 0.0 0 5.1 13 20 M M 0 18 18 30
5 48 29 39 -8 26 0 1.06 0.0 0 7.0 17 110 M M 6 18 23 120
6 47 37 42 -5 23 0 0.00 0.0 0 3.5 10 290 M M 10 18 17 280
7 58 29 44 -3 21 0 0.00 0.0 0 1.7 12 160 M M 2 128 18 150
8 59 35 47 0 18 0 1.07 0.0 0 13.6 33 140 M M 6 13 50 140
9 53 31 42 -5 23 0 0.27 0.0 0 6.3 18 270 M M 6 1 33 270
10 58 30 44 -3 21 0 0.00 0.0 0 4.6 14 180 M M 0 21 160
11 72 38 55 8 10 0 0.00 0.0 0 9.9 21 160 M M 3 30 140
12 69 33 51 4 14 0 0.55 0.0 0 9.1 20 320 M M 5 13 38 320
13 53 24 39 -8 26 0 0.00 0.0 0 2.7 13 170 M M 0 17 170
14 45 25 35 -12 30 0 0.00 0.0 0 8.9 17 10 M M 7 23 10
15 25 18 22 -25 43 0 T M 0 11.7 20 360 M M 10 18 29 360
16 27 12 20 -27 45 0 0.00 0.0 M 10.4 23 10 M M 2 31 350
17 39 8 24 -23 41 0 0.00 0.0 M 2.3 10 150 M M 0 13 150
18 62 30 46 -1 19 0 0.01 0.0 0 7.7 17 170 M M 9 1 24 180
19 44 26 35 -12 30 0 0.00 0.0 0 12.2 23 20 M M 3 18 34 360
20 34 21 28 -19 37 0 0.00 0.0 0 11.2 20 360 M M 0 27 10
21 46 19 33 -15 32 0 0.00 0.0 0 5.9 13 100 M M 1 17 20
22 58 36 47 -1 18 0 0.01 0.0 0 8.9 21 140 M M 9 18 32 140
23 68 56 62 14 3 0 0.07 0.0 0 12.2 18 140 M M 10 18 24 150
24 64 60 62 14 3 0 2.89 0.0 0 4.1 15 70 M M 8 123 20 60
25 63 53 58 10 7 0 1.47 0.0 0 3.5 20 60 M M 9 123 26 300
26 63 51 57 9 8 0 0.94 0.0 0 5.8 17 100 M M 10 123 24 30
27 64 51 58 10 7 0 0.77 0.0 0 6.5 18 140 M M 10 13 26 150
28 52 39 46 -2 19 0 T 0.0 0 4.6 13 290 M M 7 1 20 310
29 60 35 48 0 17 0 0.00 0.0 0 1.6 9 10 M M 0 12 15 310
30 73 41 57 8 8 0 0.00 0.0 0 3.1 8 310 M M 0 15 280
31 62 40 51 2 14 0 0.00 0.0 0 5.1 14 360 M M 0 18 17 10
================================================================================
SM 1687 1020 655 0 9.11 0.0 207.6 M 139
================================================================================
AV 54.4 32.9 6.7 FASTST M M 4 MAX(MPH)
MISC ----> 33 140 50 140
================================================================================
NOTES:
# LAST OF SEVERAL OCCURRENCES
COLUMN 17 PEAK WIND IN M.P.H.
PRELIMINARY LOCAL CLIMATOLOGICAL DATA (WS FORM: F-6) , PAGE 2
STATION: VICKSBURG
MONTH: JANUARY
YEAR: 2024
LATITUDE: 32 20 N
LONGITUDE: 91 2 W
[TEMPERATURE DATA] [PRECIPITATION DATA] SYMBOLS USED IN COLUMN 16
AVERAGE MONTHLY: 43.7 TOTAL FOR MONTH: 9.11 1 = FOG OR MIST
DPTR FM NORMAL: -3.9 DPTR FM NORMAL: 3.67 2 = FOG REDUCING VISIBILITY
HIGHEST: 73 ON 30 GRTST 24HR 3.46 ON 24-25 TO 1/4 MILE OR LESS
LOWEST: 8 ON 17 3 = THUNDER
SNOW, ICE PELLETS, HAIL 4 = ICE PELLETS
TOTAL MONTH: 0.0 INCH 5 = HAIL
GRTST 24HR 0.0 6 = FREEZING RAIN OR DRIZZLE
GRTST DEPTH: 0 7 = DUSTSTORM OR SANDSTORM:
VSBY 1/2 MILE OR LESS
8 = SMOKE OR HAZE
[NO. OF DAYS WITH] [WEATHER - DAYS WITH] 9 = BLOWING SNOW
X = TORNADO
MAX 32 OR BELOW: 2 0.01 INCH OR MORE: 11
MAX 90 OR ABOVE: 0 0.10 INCH OR MORE: 8
MIN 32 OR BELOW: 17 0.50 INCH OR MORE: 7
MIN 0 OR BELOW: 0 1.00 INCH OR MORE: 4
[HDD (BASE 65) ]
TOTAL THIS MO. 655 CLEAR (SCALE 0-3) 15
DPTR FM NORMAL 109 PTCLDY (SCALE 4-7) 8
TOTAL FM JUL 1 1398 CLOUDY (SCALE 8-10) 8
DPTR FM NORMAL -18
[CDD (BASE 65) ]
TOTAL THIS MO. 0
DPTR FM NORMAL -5 [PRESSURE DATA]
TOTAL FM JAN 1 0 HIGHEST SLP 30.66 ON 20
DPTR FM NORMAL -5 LOWEST SLP 29.44 ON 12
[REMARKS]
#FINAL-01-24#