000
CXUS54 KJAN 040306
CLMTVR
CLIMATE REPORT
NATIONAL WEATHER SERVICE JACKSON MS
1006 PM CDT TUE OCT 03 2023
...................................
...THE VICKSBURG CLIMATE SUMMARY FOR THE MONTH OF SEPTEMBER 2023...
CLIMATE NORMAL PERIOD: 1991 TO 2020
CLIMATE RECORD PERIOD: 1948 TO 2023
WEATHER OBSERVED NORMAL DEPART LAST YEAR`S
VALUE DATE(S) VALUE FROM VALUE
NORMAL
..............................................................
TEMPERATURE (F)
RECORD
HIGH 104 09/02/2000
LOW 34 09/29/1967
HIGHEST 100 09/04 MM MM 98
09/07
LOWEST 57 09/19 MM MM 50
AVG. MAXIMUM 93.3 88.4 4.9 89.1
AVG. MINIMUM 67.1 66.1 1.0 64.7
MEAN 80.2 77.2 3.0 76.9
DAYS MAX >= 90 26 15.0 11.0 MM
DAYS MAX <= 32 0 0.0 0.0 MM
DAYS MIN <= 32 0 0.0 0.0 MM
DAYS MIN <= 0 0 0.0 0.0 MM
PRECIPITATION (INCHES)
RECORD
MAXIMUM 10.23 1958
MINIMUM T 2019
TOTALS 3.00 3.00 0.00 0.80
DAILY AVG. 0.10 0.10 0.00 0.03
DAYS >= .01 5 6.8 -1.8 7
DAYS >= .10 2 3.7 -1.7 2
DAYS >= .50 2 2.1 -0.1 1
DAYS >= 1.00 2 0.9 1.1 0
GREATEST
24 HR. TOTAL 1.71 09/04 TO 09/04 0.60
SNOWFALL (INCHES)
TOTALS 0.0
DEGREE DAYS
HEATING TOTAL 0 3 -3 0
SINCE 7/1 0 0 0 MM
COOLING TOTAL 466 370 96 364
SINCE 1/1 2788 2376 412 MM
..............................................................
WIND (MPH)
AVERAGE WIND SPEED 4.0
HIGHEST WIND SPEED/DIRECTION 18/170 DATE 09/04
18/180 09/08
HIGHEST GUST SPEED/DIRECTION 30/300 DATE 09/04
SKY COVER
POSSIBLE SUNSHINE (PERCENT) MM
AVERAGE SKY COVER 0.13
NUMBER OF DAYS FAIR 27
NUMBER OF DAYS PC 2
NUMBER OF DAYS CLOUDY 1
AVERAGE RH (PERCENT) 66
WEATHER CONDITIONS. NUMBER OF DAYS WITH
THUNDERSTORM 5 MIXED PRECIP 0
HEAVY RAIN 2 RAIN 2
LIGHT RAIN 9 FREEZING RAIN 0
LT FREEZING RAIN 0 HAIL 0
HEAVY SNOW 0 SNOW 0
LIGHT SNOW 0 SLEET 0
FOG 7 FOG W/VIS <= 1/4 MILE 0
HAZE 1
- INDICATES NEGATIVE NUMBERS.
R INDICATES RECORD WAS SET OR TIED.
MM INDICATES DATA IS MISSING.
T INDICATES TRACE AMOUNT.
$$