000
CXUS56 KPQR 011301
CF6UAO
PRELIMINARY LOCAL CLIMATOLOGICAL DATA (WS FORM: F-6)
STATION: AURORA STATE OR
MONTH: FEBRUARY
YEAR: 2023
LATITUDE: 45 15 N
LONGITUDE: 122 46 W
TEMPERATURE IN F: :PCPN: SNOW: WIND :SUNSHINE: SKY :PK WND
================================================================================
1 2 3 4 5 6A 6B 7 8 9 10 11 12 13 14 15 16 17 18
12Z AVG MX 2MIN
DY MAX MIN AVG DEP HDD CDD WTR SNW DPTH SPD SPD DIR MIN PSBL S-S WX SPD DR
================================================================================
1 48 25 37 -7 28 0 0.00 M M 0.6 5 30 M M 1 1 6 30
2 49 25 37 -7 28 0 0.00 M M 1.6 12 10 M M 0 18 14 20
3 53 33 43 -1 22 0 0.21 M M 8.2 26 180 M M 7 18 34 200
4 51 43 47 3 18 0 0.06 M M 4.5 14 340 M M 8 1 20 340
5 50 40 45 1 20 0 0.26 M M 9.7 22 190 M M 8 1 32 190
6 50 41 46 2 19 0 0.02 M M 9.9 20 190 M M 10 26 190
7 51 39 45 1 20 0 0.20 M M 9.7 22 190 M M 7 18 29 200
8 51 34 43 -1 22 0 0.00 M M 2.2 10 200 M M 4 1 14 190
9 56 31 44 0 21 0 0.02 M M 2.3 14 200 M M 3 12 19 190
10 55 42 49 5 16 0 0.07 M M 6.4 16 180 M M 7 1 22 180
11 51 33 42 -2 23 0 0.00 M M 3.8 10 360 M M 4 12 360
12 45 30 38 -6 27 0 0.00 M M 1.6 9 190 M M 6 128 12 190
13 47 33 40 -4 25 0 0.14 M M 7.0 15 300 M M 8 18 23 290
14 49 31 40 -5 25 0 0.08 M M 3.4 14 190 M M 9 1 18 190
15 46 26 36 -9 29 0 0.00 M M 0.6 5 60 M M 2 12 7 290
16 46 29 38 -7 27 0 0.00 M M 1.0 6 20 M M 4 18 7 220
17 52 36 44 -1 21 0 0.00 M M 1.9 10 160 M M 9 12 160
18 53 42 48 3 17 0 0.00 M M 3.8 13 250 M M 10 18 17 220
19 50 40 45 0 20 0 0.00 M M 5.3 13 220 M M 10 18 220
20 52 44 48 3 17 0 0.00 M M 9.5 23 190 M M 10 18 32 200
21 48 36 42 -3 23 0 0.12 M M 7.9 21 250 M M 7 1 30 250
22 40 32 36 -10 29 0 0.38 M M 13.8 23 170 M M 10 18 31 180
23 36 25 31 -15 34 0 0.19 M M 12.5 25 60 M M 6 34 60
24 37 24 31 -15 34 0 0.00 M M 14.2 24 10 M M 0 33 50
25 43 21 32 -14 33 0 0.00 M M 4.5 13 190 M M 1 18 200
26 42 32 37 -9 28 0 0.34 M M 9.5 22 190 M M 9 1 32 200
27 47 35 41 -5 24 0 0.06 M M 9.8 20 190 M M 9 8 29 200
28 43 32 38 -8 27 0 0.39 M M 5.6 18 190 M M 9 18 25 190
================================================================================
SM 1341 934 677 0 2.54 M 170.8 M 178
================================================================================
AV 47.9 33.4 6.1 FASTST M M 6 MAX(MPH)
MISC ----> 26 180 # 34 200
================================================================================
NOTES:
# LAST OF SEVERAL OCCURRENCES
COLUMN 17 PEAK WIND IN M.P.H.
PRELIMINARY LOCAL CLIMATOLOGICAL DATA (WS FORM: F-6) , PAGE 2
STATION: AURORA STATE OR
MONTH: FEBRUARY
YEAR: 2023
LATITUDE: 45 15 N
LONGITUDE: 122 46 W
[TEMPERATURE DATA] [PRECIPITATION DATA] SYMBOLS USED IN COLUMN 16
AVERAGE MONTHLY: 40.6 TOTAL FOR MONTH: 2.54 1 = FOG OR MIST
DPTR FM NORMAL: -4.1 DPTR FM NORMAL: -1.49 2 = FOG REDUCING VISIBILITY
HIGHEST: 56 ON 9 GRTST 24HR 0.57 ON 22-23 TO 1/4 MILE OR LESS
LOWEST: 21 ON 25 3 = THUNDER
SNOW, ICE PELLETS, HAIL 4 = ICE PELLETS
TOTAL MONTH: M 5 = HAIL
GRTST 24HR M ON M 6 = FREEZING RAIN OR DRIZZLE
GRTST DEPTH: M ON M 7 = DUSTSTORM OR SANDSTORM:
VSBY 1/2 MILE OR LESS
8 = SMOKE OR HAZE
[NO. OF DAYS WITH] [WEATHER - DAYS WITH] 9 = BLOWING SNOW
X = TORNADO
MAX 32 OR BELOW: 0 0.01 INCH OR MORE: 15
MAX 90 OR ABOVE: 0 0.10 INCH OR MORE: 9
MIN 32 OR BELOW: 13 0.50 INCH OR MORE: 0
MIN 0 OR BELOW: 0 1.00 INCH OR MORE: 0
[HDD (BASE 65) ]
TOTAL THIS MO. 677 CLEAR (SCALE 0-3) 6
DPTR FM NORMAL 110 PTCLDY (SCALE 4-7) 10
TOTAL FM JUL 1 3007 CLOUDY (SCALE 8-10) 12
DPTR FM NORMAL 56
[CDD (BASE 65) ]
TOTAL THIS MO. 0
DPTR FM NORMAL 0 [PRESSURE DATA]
TOTAL FM JAN 1 0 HIGHEST SLP 30.56 ON 8
DPTR FM NORMAL 0 LOWEST SLP 29.40 ON 27
[REMARKS]
#FINAL-02-23#