000
CXUS56 KPQR 011550
CLMUAO
CLIMATE REPORT
NATIONAL WEATHER SERVICE PORTLAND OREGON
850 AM PDT SAT JUL 01 2023
...................................
...THE AURORA STATE OR CLIMATE SUMMARY FOR THE MONTH OF JUNE 2023...
CLIMATE NORMAL PERIOD 1991 TO 2020
CLIMATE RECORD PERIOD 9999 TO 9999
WEATHER OBSERVED NORMAL DEPART LAST YEAR`S
VALUE DATE(S) VALUE FROM VALUE DATE(S)
NORMAL
................................................................
TEMPERATURE (F)
HIGHEST 93 99 06/26
LOWEST 43 47 06/07
AVG. MAXIMUM 77.8 74.5 3.3 73.4
AVG. MINIMUM 51.3 52.3 -1.0 53.5
MEAN 64.6 63.4 1.2 63.5
DAYS MAX >= 90 2 1.8 0.2 3
DAYS MAX <= 32 0 0.0 0.0 0
DAYS MIN <= 32 0 0.0 0.0 0
DAYS MIN <= 0 0 0.0 0.0 0
PRECIPITATION (INCHES)
RECORD
MAXIMUM 4.31 2022
MINIMUM 1.66 2021
TOTALS 0.35R 1.47 -1.12 4.31
DAYS >= .01 3 8.7 -5.7 12
DAYS >= .10 1 4.5 -3.5 9
DAYS >= .50 0 0.5 -0.5 2
DAYS >= 1.00 0 0.0 0.0 1
GREATEST
24 HR. TOTAL 0.28 06/18 TO 06/18
DEGREE DAYS
HEATING TOTAL 73 96 -23 92
SINCE 7/1 4316 4163 153 MM
COOLING TOTAL 67 48 19 52
SINCE 1/1 150 70 80 MM
................................................................
WIND (MPH)
AVERAGE WIND SPEED 5.2
RESULTANT WIND SPEED/DIRECTION 2/010
HIGHEST WIND SPEED/DIRECTION 22/010 DATE 06/04
HIGHEST GUST SPEED/DIRECTION 27/350 DATE 06/04
SKY COVER
POSSIBLE SUNSHINE (PERCENT) MM
AVERAGE SKY COVER 0.23
AVERAGE RH (PERCENT) 60
WEATHER CONDITIONS. NUMBER OF DAYS WITH
THUNDERSTORM 2 MIXED PRECIP 0
HEAVY RAIN 0 RAIN 1
LIGHT RAIN 3 FREEZING RAIN 0
LT FREEZING RAIN 0 HAIL 0
HEAVY SNOW 0 SNOW 0
LIGHT SNOW 0 SLEET 0
FOG 2 FOG W/VIS <= 1/4 MILE 0
HAZE 3
- INDICATES NEGATIVE NUMBERS.
R INDICATES RECORD WAS SET OR TIED.
MM INDICATES DATA IS MISSING.
T INDICATES TRACE AMOUNT.
$$